000
CXUS55 KPUB 261059
CF6LHX
PRELIMINARY LOCAL CLIMATOLOGICAL DATA (WS FORM: F-6)

                                          STATION:   LA JUNTA CO
                                          MONTH:     MAY
                                          YEAR:      2019
                                          LATITUDE:   38  2 N
                                          LONGITUDE: 103 31 W

  TEMPERATURE IN F:       :PCPN:    SNOW:  WIND      :SUNSHINE: SKY     :PK WND
================================================================================
1   2   3   4   5  6A  6B    7    8   9   10  11  12  13   14  15   16   17  18
                                     12Z  AVG MX 2MIN
DY MAX MIN AVG DEP HDD CDD  WTR  SNW DPTH SPD SPD DIR MIN PSBL S-S WX    SPD DR
================================================================================

 1  66  41  54  -4  11   0    T  0.0    0 13.2 39  20   M    M   8 12     50  20
 2  70  42  56  -2   9   0 0.04  0.0    0 11.5 25 110   M    M   7        34 130
 3  74  48  61   2   4   0 0.00  0.0    0  8.1 15 120   M    M   4 18     26 360
 4  78  47  63   4   2   0 0.00  0.0    0  8.1 25 160   M    M   0        33 160
 5  83  42  63   4   2   0 0.00  0.0    0  8.1 30 220   M    M   0        39 230
 6  78  47  63   3   2   0    T  0.0    0 14.5 36 160   M    M   2        59 160
 7  59  49  54  -6  11   0 0.02  0.0    0 10.2 23 110   M    M   8 1      29 110
 8  54  40  47 -13  18   0 0.09  0.0    0 16.1 28  10   M    M  10 1      37  10
 9  45  37  41 -20  24   0 0.14  0.0    0 10.1 18  70   M    M  10 1      22 360
10  55  36  46 -15  19   0 0.00  0.0    0  8.3 20 150   M    M   8        27 170
11  72  39  56  -5   9   0 0.00  0.0    0  7.7 28  40   M    M   4 1      34  50
12  78  40  59  -3   6   0 0.00  0.0    0 10.7 22 310   M    M   1        36 330
13  84  41  63   1   2   0    T  0.0    0  6.5 39 300   M    M   1        62 290
14  89  47  68   6   0   3 0.00  0.0    0  8.3 24 360   M    M   0        34 360
15  90  48  69   6   0   4 0.00  0.0    0  9.0 20 170   M    M   0        27 170
16  93  58  76  13   0  11 0.00  0.0    0 11.6 25 220   M    M   0        34 220
17  88  52  70   7   0   5 0.00  0.0    0 20.1 46 260   M    M   0        59 260
18  71  41  56  -8   9   0    T  0.0    0 12.4 33 340   M    M   1        49 340
19  76  36  56  -8   9   0 0.00  0.0    0 12.6 31 160   M    M   1        41 160
20  62  47  55  -9  10   0 0.03    M    0 20.8 41 120   M    M   7 1      59 120
21  52  38  45 -19  20   0 0.53    M    0 15.1 29 360   M    M   7 1      38 360
22  71  33  52 -13  13   0 0.00  0.0    0 10.1 22  70   M    M   2        30  80
23  53  39  46 -19  19   0 0.03  0.0    0  8.4 16  80   M    M   9 1      20  90
24  82  37  60  -5   5   0 0.00  0.0    0  8.5 20 270   M    M   1 1      27 260
25  83  44  64  -2   1   0 0.00  0.0    0 12.7 29 120   M    M   0        36 120
================================================================================
SM 1806 1069       205  23  0.88     0.0 282.7          M       91
================================================================================
AV 72.2 42.8                              11.3 FASTST   M    M   4    MAX(MPH)
                                 MISC ---->  # 46 260               # 62  290
================================================================================
NOTES:
# LAST OF SEVERAL OCCURRENCES

COLUMN 17 PEAK WIND IN M.P.H.

PRELIMINARY LOCAL CLIMATOLOGICAL DATA (WS FORM: F-6) , PAGE 2

                                          STATION:  LA JUNTA CO
                                          MONTH:    MAY
                                          YEAR:     2019
                                          LATITUDE:   38  2 N
                                          LONGITUDE: 103 31 W

[TEMPERATURE DATA]      [PRECIPITATION DATA]       SYMBOLS USED IN COLUMN 16

AVERAGE MONTHLY: 57.5   TOTAL FOR MONTH:   0.88    1 = FOG OR MIST
DPTR FM NORMAL:  -4.4   DPTR FM NORMAL:   -0.39    2 = FOG REDUCING VISIBILITY
HIGHEST:    93 ON 16    GRTST 24HR  0.53 ON 21-21      TO 1/4 MILE OR LESS
LOWEST:     33 ON 22                               3 = THUNDER
                        SNOW, ICE PELLETS, HAIL    4 = ICE PELLETS
                        TOTAL MONTH:   0.0 INCH    5 = HAIL
                        GRTST 24HR     0.0         6 = FREEZING RAIN OR DRIZZLE
                        GRTST DEPTH:   0           7 = DUSTSTORM OR SANDSTORM:
                                                       VSBY 1/2 MILE OR LESS
                                                   8 = SMOKE OR HAZE
[NO. OF DAYS WITH]      [WEATHER - DAYS WITH]      9 = BLOWING SNOW
                                                   X = TORNADO
MAX 32 OR BELOW:   0    0.01 INCH OR MORE:   7
MAX 90 OR ABOVE:   2    0.10 INCH OR MORE:   2
MIN 32 OR BELOW:   0    0.50 INCH OR MORE:   1
MIN  0 OR BELOW:   0    1.00 INCH OR MORE:   0

[HDD (BASE 65) ]
TOTAL THIS MO.   205    CLEAR  (SCALE 0-3)  14
DPTR FM NORMAL    84    PTCLDY (SCALE 4-7)   6
TOTAL FM JUL 1  5057    CLOUDY (SCALE 8-10)  5
DPTR FM NORMAL  -187

[CDD (BASE 65) ]
TOTAL THIS MO.    23
DPTR FM NORMAL   -18    [PRESSURE DATA]
TOTAL FM JAN 1    29    HIGHEST SLP M ON M
DPTR FM NORMAL   -21    LOWEST  SLP 29.39 ON 21

[REMARKS]
