000
CXUS55 KPUB 221059
CF6LHX
PRELIMINARY LOCAL CLIMATOLOGICAL DATA (WS FORM: F-6)

                                          STATION:   LA JUNTA CO
                                          MONTH:     APRIL
                                          YEAR:      2018
                                          LATITUDE:   38  2 N
                                          LONGITUDE: 103 31 W

  TEMPERATURE IN F:       :PCPN:    SNOW:  WIND      :SUNSHINE: SKY     :PK WND
================================================================================
1   2   3   4   5  6A  6B    7    8   9   10  11  12  13   14  15   16   17  18
                                     12Z  AVG MX 2MIN
DY MAX MIN AVG DEP HDD CDD  WTR  SNW DPTH SPD SPD DIR MIN PSBL S-S WX    SPD DR
================================================================================

 1  47  27  37 -11  28   0 0.00  0.0    0 10.1 17  90   M    M   4        24 190
 2  81  24  53   4  12   0 0.00  0.0    0  7.1 12 280   M    M   0        16  99
 3  54   M   M   M   M   M    M    M    M 12.5 24 360   M    M   1        31 360
 4  75  31  53   4  12   0 0.00  0.0    0  9.2 24  70   M    M   0        30  70
 5  75  35  55   5  10   0 0.00  0.0    0 10.2 17 140   M    M   0        23 110
 6  52  21  37 -13  28   0 0.03    M    0 14.5 33  60   M    M   5 1      41  60
 7  58  21  40 -10  25   0 0.02    M    0  9.6 23 110   M    M   6 1      31 120
 8  71  40  56   6   9   0 0.02  0.0    0 11.5 25  70   M    M   4 3      33  60
 9  60  40  50  -1  15   0 0.13  0.0    0  6.3 17  10   M    M   5 1      24 360
10  74  34  54   3  11   0 0.00  0.0    0  6.7 13 210   M    M   0        15 210
11  89  44  67  16   0   2 0.00  0.0    0  9.6 20 230   M    M   0        26 260
12  89  46  68  16   0   3 0.00  0.0    0 18.4 43 260   M    M   0 8      57 270
13  63  33  48  -4  17   0 0.05    M    0 27.6 49 360   M    M   6 1      67 360
14  56  31  44  -8  21   0 0.00  0.0    0 17.5 41 350   M    M   5        55 350
15  67  26  47  -5  18   0 0.00  0.0    0  7.7 18 100   M    M   0        24 120
16  84  30  57   4   8   0 0.00  0.0    0  8.3 23 100   M    M   0        30  80
17  86  40  63  10   2   0    T  0.0    0 23.3 61 270   M    M   2        77 270
18  64  34  49  -4  16   0 0.00  0.0    0 10.2 26  10   M    M   0        35  10
19  73  33  53  -1  12   0 0.00  0.0    0 17.3 36 160   M    M   0        45 160
20  57  41  49  -5  16   0 0.04  0.0    0 20.7 35 130   M    M   7 1      45 140
21  52  41  47  -7  18   0 0.07    M    0  8.2 16  10   M    M  10 1      22  10
================================================================================
SM 1427  672       278   5  0.36     0.0 266.5          M       55
================================================================================
AV 68.0 33.6                              12.7 FASTST   M    M   3    MAX(MPH)
                                 MISC ---->  # 61 270               # 77  270
================================================================================
NOTES:
# LAST OF SEVERAL OCCURRENCES

COLUMN 17 PEAK WIND IN M.P.H.

PRELIMINARY LOCAL CLIMATOLOGICAL DATA (WS FORM: F-6) , PAGE 2

                                          STATION:  LA JUNTA CO
                                          MONTH:    APRIL
                                          YEAR:     2018
                                          LATITUDE:   38  2 N
                                          LONGITUDE: 103 31 W

[TEMPERATURE DATA]      [PRECIPITATION DATA]       SYMBOLS USED IN COLUMN 16

AVERAGE MONTHLY: 50.8   TOTAL FOR MONTH:   0.36    1 = FOG OR MIST
DPTR FM NORMAL:  -0.5   DPTR FM NORMAL:   -0.46    2 = FOG REDUCING VISIBILITY
HIGHEST:    89 ON 12,11 GRTST 24HR  0.13 ON  9- 9      TO 1/4 MILE OR LESS
LOWEST:     21 ON  7, 6                            3 = THUNDER
                        SNOW, ICE PELLETS, HAIL    4 = ICE PELLETS
                        TOTAL MONTH:   0.0 INCH    5 = HAIL
                        GRTST 24HR     0.0         6 = FREEZING RAIN OR DRIZZLE
                        GRTST DEPTH:   0           7 = DUSTSTORM OR SANDSTORM:
                                                       VSBY 1/2 MILE OR LESS
                                                   8 = SMOKE OR HAZE
[NO. OF DAYS WITH]      [WEATHER - DAYS WITH]      9 = BLOWING SNOW
                                                   X = TORNADO
MAX 32 OR BELOW:   0    0.01 INCH OR MORE:   7
MAX 90 OR ABOVE:   0    0.10 INCH OR MORE:   1
MIN 32 OR BELOW:   8    0.50 INCH OR MORE:   0
MIN  0 OR BELOW:   0    1.00 INCH OR MORE:   0

[HDD (BASE 65) ]
TOTAL THIS MO.   278    CLEAR  (SCALE 0-3)  12
DPTR FM NORMAL   -13    PTCLDY (SCALE 4-7)   8
TOTAL FM JUL 1  4307    CLOUDY (SCALE 8-10)  1
DPTR FM NORMAL  -732

[CDD (BASE 65) ]
TOTAL THIS MO.     5
DPTR FM NORMAL     5    [PRESSURE DATA]
TOTAL FM JAN 1     5    HIGHEST SLP M ON M
DPTR FM NORMAL     4    LOWEST  SLP 29.33 ON 12

[REMARKS]
