000
CXUS55 KBOU 241031
CF6LIC
PRELIMINARY LOCAL CLIMATOLOGICAL DATA (WS FORM: F-6)

                                          STATION:   LIMON CO
                                          MONTH:     MARCH
                                          YEAR:      2019
                                          LATITUDE:   39 10 N
                                          LONGITUDE: 103 42 W

  TEMPERATURE IN F:       :PCPN:    SNOW:  WIND      :SUNSHINE: SKY     :PK WND
================================================================================
1   2   3   4   5  6A  6B    7    8   9   10  11  12  13   14  15   16   17  18
                                     12Z  AVG MX 2MIN
DY MAX MIN AVG DEP HDD CDD  WTR  SNW DPTH SPD SPD DIR MIN PSBL S-S WX    SPD DR
================================================================================

 1  50  22  36   M  29   0 0.01    M    M 11.0 26  30   M    M   4 1      33 170
 2  26   5  16   M  49   0 0.15    M    M 12.6 23 170   M    M   9 1      36 170
 3   6 -13  -3   M  68   0 0.18    M    M  5.9 13  30   M    M   8 18     16  50
 4  15 -12   2   M  63   0 0.00    M    M  5.1 10 280   M    M   2        12 300
 5  25 -11   7   M  58   0 0.00    M    M  9.3 20 180   M    M   1        27 180
 6  40   5  23   M  42   0 0.00    M    M  6.0 13 110   M    M   2 1      15 110
 7  53  24  39   M  26   0 0.02    M    M  6.3 15 130   M    M   6 123    19 140
 8  58  22  40   M  25   0    T    M    M 12.3 33 150   M    M   1 1      42 160
 9  45  22  34   M  31   0 0.00    M    M 13.6 28 350   M    M   1        34 350
10  46  20  33   M  32   0 0.00    M    M 13.5 28 150   M    M   3        38 160
11  52  19  36   M  29   0 0.00    M    M  6.4 21 160   M    M   1        28 180
12  67  28  48   M  17   0 0.03    M    M 12.4 33 200   M    M   4        44 170
13  47  24  36   M  29   0 0.83    M    M 34.9 62 330   M    M   8 123    80 340
14  28  17  23   M  42   0 0.06    M    M 26.8 47 340   M    M   5 129    62 330
15  41  10  26   M  39   0 0.00    M    M  4.0 14 200   M    M   0        22 200
16  47  21  34   M  31   0 0.00    M    M  6.3 13  40   M    M   0        17  20
17  52  22  37   M  28   0 0.00    M    M  8.3 20 360   M    M   0        26 340
18  52  20  36   M  29   0 0.00    M    M  8.7 24 160   M    M   3        33 180
19  48  24  36   M  29   0 0.00    M    M 14.2 26  10   M    M   4        40 350
20  56  22  39   M  26   0 0.00    M    M 10.2 22 320   M    M   0        29 350
21  58  20  39   M  26   0 0.00    M    M 10.4 26 160   M    M   0        33 150
22  56  31  44   M  21   0 0.31    M    M 12.7 31 160   M    M   5 1      40 190
23  38  32  35   M  30   0 0.39    M    M 18.6 29 360   M    M   8 12     39 330
================================================================================
SM 1006  374       799   0  1.98    M    269.5          M       75
================================================================================
AV 43.7 16.3                              11.7 FASTST   M    M   3    MAX(MPH)
                                 MISC ---->  # 62 330               # 80  340
================================================================================
NOTES:
# LAST OF SEVERAL OCCURRENCES

COLUMN 17 PEAK WIND IN M.P.H.

PRELIMINARY LOCAL CLIMATOLOGICAL DATA (WS FORM: F-6) , PAGE 2

                                          STATION:  LIMON CO
                                          MONTH:    MARCH
                                          YEAR:     2019
                                          LATITUDE:   39 10 N
                                          LONGITUDE: 103 42 W

[TEMPERATURE DATA]      [PRECIPITATION DATA]       SYMBOLS USED IN COLUMN 16

AVERAGE MONTHLY: 30.0   TOTAL FOR MONTH:   1.98    1 = FOG OR MIST
DPTR FM NORMAL:     M   DPTR FM NORMAL:       M    2 = FOG REDUCING VISIBILITY
HIGHEST:    67 ON 12    GRTST 24HR  0.83 ON 13-13      TO 1/4 MILE OR LESS
LOWEST:    -13 ON  3                               3 = THUNDER
                        SNOW, ICE PELLETS, HAIL    4 = ICE PELLETS
                        TOTAL MONTH:    M          5 = HAIL
                        GRTST 24HR    M  ON   M    6 = FREEZING RAIN OR DRIZZLE
                        GRTST DEPTH:  M  ON   M    7 = DUSTSTORM OR SANDSTORM:
                                                       VSBY 1/2 MILE OR LESS
                                                   8 = SMOKE OR HAZE
[NO. OF DAYS WITH]      [WEATHER - DAYS WITH]      9 = BLOWING SNOW
                                                   X = TORNADO
MAX 32 OR BELOW:   5    0.01 INCH OR MORE:   9
MAX 90 OR ABOVE:   0    0.10 INCH OR MORE:   5
MIN 32 OR BELOW:  23    0.50 INCH OR MORE:   1
MIN  0 OR BELOW:   3    1.00 INCH OR MORE:   0

[HDD (BASE 65) ]
TOTAL THIS MO.   799    CLEAR  (SCALE 0-3)  12
DPTR FM NORMAL     M    PTCLDY (SCALE 4-7)   8
TOTAL FM JUL 1  5942    CLOUDY (SCALE 8-10)  3
DPTR FM NORMAL     M

[CDD (BASE 65) ]
TOTAL THIS MO.     0
DPTR FM NORMAL     M    [PRESSURE DATA]
TOTAL FM JAN 1     0    HIGHEST SLP M ON M
DPTR FM NORMAL     M    LOWEST  SLP 28.71 ON 13

[REMARKS]
