000
CXUS55 KBOU 260736
CF6LIC
PRELIMINARY LOCAL CLIMATOLOGICAL DATA (WS FORM: F-6)

                                          STATION:   LIMON CO
                                          MONTH:     MAY
                                          YEAR:      2019
                                          LATITUDE:   39 10 N
                                          LONGITUDE: 103 42 W

  TEMPERATURE IN F:       :PCPN:    SNOW:  WIND      :SUNSHINE: SKY     :PK WND
================================================================================
1   2   3   4   5  6A  6B    7    8   9   10  11  12  13   14  15   16   17  18
                                     12Z  AVG MX 2MIN
DY MAX MIN AVG DEP HDD CDD  WTR  SNW DPTH SPD SPD DIR MIN PSBL S-S WX    SPD DR
================================================================================

 1  55  29  42   M  23   0 0.11    M    M 12.1 32 320   M    M   8 18     38 320
 2  58  34  46   M  19   0 0.00    M    M 12.3 28 180   M    M   8        41 170
 3  65  29  47   M  18   0 0.00    M    M  7.0 18 350   M    M   3 12     23 130
 4  69  38  54   M  11   0 0.00    M    M  5.3 17 190   M    M   4        23 180
 5  72  32  52   M  13   0 0.00    M    M  5.4 17 360   M    M   1        25 350
 6  68  36  52   M  13   0 0.17    M    M 11.8 33  60   M    M   3 123    42  80
 7  50  41  46   M  19   0 0.07    M    M 10.1 20 150   M    M  10 123    24 160
 8  46  32  39   M  26   0 0.05    M    M 17.3 30 360   M    M  10 12     39 350
 9  38  30  34   M  31   0 0.09    M    M  9.0 17 360   M    M   9 1      22  60
10  46  28  37   M  28   0 0.00    M    M 10.1 21 160   M    M   8        28 150
11  63  27  45   M  20   0 0.01    M    M 12.6 29  10   M    M   4 1      37  10
12  69  32  51   M  14   0 0.00    M    M  9.5 26 350   M    M   0        37 340
13  77  34  56   M   9   0 0.00    M    M  7.5 16 350   M    M   0        23  20
14  81  39  60   M   5   0 0.00    M    M  5.9 25  10   M    M   1        34  10
15  83  38  61   M   4   0 0.00    M    M  3.1 14 170   M    M   0        21 300
16  84  42  63   M   2   0 0.00    M    M  7.5 22 220   M    M   0        31 210
17  79  39  59   M   6   0 0.00    M    M 14.9 35 200   M    M   0        55 220
18  59  32  46   M  19   0 0.78    M    M  8.2 29 310   M    M   3 13     37 310
19  59  34  47   M  18   0 0.00    M    M 15.1 30 110   M    M   7        40 110
20  46  37  42   M  23   0 1.72    M    M 17.1 31 130   M    M  10 13     44 120
21  40  31  36   M  29   0 0.67    M    M 16.5 26 330   M    M   9 123    34 340
22  54  30  42   M  23   0 0.00    M    M  8.2 16 340   M    M   7        22 340
23  46  38  42   M  23   0    T    M    M  8.1 18  20   M    M  10 1      23  30
24  70  30  50   M  15   0 0.00    M    M 10.6 23 200   M    M   0        36 200
25  72  39  56   M   9   0 0.00  0.0    0 11.5 21 140   M    M   0        29 120
================================================================================
SM 1549  851       420   0  3.67     0.0 256.7          M      115
================================================================================
AV 62.0 34.0                              10.3 FASTST   M    M   5    MAX(MPH)
                                 MISC ---->  # 35 200               # 55  220
================================================================================
NOTES:
# LAST OF SEVERAL OCCURRENCES

COLUMN 17 PEAK WIND IN M.P.H.

PRELIMINARY LOCAL CLIMATOLOGICAL DATA (WS FORM: F-6) , PAGE 2

                                          STATION:  LIMON CO
                                          MONTH:    MAY
                                          YEAR:     2019
                                          LATITUDE:   39 10 N
                                          LONGITUDE: 103 42 W

[TEMPERATURE DATA]      [PRECIPITATION DATA]       SYMBOLS USED IN COLUMN 16

AVERAGE MONTHLY: 48.0   TOTAL FOR MONTH:   3.67    1 = FOG OR MIST
DPTR FM NORMAL:     M   DPTR FM NORMAL:       M    2 = FOG REDUCING VISIBILITY
HIGHEST:    84 ON 16    GRTST 24HR  1.72 ON 20-20      TO 1/4 MILE OR LESS
LOWEST:     27 ON 11                               3 = THUNDER
                        SNOW, ICE PELLETS, HAIL    4 = ICE PELLETS
                        TOTAL MONTH:   0.0 INCH    5 = HAIL
                        GRTST 24HR     0.0         6 = FREEZING RAIN OR DRIZZLE
                        GRTST DEPTH:   0           7 = DUSTSTORM OR SANDSTORM:
                                                       VSBY 1/2 MILE OR LESS
                                                   8 = SMOKE OR HAZE
[NO. OF DAYS WITH]      [WEATHER - DAYS WITH]      9 = BLOWING SNOW
                                                   X = TORNADO
MAX 32 OR BELOW:   0    0.01 INCH OR MORE:   9
MAX 90 OR ABOVE:   0    0.10 INCH OR MORE:   5
MIN 32 OR BELOW:  12    0.50 INCH OR MORE:   3
MIN  0 OR BELOW:   0    1.00 INCH OR MORE:   1

[HDD (BASE 65) ]
TOTAL THIS MO.   420    CLEAR  (SCALE 0-3)  10
DPTR FM NORMAL     M    PTCLDY (SCALE 4-7)   8
TOTAL FM JUL 1  7107    CLOUDY (SCALE 8-10)  7
DPTR FM NORMAL     M

[CDD (BASE 65) ]
TOTAL THIS MO.     0
DPTR FM NORMAL     M    [PRESSURE DATA]
TOTAL FM JAN 1     0    HIGHEST SLP M ON M
DPTR FM NORMAL     M    LOWEST  SLP 29.27 ON 17

[REMARKS]
