414
CXHW51 PHFO 241250
CF6LIH
PRELIMINARY LOCAL CLIMATOLOGICAL DATA (WS FORM: F-6)

                                          STATION:   LIHUE HI
                                          MONTH:     MARCH
                                          YEAR:      2019
                                          LATITUDE:   21 58 N
                                          LONGITUDE: 159 21 W

  TEMPERATURE IN F:       :PCPN:    SNOW:  WIND      :SUNSHINE: SKY     :PK WND
================================================================================
1   2   3   4   5  6A  6B    7    8   9   10  11  12  13   14  15   16   17  18
                                     12Z  AVG MX 2MIN
DY MAX MIN AVG DEP HDD CDD  WTR  SNW DPTH SPD SPD DIR MIN PSBL S-S WX    SPD DR
================================================================================

 1  76  60  68  -4   0   3 0.00  0.0    M 10.2 22  30   M    M   M        26  40
 2  77  61  69  -3   0   4 0.00  0.0    M 11.8 22  30   M    M   M        25  40
 3  77  62  70  -2   0   5    T  0.0    M 13.5 22  30   M    M   M        26  50
 4  76  64  70  -2   0   5 0.03  0.0    M 16.9 26  60   M    M   M 1      31  30
 5  78  65  72   0   0   7 0.03  0.0    M 19.7 28  40   M    M   M        33  40
 6  77  67  72   0   0   7 0.04  0.0    M 21.3 29  40   M    M   M 18     34  40
 7  77  68  73   1   0   8 0.09  0.0    M 22.4 29  50   M    M   M 18     35  50
 8  78  68  73   1   0   8 0.02  0.0    M 21.4 29  40   M    M   M        35  40
 9  79  66  73   1   0   8 0.12  0.0    M 19.7 26  70   M    M   M 18     33  50
10  79  70  75   3   0  10 0.03  0.0    M 17.4 25  70   M    M   M        32  70
11  80  72  76   4   0  11    T  0.0    M 17.5 26  70   M    M   M 8      30  70
12  79  70  75   2   0  10 0.03  0.0    M 14.8 22  40   M    M   M 18     26  50
13  81  70  76   3   0  11 0.01  0.0    0 14.3 20  40   M    M   M        24  10
14  80  69  75   2   0  10    T  0.0    0  9.0 14  20   M    M   M        17  10
15  80  66  73   0   0   8    T  0.0    0  7.3 13  10   M    M   M        16   3
16  80  63  72  -1   0   7 0.00  0.0    0  7.1 15  60   M    M   M        20  80
17  78  65  72  -1   0   7 0.00  0.0    M 14.8 24  40   M    M   M        29  20
18  79  63  71  -2   0   6    T  0.0    M 12.2 18  40   M    M   M        22  40
19  79  67  73   0   0   8 0.00  0.0    M  8.9 16  80   M    M   M        20  40
20  80  66  73   0   0   8 0.00  0.0    M  9.2 20  40   M    M   M        23  50
21  81  64  73   0   0   8 0.00  0.0    M 11.5 18  40   M    M   M        22  20
22  81  70  76   3   0  11 0.04  0.0    M 15.7 24  40   M    M   M 1      30  50
23  79  69  74   1   0   9 0.07  0.0    M 19.7 26  40   M    M   M 18     32  40
================================================================================
SM 1811 1525         0 179  0.51     0.0 336.3          M        M
================================================================================
AV 78.7 66.3                              14.6 FASTST   M    M   0    MAX(MPH)
                                 MISC ---->  # 29  40               # 35   50
================================================================================
NOTES:
# LAST OF SEVERAL OCCURRENCES

COLUMN 17 PEAK WIND IN M.P.H.

PRELIMINARY LOCAL CLIMATOLOGICAL DATA (WS FORM: F-6) , PAGE 2

                                          STATION:  LIHUE HI
                                          MONTH:    MARCH
                                          YEAR:     2019
                                          LATITUDE:   21 58 N
                                          LONGITUDE: 159 21 W

[TEMPERATURE DATA]      [PRECIPITATION DATA]       SYMBOLS USED IN COLUMN 16

AVERAGE MONTHLY: 72.5   TOTAL FOR MONTH:   0.51    1 = FOG OR MIST
DPTR FM NORMAL:   0.0   DPTR FM NORMAL:   -2.93    2 = FOG REDUCING VISIBILITY
HIGHEST:    81 ON 22,21 GRTST 24HR  0.12 ON  9- 9      TO 1/4 MILE OR LESS
LOWEST:     60 ON  1                               3 = THUNDER
                        SNOW, ICE PELLETS, HAIL    4 = ICE PELLETS
                        TOTAL MONTH:   0.0 INCH    5 = HAIL
                        GRTST 24HR     0.0         6 = FREEZING RAIN OR DRIZZLE
                        GRTST DEPTH:   0           7 = DUSTSTORM OR SANDSTORM:
                                                       VSBY 1/2 MILE OR LESS
                                                   8 = SMOKE OR HAZE
[NO. OF DAYS WITH]      [WEATHER - DAYS WITH]      9 = BLOWING SNOW
                                                   X = TORNADO
MAX 32 OR BELOW:   0    0.01 INCH OR MORE:  11
MAX 90 OR ABOVE:   0    0.10 INCH OR MORE:   1
MIN 32 OR BELOW:   0    0.50 INCH OR MORE:   0
MIN  0 OR BELOW:   0    1.00 INCH OR MORE:   0

[HDD (BASE 65) ]
TOTAL THIS MO.     0    CLEAR  (SCALE 0-3)   0
DPTR FM NORMAL     0    PTCLDY (SCALE 4-7)   0
TOTAL FM JUL 1     1    CLOUDY (SCALE 8-10)  0
DPTR FM NORMAL     1

[CDD (BASE 65) ]
TOTAL THIS MO.   179
DPTR FM NORMAL     7    [PRESSURE DATA]
TOTAL FM JAN 1   580    HIGHEST SLP M ON M
DPTR FM NORMAL    13    LOWEST  SLP 29.97 ON 17

[REMARKS]
