000
CXUS54 KLZK 181130
CF6LIT
PRELIMINARY LOCAL CLIMATOLOGICAL DATA (WS FORM: F-6)

                                          STATION:   Little Rock Adams Field
                                          MONTH:     MARCH
                                          YEAR:      2019
                                          LATITUDE:   34 43 N
                                          LONGITUDE:  92 14 W

  TEMPERATURE IN F:       :PCPN:    SNOW:  WIND      :SUNSHINE: SKY     :PK WND
================================================================================
1   2   3   4   5  6A  6B    7    8   9   10  11  12  13   14  15   16   17  18
                                     12Z  AVG MX 2MIN
DY MAX MIN AVG DEP HDD CDD  WTR  SNW DPTH SPD SPD DIR MIN PSBL S-S WX    SPD DR
================================================================================

 1  45  36  41  -8  24   0    T  0.0    0  4.7 10  60   M    M  10 1      12  60
 2  48  40  44  -5  21   0 0.00  0.0    0  8.3 14  80   M    M  10        17  60
 3  41  26  34 -15  31   0 0.42    T    0 12.8 22 330   M    M  10 14     26 330
 4  34  19  27 -23  38   0 0.00  0.0    0  9.1 18 340   M    M   5        23  10
 5  43  19  31 -19  34   0 0.00  0.0    0  9.2 20 320   M    M   2        26 320
 6  46  23  35 -15  30   0 0.00  0.0    0  6.6 13 140   M    M   1        20 130
 7  49  33  41 -10  24   0 0.01  0.0    0  6.7 12 130   M    M   9 18     16 120
 8  59  46  53   2  12   0 0.03  0.0    0  4.8 13  60   M    M  10 12     15  60
 9  74  47  61  10   4   0 0.92  0.0    0 10.1 24 230   M    M   7 123    36 210
10  64  44  54   2  11   0 0.00  0.0    0  6.7 15  20   M    M   9        19  20
11  62  45  54   2  11   0 0.17  0.0    0  6.0 12  20   M    M   9 1      14 360
12  58  47  53   1  12   0 0.48  0.0    0  7.9 15 130   M    M  10 13     17 110
13  69  53  61   9   4   0 0.63  0.0    0 10.4 29 170   M    M  10 13     41 170
14  68  48  58   5   7   0 0.13  0.0    0 17.6 30 250   M    M   4 13     40 210
15  58  41  50  -3  15   0 0.00  0.0    0 11.9 23 310   M    M   2        32 310
16  61  33  47  -6  18   0 0.00  0.0    0  4.5 13 350   M    M   2        17 350
17  68  35  52  -2  13   0 0.00  0.0    0  5.3 15 290   M    M   1        19 320
================================================================================
SM  947  635       309   0  2.79    T    142.6          M      111
================================================================================
AV 55.7 37.4                               8.4 FASTST   M    M   7    MAX(MPH)
                                 MISC ---->  # 30 250               # 41  170
================================================================================
NOTES:
# LAST OF SEVERAL OCCURRENCES

COLUMN 17 PEAK WIND IN M.P.H.

PRELIMINARY LOCAL CLIMATOLOGICAL DATA (WS FORM: F-6) , PAGE 2

                                          STATION:  Little Rock Adams Field
                                          MONTH:    MARCH
                                          YEAR:     2019
                                          LATITUDE:   34 43 N
                                          LONGITUDE:  92 14 W

[TEMPERATURE DATA]      [PRECIPITATION DATA]       SYMBOLS USED IN COLUMN 16

AVERAGE MONTHLY: 46.5   TOTAL FOR MONTH:   2.79    1 = FOG OR MIST
DPTR FM NORMAL:  -4.7   DPTR FM NORMAL:    0.30    2 = FOG REDUCING VISIBILITY
HIGHEST:    74 ON  9    GRTST 24HR  0.92 ON  9- 9      TO 1/4 MILE OR LESS
LOWEST:     19 ON  5, 4                            3 = THUNDER
                        SNOW, ICE PELLETS, HAIL    4 = ICE PELLETS
                        TOTAL MONTH:    T          5 = HAIL
                        GRTST 24HR    T  ON  3- 3  6 = FREEZING RAIN OR DRIZZLE
                        GRTST DEPTH:   0           7 = DUSTSTORM OR SANDSTORM:
                                                       VSBY 1/2 MILE OR LESS
                                                   8 = SMOKE OR HAZE
[NO. OF DAYS WITH]      [WEATHER - DAYS WITH]      9 = BLOWING SNOW
                                                   X = TORNADO
MAX 32 OR BELOW:   0    0.01 INCH OR MORE:   8
MAX 90 OR ABOVE:   0    0.10 INCH OR MORE:   6
MIN 32 OR BELOW:   4    0.50 INCH OR MORE:   2
MIN  0 OR BELOW:   0    1.00 INCH OR MORE:   0

[HDD (BASE 65) ]
TOTAL THIS MO.   309    CLEAR  (SCALE 0-3)   5
DPTR FM NORMAL    71    PTCLDY (SCALE 4-7)   3
TOTAL FM JUL 1  2834    CLOUDY (SCALE 8-10)  9
DPTR FM NORMAL    83

[CDD (BASE 65) ]
TOTAL THIS MO.     0
DPTR FM NORMAL     0    [PRESSURE DATA]
TOTAL FM JAN 1     6    HIGHEST SLP M ON M
DPTR FM NORMAL     4    LOWEST  SLP 29.61 ON M

[REMARKS]
