000
CXUS55 KPIH 181200
CF6LLJ

PRELIMINARY LOCAL CLIMATOLOGICAL DATA (WS FORM: F-6)

                                          STATION:   CHALLIS ID
                                          MONTH:     MARCH
                                          YEAR:      2019
                                          LATITUDE:   44 31 N
                                          LONGITUDE: 114 13 W

  TEMPERATURE IN F:       :PCPN:    SNOW:  WIND      :SUNSHINE: SKY     :PK WND
================================================================================
1   2   3   4   5  6A  6B    7    8   9   10  11  12  13   14  15   16   17  18
                                     12Z  AVG MX 2MIN
DY MAX MIN AVG DEP HDD CDD  WTR  SNW DPTH SPD SPD DIR MIN PSBL S-S WX    SPD DR
================================================================================

 1  35  11  23  -7  42   0 0.00    M    M  2.3  8 200   M    M   5         9 190
 2  35  11  23  -8  42   0 0.00    M    M  3.6 10 320   M    M   4        14 320
 3  27  15  21 -10  44   0 0.00    M    M  7.7 13 340   M    M   8        16  10
 4  34  14  24  -8  41   0 0.00    M    M  2.1  7 330   M    M   6         9 300
 5  33   9  21 -11  44   0 0.00    M    M  1.2  8 150   M    M   3        10 140
 6  43  25  34   2  31   0 0.02    M    M  1.6  8 170   M    M   7 1      10 160
 7  47  28  38   5  27   0 0.01    M    M  6.0 24 260   M    M   8 18     30 250
 8  37  22  30  -3  35   0 0.00    M    M  6.2 15 300   M    M   6        19 310
 9  34  15  25  -9  40   0    T    M    M  2.8 12 300   M    M   5        16 280
10  38  17  28  -6  37   0 0.00    M    M  2.8  8 190   M    M   4         9 190
11  41  12  27  -8  38   0 0.00    M    M  2.4  7 160   M    M   0         9 150
12  42  14  28  -7  37   0 0.02    M    M  2.2 21 330   M    M   3 18     27 330
13  39  25  32  -4  33   0 0.01    M    M  8.8 20 320   M    M   9 1      25 330
14  40  15  28  -8  37   0 0.00    M    M  2.8 10 170   M    M   1        14 170
15  48  18  33  -3  32   0 0.00    M    M  1.9  8 140   M    M   3        22 330
16  51  19  35  -2  30   0 0.00    M    M  1.6  7 130   M    M   0         9  80
17  52  23  38   1  27   0 0.00    M    M  2.2  7 160   M    M   0         9 360
================================================================================
SM  676  293       617   0  0.06    M     58.2          M       72
================================================================================
AV 39.8 17.2                               3.4 FASTST   M    M   4    MAX(MPH)
                                 MISC ---->  # 24 260               # 30  250
================================================================================
NOTES:
# LAST OF SEVERAL OCCURRENCES
PRECIPITATION SUSPECT DURING FREEZING/FROZEN EVENTS

COLUMN 17 PEAK WIND IN M.P.H.

PRELIMINARY LOCAL CLIMATOLOGICAL DATA (WS FORM: F-6) , PAGE 2

                                          STATION:  CHALLIS ID
                                          MONTH:    MARCH
                                          YEAR:     2019
                                          LATITUDE:   44 31 N
                                          LONGITUDE: 114 13 W

[TEMPERATURE DATA]      [PRECIPITATION DATA]       SYMBOLS USED IN COLUMN 16

AVERAGE MONTHLY: 28.5   TOTAL FOR MONTH:   0.06    1 = FOG OR MIST
DPTR FM NORMAL:  -5.3   DPTR FM NORMAL:   -0.30    2 = FOG REDUCING VISIBILITY
HIGHEST:    52 ON 17    GRTST 24HR  0.02 ON 12-12      TO 1/4 MILE OR LESS
LOWEST:      9 ON  5                               3 = THUNDER
                        SNOW, ICE PELLETS, HAIL    4 = ICE PELLETS
                        TOTAL MONTH:    M          5 = HAIL
                        GRTST 24HR    M  ON   M    6 = FREEZING RAIN OR DRIZZLE
                        GRTST DEPTH:  M  ON   M    7 = DUSTSTORM OR SANDSTORM:
                                                       VSBY 1/2 MILE OR LESS
                                                   8 = SMOKE OR HAZE
[NO. OF DAYS WITH]      [WEATHER - DAYS WITH]      9 = BLOWING SNOW
                                                   X = TORNADO
MAX 32 OR BELOW:   1    0.01 INCH OR MORE:   4
MAX 90 OR ABOVE:   0    0.10 INCH OR MORE:   0
MIN 32 OR BELOW:  17    0.50 INCH OR MORE:   0
MIN  0 OR BELOW:   0    1.00 INCH OR MORE:   0

[HDD (BASE 65) ]
TOTAL THIS MO.   617    CLEAR  (SCALE 0-3)   6
DPTR FM NORMAL    86    PTCLDY (SCALE 4-7)  10
TOTAL FM JUL 1  6384    CLOUDY (SCALE 8-10)  1
DPTR FM NORMAL  -196

[CDD (BASE 65) ]
TOTAL THIS MO.     0
DPTR FM NORMAL     0    [PRESSURE DATA]
TOTAL FM JAN 1     0    HIGHEST SLP M ON M
DPTR FM NORMAL     0    LOWEST  SLP 29.57 ON 12

[REMARKS]
