000
CXUS54 KLZK 201130
CF6LLQ
PRELIMINARY LOCAL CLIMATOLOGICAL DATA (WS FORM: F-6)

                                          STATION:   Monticello
                                          MONTH:     MAY
                                          YEAR:      2019
                                          LATITUDE:   33 37 N
                                          LONGITUDE:  91 45 W

  TEMPERATURE IN F:       :PCPN:    SNOW:  WIND      :SUNSHINE: SKY     :PK WND
================================================================================
1   2   3   4   5  6A  6B    7    8   9   10  11  12  13   14  15   16   17  18
                                     12Z  AVG MX 2MIN
DY MAX MIN AVG DEP HDD CDD  WTR  SNW DPTH SPD SPD DIR MIN PSBL S-S WX    SPD DR
================================================================================

 1  80  64  72   5   0   7 0.11  0.0    0  7.3 18 320   M    M   3 13     31 320
 2  80  65  73   5   0   8    T  0.0    0  5.7 16 200   M    M   3        25 210
 3  79  64  72   4   0   7 0.04  0.0    0  3.1 14 200   M    M   5        16 160
 4  69  59  64  -4   1   0 0.78  0.0    0  3.6 10 340   M    M   7 1      16 330
 5  79  55  67  -1   0   2 0.00  0.0    0  3.0  8 290   M    M   2 1      12 320
 6  84  56  70   1   0   5 0.00  0.0    0  3.1 10 130   M    M   1        16 160
 7  86  61  74   5   0   9 0.00  0.0    0  2.9 13 130   M    M   1        19 130
 8  78  66  72   3   0   7 0.77  0.0    0  5.7 18 210   M    M   5 138    26 220
 9  80  66  73   3   0   8 3.10  0.0    0  4.4 16 300   M    M   7 13     21 290
10  68  57  63  -7   2   0 0.18  0.0    0  5.5 14  50   M    M   9 1      20  40
11  72  58  65  -5   0   0 0.04  0.0    0  3.9 10 150   M    M  10 1      14 150
12  73  62  68  -2   0   3 0.04  0.0    0  3.1 13 320   M    M   8 18     17 330
13  80  54  67  -4   0   2 0.00  0.0    0  3.2 12 290   M    M   1        15 280
14  84  57  71   0   0   6 0.00  0.0    0  2.4 10 260   M    M   3        15 330
15  88  66  77   6   0  12 0.00  0.0    0  5.7 13 240   M    M   1        17 250
16  89  65  77   5   0  12 0.00  0.0    0  5.9 13 220   M    M   0        19 220
17  89  69  79   7   0  14 0.00  0.0    0  7.8 17 190   M    M   0        24 190
18  87  64  76   4   0  11 0.91  0.0    0  8.1 21 170   M    M   5 13     37 160
19  87  66  77   5   0  12 0.43  0.0    0  7.3 24 140   M    M   5 138    36 150
================================================================================
SM 1532 1174         3 125  6.40     0.0  91.7          M       76
================================================================================
AV 80.6 61.8                               4.8 FASTST   M    M   4    MAX(MPH)
                                 MISC ---->  # 24 140               # 37  160
================================================================================
NOTES:
# LAST OF SEVERAL OCCURRENCES

COLUMN 17 PEAK WIND IN M.P.H.

PRELIMINARY LOCAL CLIMATOLOGICAL DATA (WS FORM: F-6) , PAGE 2

                                          STATION:  Monticello
                                          MONTH:    MAY
                                          YEAR:     2019
                                          LATITUDE:   33 37 N
                                          LONGITUDE:  91 45 W

[TEMPERATURE DATA]      [PRECIPITATION DATA]       SYMBOLS USED IN COLUMN 16

AVERAGE MONTHLY: 71.2   TOTAL FOR MONTH:   6.40    1 = FOG OR MIST
DPTR FM NORMAL:   1.4   DPTR FM NORMAL:    3.23    2 = FOG REDUCING VISIBILITY
HIGHEST:    89 ON 17,16 GRTST 24HR  3.10 ON  9- 9      TO 1/4 MILE OR LESS
LOWEST:     54 ON 13                               3 = THUNDER
                        SNOW, ICE PELLETS, HAIL    4 = ICE PELLETS
                        TOTAL MONTH:   0.0 INCH    5 = HAIL
                        GRTST 24HR     0.0         6 = FREEZING RAIN OR DRIZZLE
                        GRTST DEPTH:   0           7 = DUSTSTORM OR SANDSTORM:
                                                       VSBY 1/2 MILE OR LESS
                                                   8 = SMOKE OR HAZE
[NO. OF DAYS WITH]      [WEATHER - DAYS WITH]      9 = BLOWING SNOW
                                                   X = TORNADO
MAX 32 OR BELOW:   0    0.01 INCH OR MORE:  10
MAX 90 OR ABOVE:   0    0.10 INCH OR MORE:   7
MIN 32 OR BELOW:   0    0.50 INCH OR MORE:   4
MIN  0 OR BELOW:   0    1.00 INCH OR MORE:   1

[HDD (BASE 65) ]
TOTAL THIS MO.     3    CLEAR  (SCALE 0-3)   9
DPTR FM NORMAL   -16    PTCLDY (SCALE 4-7)   8
TOTAL FM JUL 1  2548    CLOUDY (SCALE 8-10)  2
DPTR FM NORMAL  -151

[CDD (BASE 65) ]
TOTAL THIS MO.   125
DPTR FM NORMAL    15    [PRESSURE DATA]
TOTAL FM JAN 1   222    HIGHEST SLP M ON M
DPTR FM NORMAL     6    LOWEST  SLP 29.82 ON  8

[REMARKS]
ALL SNOWFALL DATA IS FROM THE UNIVERSITY OF ARKANSAS AT MONTICELLO COOPERATIVE OBSERVER SITE
