000
CXUS56 KMFR 231000
CF6LMT
PRELIMINARY LOCAL CLIMATOLOGICAL DATA (WS FORM: F-6)

                                          STATION:   KLAMATH FALLS OR
                                          MONTH:     MAY
                                          YEAR:      2019
                                          LATITUDE:   42  9 N
                                          LONGITUDE: 121 44 W

  TEMPERATURE IN F:       :PCPN:    SNOW:  WIND      :SUNSHINE: SKY     :PK WND
================================================================================
1   2   3   4   5  6A  6B    7    8   9   10  11  12  13   14  15   16   17  18
                                     12Z  AVG MX 2MIN
DY MAX MIN AVG DEP HDD CDD  WTR  SNW DPTH SPD SPD DIR MIN PSBL S-S WX    SPD DR
================================================================================

 1  62  22  42  -5  23   0 0.00    M    M  6.9 22 300   M    M   1        26 270
 2  66  24  45  -3  20   0 0.00    M    M  3.8 16 330   M    M   0        23 250
 3  73  27  50   2  15   0 0.00    M    M  3.6 16 330   M    M   0        19 340
 4  75  32  54   6  11   0 0.00    M    M  4.6 20 330   M    M   0        22 330
 5  76  34  55   7  10   0 0.00    M    M  6.1 21 320   M    M   0        25 330
 6  75  35  55   6  10   0 0.00    M    M  6.3 18  50   M    M   0        25  50
 7  72  36  54   5  11   0 0.00    M    M  9.0 25 330   M    M   0        32 330
 8  73  34  54   5  11   0 0.00    M    M  5.8 17  60   M    M   2        25 290
 9  73  44  59   9   6   0 0.00    M    M  8.9 20  30   M    M   2        24  50
10  74  36  55   5  10   0 0.00    M    M  4.5 12 180   M    M   0        16 160
11  81  36  59   9   6   0 0.00    M    M  5.2 18 330   M    M   0        21 330
12  80  39  60  10   5   0 0.00    M    M  5.5 18 280   M    M   0        23 270
13  73  38  56   6   9   0 0.00    M    M  6.9 17 280   M    M   0        23 250
14  64  50  57   6   8   0    T    M    M 11.1 22 220   M    M   7        30 180
15  57  47  52   1  13   0 0.02    M    M 13.7 30 170   M    M  10        37 180
16  56  40  48  -3  17   0 0.04    M    M 14.8 28 170   M    M   8 1      36 170
17  57  40  49  -2  16   0 0.04    M    M  9.1 18 330   M    M   9        24 280
18  53  37  45  -7  20   0 0.01    M    M 10.9 26 180   M    M   8        32 170
19  56  36  46  -6  19   0 0.06    M    M  6.1 23 340   M    M   8 1      28 340
20  60  38  49  -3  16   0 0.06    M    M 10.5 36 240   M    M   8        43 240
21  49  37  43  -9  22   0 0.23    M    M  8.5 21 260   M    M   9 1      29 290
22  61  39  50  -2  15   0 0.03    M    M 11.8 30 330   M    M   9        37 330
================================================================================
SM 1466  801       293   0  0.49    M    173.6          M       81
================================================================================
AV 66.6 36.4                               7.9 FASTST   M    M   4    MAX(MPH)
                                 MISC ---->  # 36 240               # 43  240
================================================================================
NOTES:
# LAST OF SEVERAL OCCURRENCES

COLUMN 17 PEAK WIND IN M.P.H.

PRELIMINARY LOCAL CLIMATOLOGICAL DATA (WS FORM: F-6) , PAGE 2

                                          STATION:  KLAMATH FALLS OR
                                          MONTH:    MAY
                                          YEAR:     2019
                                          LATITUDE:   42  9 N
                                          LONGITUDE: 121 44 W

[TEMPERATURE DATA]      [PRECIPITATION DATA]       SYMBOLS USED IN COLUMN 16

AVERAGE MONTHLY: 51.5   TOTAL FOR MONTH:   0.49    1 = FOG OR MIST
DPTR FM NORMAL:   1.5   DPTR FM NORMAL:   -0.72    2 = FOG REDUCING VISIBILITY
HIGHEST:    81 ON 11    GRTST 24HR  0.23 ON 21-21      TO 1/4 MILE OR LESS
LOWEST:     22 ON  1                               3 = THUNDER
                        SNOW, ICE PELLETS, HAIL    4 = ICE PELLETS
                        TOTAL MONTH:    M          5 = HAIL
                        GRTST 24HR    M  ON   M    6 = FREEZING RAIN OR DRIZZLE
                        GRTST DEPTH:  M  ON   M    7 = DUSTSTORM OR SANDSTORM:
                                                       VSBY 1/2 MILE OR LESS
                                                   8 = SMOKE OR HAZE
[NO. OF DAYS WITH]      [WEATHER - DAYS WITH]      9 = BLOWING SNOW
                                                   X = TORNADO
MAX 32 OR BELOW:   0    0.01 INCH OR MORE:   8
MAX 90 OR ABOVE:   0    0.10 INCH OR MORE:   1
MIN 32 OR BELOW:   4    0.50 INCH OR MORE:   0
MIN  0 OR BELOW:   0    1.00 INCH OR MORE:   0

[HDD (BASE 65) ]
TOTAL THIS MO.   293    CLEAR  (SCALE 0-3)  13
DPTR FM NORMAL   -39    PTCLDY (SCALE 4-7)   4
TOTAL FM JUL 1  6335    CLOUDY (SCALE 8-10)  5
DPTR FM NORMAL  -316

[CDD (BASE 65) ]
TOTAL THIS MO.     0
DPTR FM NORMAL     0    [PRESSURE DATA]
TOTAL FM JAN 1     0    HIGHEST SLP M ON M
DPTR FM NORMAL     0    LOWEST  SLP 29.50 ON 16

[REMARKS]
