000
CXUS55 KRIW 190945
CF6LND
PRELIMINARY LOCAL CLIMATOLOGICAL DATA (WS FORM: F-6)

                                          STATION:   LANDER WY
                                          MONTH:     MAY
                                          YEAR:      2019
                                          LATITUDE:   42 49 N
                                          LONGITUDE: 108 44 W

  TEMPERATURE IN F:       :PCPN:    SNOW:  WIND      :SUNSHINE: SKY     :PK WND
================================================================================
1   2   3   4   5  6A  6B    7    8   9   10  11  12  13   14  15   16   17  18
                                     12Z  AVG MX 2MIN
DY MAX MIN AVG DEP HDD CDD  WTR  SNW DPTH SPD SPD DIR MIN PSBL S-S WX    SPD DR
================================================================================

 1  37  26  32 -16  33   0 0.29  3.2    7  5.3 14 310   M    M   6 1      17 310
 2  55  25  40  -9  25   0 0.00  0.0    0  6.6 22 220   M    M   2        26 220
 3  60  29  45  -4  20   0 0.00  0.0    0  4.8 14 230   M    M   0        17 220
 4  68  36  52   2  13   0 0.00  0.0    0  6.3 20 300   M    M   1        25 290
 5  64  38  51   1  14   0 0.00  0.0    0  3.7 17  20   M    M   0        21  20
 6  60  41  51   1  14   0 0.03  0.0    0  5.6 15 320   M    M   8        18 320
 7  50  37  44  -6  21   0 0.38  0.0    0  6.3 18  30   M    M  10 13     24  40
 8  44  34  39 -12  26   0 0.17  0.0    0  7.8 24 100   M    M  10 1      29  90
 9  43  32  38 -13  27   0 0.05  0.0    0  5.5 15 110   M    M   9 18     18  90
10  56  30  43  -9  22   0 0.00  0.0    0  4.8 10 140   M    M   2        16 140
11  63  34  49  -3  16   0 0.00  0.0    0  5.1 21  70   M    M   2        29  80
12  75  37  56   4   9   0 0.00  0.0    0  6.7 23 320   M    M   0        27 320
13  77  46  62  10   3   0    T  0.0    0  6.2 20 300   M    M   0        24 320
14  77  44  61   8   4   0    T  0.0    0  8.1 38 220   M    M   1        51 210
15  78  44  61   8   4   0 0.00  0.0    0  5.3 24 200   M    M   0        33 190
16  72  50  61   8   4   0 0.01  0.0    0  8.2 20 160   M    M   2 3      26 190
17  63  42  53  -1  12   0 0.00  0.0    0 10.9 33 220   M    M   3 3      41 230
18  49  34  42 -12  23   0 0.01  0.0    0  6.4 15  30   M    M   7 1      20  50
================================================================================
SM 1091  659       290   0  0.94     3.2 113.6          M       63
================================================================================
AV 60.6 36.6                               6.3 FASTST   M    M   4    MAX(MPH)
                                 MISC ---->  # 38 220               # 51  210
================================================================================
NOTES:
# LAST OF SEVERAL OCCURRENCES

COLUMN 17 PEAK WIND IN M.P.H.

PRELIMINARY LOCAL CLIMATOLOGICAL DATA (WS FORM: F-6) , PAGE 2

                                          STATION:  LANDER WY
                                          MONTH:    MAY
                                          YEAR:     2019
                                          LATITUDE:   42 49 N
                                          LONGITUDE: 108 44 W

[TEMPERATURE DATA]      [PRECIPITATION DATA]       SYMBOLS USED IN COLUMN 16

AVERAGE MONTHLY: 48.6   TOTAL FOR MONTH:   0.94    1 = FOG OR MIST
DPTR FM NORMAL:  -2.7   DPTR FM NORMAL:   -0.36    2 = FOG REDUCING VISIBILITY
HIGHEST:    78 ON 15    GRTST 24HR  0.38 ON  7- 7      TO 1/4 MILE OR LESS
LOWEST:     25 ON  2                               3 = THUNDER
                        SNOW, ICE PELLETS, HAIL    4 = ICE PELLETS
                        TOTAL MONTH:   3.2 INCHES  5 = HAIL
                        GRTST 24HR   3.2 ON  1- 1  6 = FREEZING RAIN OR DRIZZLE
                        GRTST DEPTH:   7 ON  1     7 = DUSTSTORM OR SANDSTORM:
                                                       VSBY 1/2 MILE OR LESS
                                                   8 = SMOKE OR HAZE
[NO. OF DAYS WITH]      [WEATHER - DAYS WITH]      9 = BLOWING SNOW
                                                   X = TORNADO
MAX 32 OR BELOW:   0    0.01 INCH OR MORE:   7
MAX 90 OR ABOVE:   0    0.10 INCH OR MORE:   3
MIN 32 OR BELOW:   5    0.50 INCH OR MORE:   0
MIN  0 OR BELOW:   0    1.00 INCH OR MORE:   0

[HDD (BASE 65) ]
TOTAL THIS MO.   290    CLEAR  (SCALE 0-3)  11
DPTR FM NORMAL    42    PTCLDY (SCALE 4-7)   3
TOTAL FM JUL 1  7828    CLOUDY (SCALE 8-10)  4
DPTR FM NORMAL   326

[CDD (BASE 65) ]
TOTAL THIS MO.     0
DPTR FM NORMAL     0    [PRESSURE DATA]
TOTAL FM JAN 1     0    HIGHEST SLP M ON M
DPTR FM NORMAL     0    LOWEST  SLP 29.46 ON 16

[REMARKS]
