000
CXUS53 KLMK 260800
CF6LOU
PRELIMINARY LOCAL CLIMATOLOGICAL DATA (WS FORM: F-6)

                                          STATION:   LOUISVILLE BOWMAN KY
                                          MONTH:     MAY
                                          YEAR:      2019
                                          LATITUDE:   38 13 N
                                          LONGITUDE:  85 40 W

  TEMPERATURE IN F:       :PCPN:    SNOW:  WIND      :SUNSHINE: SKY     :PK WND
================================================================================
1   2   3   4   5  6A  6B    7    8   9   10  11  12  13   14  15   16   17  18
                                     12Z  AVG MX 2MIN
DY MAX MIN AVG DEP HDD CDD  WTR  SNW DPTH SPD SPD DIR MIN PSBL S-S WX    SPD DR
================================================================================

 1  82  64  73  11   0   8 0.09    M    M 10.9 26 200   M    M   3 128    39 200
 2  78  60  69   7   0   4 0.26    M    M  4.8 22 290   M    M   5 12     30 300
 3  75  63  69   7   0   4 1.23    M    M  4.7 12 290   M    M   8 1      17 100
 4  68  57  63   0   2   0 0.20    M    M  5.8 15  20   M    M   9 1      24 330
 5  72  52  62  -1   3   0 0.01    M    M  5.4 13 360   M    M   5 1      20  10
 6  78  47  63   0   2   0 0.00    M    M  2.6 10 160   M    M   0        13 150
 7  80  53  67   3   0   2    T    M    M  1.8 12 190   M    M   2        13 220
 8  86  56  71   7   0   6 0.00    M    M  8.0 18 180   M    M   0        25 170
 9  77  65  71   7   0   6    T    M    M 12.1 25 190   M    M   6        35 180
10  68  54  61  -3   4   0 0.01    M    M  5.9 13 250   M    M  10 8      19 350
11  71  51  61  -4   4   0 0.29    M    M  5.9 12 100   M    M   8 1      16  60
12  59  50  55 -10  10   0 0.06    M    M  5.4 12 280   M    M   8 1      17 320
13  59  50  55 -10  10   0 0.00    M    M  6.6 15 300   M    M  10        21 280
14  71  44  58  -8   7   0 0.00    M    M  1.2 10 280   M    M   3 1      15 290
15  70  49  60  -6   5   0 0.00    M    M  3.3 13 170   M    M   6        17 200
16  81  51  66   0   0   1 0.14    M    M  5.6 28  30   M    M   1 1      42  20
17  88  62  75   9   0  10 0.00    M    M  7.5 18 250   M    M   1        27 220
18  89  63  76   9   0  11    T    M    M  7.3 22 190   M    M   1        31 190
19  78  65  72   5   0   7 0.43    M    M 11.4 24 290   M    M   5 1      35 280
20  76  58  67   0   0   2    T    M    M  7.2 15 240   M    M   0 1      23 270
21  76  54  65  -3   0   0 0.00    M    M 11.4 18 100   M    M   0        28 110
22  83  66  75   7   0  10 0.01    M    M  7.6 18 210   M    M   5        26 210
23  89  72  81  13   0  16 0.12    M    M  7.9 23 220   M    M   4        32 210
24  90  70  80  11   0  15 0.00    M    M  5.8 17 230   M    M   2 1      26 220
25  89  70  80  11   0  15 0.00    M    M  9.3 24 200   M    M   2        34 210
================================================================================
SM 1933 1446        47 117  2.85    M    165.4          M      104
================================================================================
AV 77.3 57.8                               6.6 FASTST   M    M   4    MAX(MPH)
                                 MISC ---->  # 28  30               # 42   20
================================================================================
NOTES:
# LAST OF SEVERAL OCCURRENCES

COLUMN 17 PEAK WIND IN M.P.H.

PRELIMINARY LOCAL CLIMATOLOGICAL DATA (WS FORM: F-6) , PAGE 2

                                          STATION:  LOUISVILLE BOWMAN KY
                                          MONTH:    MAY
                                          YEAR:     2019
                                          LATITUDE:   38 13 N
                                          LONGITUDE:  85 40 W

[TEMPERATURE DATA]      [PRECIPITATION DATA]       SYMBOLS USED IN COLUMN 16

AVERAGE MONTHLY: 67.6   TOTAL FOR MONTH:   2.85    1 = FOG OR MIST
DPTR FM NORMAL:   2.3   DPTR FM NORMAL:   -1.38    2 = FOG REDUCING VISIBILITY
HIGHEST:    90 ON 24    GRTST 24HR  1.23 ON  3- 3      TO 1/4 MILE OR LESS
LOWEST:     44 ON 14                               3 = THUNDER
                        SNOW, ICE PELLETS, HAIL    4 = ICE PELLETS
                        TOTAL MONTH:    M          5 = HAIL
                        GRTST 24HR    M  ON   M    6 = FREEZING RAIN OR DRIZZLE
                        GRTST DEPTH:  M  ON   M    7 = DUSTSTORM OR SANDSTORM:
                                                       VSBY 1/2 MILE OR LESS
                                                   8 = SMOKE OR HAZE
[NO. OF DAYS WITH]      [WEATHER - DAYS WITH]      9 = BLOWING SNOW
                                                   X = TORNADO
MAX 32 OR BELOW:   0    0.01 INCH OR MORE:  12
MAX 90 OR ABOVE:   1    0.10 INCH OR MORE:   7
MIN 32 OR BELOW:   0    0.50 INCH OR MORE:   1
MIN  0 OR BELOW:   0    1.00 INCH OR MORE:   1

[HDD (BASE 65) ]
TOTAL THIS MO.    47    CLEAR  (SCALE 0-3)  11
DPTR FM NORMAL   -21    PTCLDY (SCALE 4-7)   9
TOTAL FM JUL 1  4101    CLOUDY (SCALE 8-10)  5
DPTR FM NORMAL  -158

[CDD (BASE 65) ]
TOTAL THIS MO.   117
DPTR FM NORMAL    39    [PRESSURE DATA]
TOTAL FM JAN 1   134    HIGHEST SLP M ON M
DPTR FM NORMAL    22    LOWEST  SLP 29.67 ON 12

[REMARKS]
