247
CXUS53 KLMK 220800
CF6LOU
PRELIMINARY LOCAL CLIMATOLOGICAL DATA (WS FORM: F-6)

                                          STATION:   LOUISVILLE BOWMAN KY
                                          MONTH:     MARCH
                                          YEAR:      2019
                                          LATITUDE:   38 13 N
                                          LONGITUDE:  85 40 W

  TEMPERATURE IN F:       :PCPN:    SNOW:  WIND      :SUNSHINE: SKY     :PK WND
================================================================================
1   2   3   4   5  6A  6B    7    8   9   10  11  12  13   14  15   16   17  18
                                     12Z  AVG MX 2MIN
DY MAX MIN AVG DEP HDD CDD  WTR  SNW DPTH SPD SPD DIR MIN PSBL S-S WX    SPD DR
================================================================================

 1  38  33  36  -6  29   0 0.00    M    M  5.5 12  20   M    M  10 18     16  60
 2  42  36  39  -3  26   0 0.00    M    M  5.1 10 360   M    M  10 18     14  20
 3  38  28  33 -10  32   0 0.12    M    M  7.7 16 360   M    M  10 18     28 360
 4  28  14  21 -22  44   0 0.00    M    M  9.6 16 310   M    M   3        26 250
 5  29  10  20 -23  45   0    T    M    M 10.9 21 240   M    M   3        30 240
 6  33  15  24 -20  41   0 0.00    M    M  7.8 16 220   M    M   1 8      21 280
 7  36  22  29 -15  36   0    T    M    M  4.6 13  50   M    M   7 8      17  60
 8  43  31  37  -7  28   0 0.11    M    M  5.9 13  60   M    M  10 1      16  60
 9  63  37  50   5  15   0 1.31    M    M 11.0 24 220   M    M   9 13     35 210
10  61  43  52   7  13   0 0.00    M    M 12.2 31 240   M    M   2        49 230
11  53  35  44  -1  21   0 0.00    M    M  4.4 12  10   M    M   3        15 340
12  52  28  40  -6  25   0 0.00    M    M  3.0  9  90   M    M   0        12 110
13  70  43  57  11   8   0    T    M    M  9.7 21 170   M    M   3        30 160
14  77  56  67  21   0   2 1.04    M    M 17.1 39 190   M    M   7 138    60 180
15  57  35  46  -1  19   0 0.00    M    M 11.4 21 280   M    M   6        32 250
16  51  29  40  -7  25   0 0.00    M    M  6.8 16 290   M    M   0        23 320
17  57  27  42  -5  23   0 0.00    M    M  7.1 22 280   M    M   3        33 280
18  51  28  40  -8  25   0 0.00    M    M  1.9 12 290   M    M   3        16 330
19  53  26  40  -8  25   0 0.00    M    M  1.7  9  20   M    M   0        14 350
20  61  38  50   2  15   0 0.00    M    M  6.1 16 300   M    M   4        22 310
21  48  40  44  -5  21   0 0.08    M    M  8.6 21 290   M    M  10 18     30 290
================================================================================
SM 1041  654       516   2  2.66    M    158.1          M      104
================================================================================
AV 49.6 31.1                               7.5 FASTST   M    M   5    MAX(MPH)
                                 MISC ---->  # 39 190               # 60  180
================================================================================
NOTES:
# LAST OF SEVERAL OCCURRENCES

COLUMN 17 PEAK WIND IN M.P.H.

PRELIMINARY LOCAL CLIMATOLOGICAL DATA (WS FORM: F-6) , PAGE 2

                                          STATION:  LOUISVILLE BOWMAN KY
                                          MONTH:    MARCH
                                          YEAR:     2019
                                          LATITUDE:   38 13 N
                                          LONGITUDE:  85 40 W

[TEMPERATURE DATA]      [PRECIPITATION DATA]       SYMBOLS USED IN COLUMN 16

AVERAGE MONTHLY: 40.4   TOTAL FOR MONTH:   2.66    1 = FOG OR MIST
DPTR FM NORMAL:  -5.0   DPTR FM NORMAL:   -0.02    2 = FOG REDUCING VISIBILITY
HIGHEST:    77 ON 14    GRTST 24HR  1.31 ON  9- 9      TO 1/4 MILE OR LESS
LOWEST:     10 ON  5                               3 = THUNDER
                        SNOW, ICE PELLETS, HAIL    4 = ICE PELLETS
                        TOTAL MONTH:    M          5 = HAIL
                        GRTST 24HR    M  ON   M    6 = FREEZING RAIN OR DRIZZLE
                        GRTST DEPTH:  M  ON   M    7 = DUSTSTORM OR SANDSTORM:
                                                       VSBY 1/2 MILE OR LESS
                                                   8 = SMOKE OR HAZE
[NO. OF DAYS WITH]      [WEATHER - DAYS WITH]      9 = BLOWING SNOW
                                                   X = TORNADO
MAX 32 OR BELOW:   2    0.01 INCH OR MORE:   5
MAX 90 OR ABOVE:   0    0.10 INCH OR MORE:   4
MIN 32 OR BELOW:  11    0.50 INCH OR MORE:   2
MIN  0 OR BELOW:   0    1.00 INCH OR MORE:   2

[HDD (BASE 65) ]
TOTAL THIS MO.   516    CLEAR  (SCALE 0-3)   9
DPTR FM NORMAL   102    PTCLDY (SCALE 4-7)   6
TOTAL FM JUL 1  3667    CLOUDY (SCALE 8-10)  6
DPTR FM NORMAL  -108

[CDD (BASE 65) ]
TOTAL THIS MO.     2
DPTR FM NORMAL     2    [PRESSURE DATA]
TOTAL FM JAN 1     2    HIGHEST SLP M ON M
DPTR FM NORMAL     2    LOWEST  SLP 29.54 ON  9

[REMARKS]
