000
CXUS53 KARX 260930
CF6LSE
PRELIMINARY LOCAL CLIMATOLOGICAL DATA (WS FORM: F-6)

                                          STATION:   LA CROSSE WI
                                          MONTH:     MARCH
                                          YEAR:      2019
                                          LATITUDE:   43 52 N
                                          LONGITUDE:  91 15 W

  TEMPERATURE IN F:       :PCPN:    SNOW:  WIND      :SUNSHINE: SKY     :PK WND
================================================================================
1   2   3   4   5  6A  6B    7    8   9   10  11  12  13   14  15   16   17  18
                                     12Z  AVG MX 2MIN
DY MAX MIN AVG DEP HDD CDD  WTR  SNW DPTH SPD SPD DIR MIN PSBL S-S WX    SPD DR
================================================================================

 1  28   4  16 -12  49   0 0.14  3.1   16  2.9 10 310   M    M   9 128    13 320
 2  24  10  17 -11  48   0    T    T   18 10.5 17 310   M    M   7 18     20 320
 3  11  -8   2 -27  63   0 0.00  0.0   18 10.4 21 320   M    M   1        26 320
 4  10 -15  -2 -31  67   0    T    T   18  9.6 21 240   M    M   3 89     29 220
 5  16  -3   7 -23  58   0    T    T   18 10.8 23 320   M    M   6 8      30 310
 6  27   1  14 -16  51   0 0.00  0.0   17  6.9 18 300   M    M   3        23 300
 7  25  -6  10 -20  55   0 0.00  0.0   16  1.1  7 220   M    M   0 18      8 220
 8  39   8  24  -7  41   0 0.00  0.0   16  3.5 10 200   M    M   5 18     13 200
 9  40  25  33   2  32   0 0.75  2.4   16  9.6 22  70   M    M   5 128    34  80
10  33  23  28  -4  37   0 0.04  0.4   17 14.9 24 270   M    M   6 18     34 280
11  38  12  25  -7  40   0 0.00  0.0   17  5.1 13 280   M    M   0        17 280
12  41  12  27  -6  38   0 0.66  0.0   16  9.3 18 180   M    M   6 18     24 170
13  49  36  43  10  22   0 0.06  0.0   13  9.2 18 150   M    M   8 12     25 150
14  51  36  44  10  21   0 0.16    T    8  9.8 24 310   M    M   9 1238   33 300
15  39  30  35   1  30   0    T    T    5 17.2 25 320   M    M   7        33 260
16  38  24  31  -3  34   0 0.00  0.0    4  5.5 14 310   M    M   1        19 300
17  34  21  28  -7  37   0    T    T    3  3.8 16 310   M    M   5 18     19 290
18  45  23  34  -1  31   0    T    T    3  3.7 14 280   M    M   3 128    18 290
19  50  27  39   3  26   0 0.00  0.0    3  8.9 20 210   M    M   1 1      26 210
20  45  36  41   5  24   0    T  0.0    2  8.6 20 270   M    M   6        27 270
21  52  32  42   5  23   0 0.00  0.0    T  7.9 20 280   M    M   2 1      27 280
22  51  28  40   3  25   0 0.00  0.0    0  5.9 16 310   M    M   0 18     21 340
23  56  25  41   3  24   0 0.00  0.0    0  4.2 10 180   M    M   0        14 170
24  53  36  45   7  20   0    T  0.0    0  4.6 16  80   M    M   8        23  50
25  48  26  37  -2  28   0 0.00  0.0    0  5.9 14  70   M    M   3        20  80
================================================================================
SM  943  443       924   0  1.81     5.9 189.8          M      104
================================================================================
AV 37.7 17.7                               7.6 FASTST   M    M   4    MAX(MPH)
                                 MISC ---->  # 25 320               # 34   80
================================================================================
NOTES:
# LAST OF SEVERAL OCCURRENCES

COLUMN 17 PEAK WIND IN M.P.H.

PRELIMINARY LOCAL CLIMATOLOGICAL DATA (WS FORM: F-6) , PAGE 2

                                          STATION:  LA CROSSE WI
                                          MONTH:    MARCH
                                          YEAR:     2019
                                          LATITUDE:   43 52 N
                                          LONGITUDE:  91 15 W

[TEMPERATURE DATA]      [PRECIPITATION DATA]       SYMBOLS USED IN COLUMN 16

AVERAGE MONTHLY: 27.7   TOTAL FOR MONTH:   1.81    1 = FOG OR MIST
DPTR FM NORMAL:  -5.4   DPTR FM NORMAL:    0.25    2 = FOG REDUCING VISIBILITY
HIGHEST:    56 ON 23    GRTST 24HR  0.75 ON  9- 9      TO 1/4 MILE OR LESS
LOWEST:    -15 ON  4                               3 = THUNDER
                        SNOW, ICE PELLETS, HAIL    4 = ICE PELLETS
                        TOTAL MONTH:   5.9 INCHES  5 = HAIL
                        GRTST 24HR   3.1 ON  1- 1  6 = FREEZING RAIN OR DRIZZLE
                        GRTST DEPTH:  18 ON  5, 4  7 = DUSTSTORM OR SANDSTORM:
                                                       VSBY 1/2 MILE OR LESS
                                                   8 = SMOKE OR HAZE
[NO. OF DAYS WITH]      [WEATHER - DAYS WITH]      9 = BLOWING SNOW
                                                   X = TORNADO
MAX 32 OR BELOW:   7    0.01 INCH OR MORE:   6
MAX 90 OR ABOVE:   0    0.10 INCH OR MORE:   4
MIN 32 OR BELOW:  21    0.50 INCH OR MORE:   2
MIN  0 OR BELOW:   4    1.00 INCH OR MORE:   0

[HDD (BASE 65) ]
TOTAL THIS MO.   924    CLEAR  (SCALE 0-3)  12
DPTR FM NORMAL   128    PTCLDY (SCALE 4-7)  10
TOTAL FM JUL 1  6548    CLOUDY (SCALE 8-10)  3
DPTR FM NORMAL   243

[CDD (BASE 65) ]
TOTAL THIS MO.     0
DPTR FM NORMAL     0    [PRESSURE DATA]
TOTAL FM JAN 1     0    HIGHEST SLP M ON M
DPTR FM NORMAL     0    LOWEST  SLP 29.21 ON 14

[REMARKS]
