000
CXUS53 KARX 170930
CF6LSE
PRELIMINARY LOCAL CLIMATOLOGICAL DATA (WS FORM: F-6)

                                          STATION:   LA CROSSE WI
                                          MONTH:     JUNE
                                          YEAR:      2019
                                          LATITUDE:   43 52 N
                                          LONGITUDE:  91 15 W

  TEMPERATURE IN F:       :PCPN:    SNOW:  WIND      :SUNSHINE: SKY     :PK WND
================================================================================
1   2   3   4   5  6A  6B    7    8   9   10  11  12  13   14  15   16   17  18
                                     12Z  AVG MX 2MIN
DY MAX MIN AVG DEP HDD CDD  WTR  SNW DPTH SPD SPD DIR MIN PSBL S-S WX    SPD DR
================================================================================

 1  75  56  66   1   0   1    T  0.0    0  7.0 31 320   M    M   2 3      45 320
 2  77  46  62  -3   3   0 0.00  0.0    0  6.4 20 310   M    M   0        26 330
 3  76  52  64  -1   1   0 0.00  0.0    0  8.3 14 180   M    M   1        18 180
 4  80  62  71   5   0   6 0.32  0.0    0  9.2 25 290   M    M   5 13     38 290
 5  84  62  73   7   0   8 0.00  0.0    0  4.8 12 290   M    M   2 1      15 290
 6  87  63  75   9   0  10 0.00  0.0    0  3.4  9 130   M    M   3 18     12 110
 7  90  60  75   8   0  10 0.00  0.0    0  6.5 17 150   M    M   0        23 160
 8  89  61  75   8   0  10 0.00  0.0    0  6.3 14 120   M    M   0        20 110
 9  84  60  72   5   0   7 0.03  0.0    0  9.0 28 320   M    M   6        37 330
10  80  54  67  -1   0   2 0.00  0.0    0  9.2 21 320   M    M   0        29 310
11  70  52  61  -7   4   0 0.14  0.0    0  5.8  9 220   M    M   6        19 240
12  70  53  62  -6   3   0 1.02  0.0    0  7.9 25 330   M    M   7 13     34 340
13  73  47  60  -9   5   0 0.00  0.0    0  7.0 15 340   M    M   0        23 290
14  82  54  68  -1   0   3    T  0.0    0 13.8 31 220   M    M   5 8      42 220
15  79  56  68  -1   0   3 0.82  0.0    0  8.8 24 110   M    M   7 13     39 120
16  65  56  61  -9   4   0 0.00  0.0    0  5.5 10  90   M    M  10        17 110
================================================================================
SM 1261  894        20  60  2.33     0.0 118.9          M       54
================================================================================
AV 78.8 55.9                               7.4 FASTST   M    M   3    MAX(MPH)
                                 MISC ---->  # 31 320               # 45  320
================================================================================
NOTES:
# LAST OF SEVERAL OCCURRENCES

COLUMN 17 PEAK WIND IN M.P.H.

PRELIMINARY LOCAL CLIMATOLOGICAL DATA (WS FORM: F-6) , PAGE 2

                                          STATION:  LA CROSSE WI
                                          MONTH:    JUNE
                                          YEAR:     2019
                                          LATITUDE:   43 52 N
                                          LONGITUDE:  91 15 W

[TEMPERATURE DATA]      [PRECIPITATION DATA]       SYMBOLS USED IN COLUMN 16

AVERAGE MONTHLY: 67.3   TOTAL FOR MONTH:   2.33    1 = FOG OR MIST
DPTR FM NORMAL:   0.2   DPTR FM NORMAL:    0.04    2 = FOG REDUCING VISIBILITY
HIGHEST:    90 ON  7    GRTST 24HR  1.02 ON 12-12      TO 1/4 MILE OR LESS
LOWEST:     46 ON  2                               3 = THUNDER
                        SNOW, ICE PELLETS, HAIL    4 = ICE PELLETS
                        TOTAL MONTH:   0.0 INCH    5 = HAIL
                        GRTST 24HR     0.0         6 = FREEZING RAIN OR DRIZZLE
                        GRTST DEPTH:   0           7 = DUSTSTORM OR SANDSTORM:
                                                       VSBY 1/2 MILE OR LESS
                                                   8 = SMOKE OR HAZE
[NO. OF DAYS WITH]      [WEATHER - DAYS WITH]      9 = BLOWING SNOW
                                                   X = TORNADO
MAX 32 OR BELOW:   0    0.01 INCH OR MORE:   5
MAX 90 OR ABOVE:   1    0.10 INCH OR MORE:   4
MIN 32 OR BELOW:   0    0.50 INCH OR MORE:   2
MIN  0 OR BELOW:   0    1.00 INCH OR MORE:   1

[HDD (BASE 65) ]
TOTAL THIS MO.    20    CLEAR  (SCALE 0-3)   9
DPTR FM NORMAL   -10    PTCLDY (SCALE 4-7)   6
TOTAL FM JUL 1  7450    CLOUDY (SCALE 8-10)  1
DPTR FM NORMAL   263

[CDD (BASE 65) ]
TOTAL THIS MO.    60
DPTR FM NORMAL    -5    [PRESSURE DATA]
TOTAL FM JAN 1    91    HIGHEST SLP M ON M
DPTR FM NORMAL   -22    LOWEST  SLP 29.63 ON  4

[REMARKS]
