000
CXUS54 KFWD 170730
CF6LUD
PRELIMINARY LOCAL CLIMATOLOGICAL DATA (WS FORM: F-6)

                                          STATION:   DECATUR
                                          MONTH:     JUNE
                                          YEAR:      2019
                                          LATITUDE:   33 15 N
                                          LONGITUDE:  97 30 W

  TEMPERATURE IN F:       :PCPN:    SNOW:  WIND      :SUNSHINE: SKY     :PK WND
================================================================================
1   2   3   4   5  6A  6B    7    8   9   10  11  12  13   14  15   16   17  18
                                     12Z  AVG MX 2MIN
DY MAX MIN AVG DEP HDD CDD  WTR  SNW DPTH SPD SPD DIR MIN PSBL S-S WX    SPD DR
================================================================================

 1  89  67  78   4   0  13 0.17  0.0    0  5.6 14 160   M    M   3 3      22  80
 2  82  66  74  -1   0   9 0.06  0.0    0  5.5 15 200   M    M   1        22 160
 3  90  69  80   5   0  15 0.00  0.0    0  6.0 14 160   M    M   1        17 220
 4  88  71  80   5   0  15 0.00  0.0    0  5.3 13 160   M    M   2 1      16 160
 5  84  71  78   3   0  13 0.02  0.0    0  5.8 14 110   M    M   4        16 120
 6  86  65  76   0   0  11 0.24  0.0    0  4.0 10 270   M    M   1 8      16 270
 7  85  65  75  -1   0  10 0.00  0.0    0  4.7  9  10   M    M   5         M  M
 8  90  68  79   3   0  14 0.00  0.0    0  3.1  5  90   M    M   0         M  M
 9  90  71  81   5   0  16 0.00  0.0    0  8.4 27  60   M    M   1        32  90
10  79  64  72  -5   0   7 0.00  0.0    0  7.7 14  40   M    M   1 8      25 350
11  79  61  70  -7   0   5 0.00  0.0    0  5.9 12 150   M    M   0         M  M
12  84  62  73  -4   0   8 0.02  0.0    0  5.9 14  10   M    M   1        20 340
13  86  63  75  -2   0  10 0.00  0.0    0  4.0  9 110   M    M   0 8       M  M
14  91  66  79   1   0  14 0.00  0.0    0 12.6 20 170   M    M   1 8      28 170
15  93  73  83   5   0  18 0.00  0.0    0 14.4 17 160   M    M   1        27 170
16  83  64  74  -4   0   9 0.85  0.0    0  7.3 16 130   M    M   8 1      23 170
================================================================================
SM 1379 1066         0 187  1.36     0.0 106.2          M       30
================================================================================
AV 86.2 66.6                               6.6 FASTST   M    M   2    MAX(MPH)
                                 MISC ---->  # 27  60               # 32   90
================================================================================
NOTES:
# LAST OF SEVERAL OCCURRENCES

COLUMN 17 PEAK WIND IN M.P.H.

PRELIMINARY LOCAL CLIMATOLOGICAL DATA (WS FORM: F-6) , PAGE 2

                                          STATION:  DECATUR
                                          MONTH:    JUNE
                                          YEAR:     2019
                                          LATITUDE:   33 15 N
                                          LONGITUDE:  97 30 W

[TEMPERATURE DATA]      [PRECIPITATION DATA]       SYMBOLS USED IN COLUMN 16

AVERAGE MONTHLY: 76.4   TOTAL FOR MONTH:   1.36    1 = FOG OR MIST
DPTR FM NORMAL:   0.2   DPTR FM NORMAL:   -1.58    2 = FOG REDUCING VISIBILITY
HIGHEST:    93 ON 15    GRTST 24HR  0.85 ON 16-16      TO 1/4 MILE OR LESS
LOWEST:     61 ON 11                               3 = THUNDER
                        SNOW, ICE PELLETS, HAIL    4 = ICE PELLETS
                        TOTAL MONTH:   0.0 INCH    5 = HAIL
                        GRTST 24HR     0.0         6 = FREEZING RAIN OR DRIZZLE
                        GRTST DEPTH:   0           7 = DUSTSTORM OR SANDSTORM:
                                                       VSBY 1/2 MILE OR LESS
                                                   8 = SMOKE OR HAZE
[NO. OF DAYS WITH]      [WEATHER - DAYS WITH]      9 = BLOWING SNOW
                                                   X = TORNADO
MAX 32 OR BELOW:   0    0.01 INCH OR MORE:   6
MAX 90 OR ABOVE:   5    0.10 INCH OR MORE:   3
MIN 32 OR BELOW:   0    0.50 INCH OR MORE:   1
MIN  0 OR BELOW:   0    1.00 INCH OR MORE:   0

[HDD (BASE 65) ]
TOTAL THIS MO.     0    CLEAR  (SCALE 0-3)  13
DPTR FM NORMAL     0    PTCLDY (SCALE 4-7)   3
TOTAL FM JUL 1  2660    CLOUDY (SCALE 8-10)  0
DPTR FM NORMAL  -281

[CDD (BASE 65) ]
TOTAL THIS MO.   187
DPTR FM NORMAL     7    [PRESSURE DATA]
TOTAL FM JAN 1   537    HIGHEST SLP M ON M
DPTR FM NORMAL   107    LOWEST  SLP M ON M

[REMARKS]
