000
CXUS51 KILN 181103
CF6LUK
PRELIMINARY LOCAL CLIMATOLOGICAL DATA (WS FORM: F-6)

                                          STATION:   CINCINNATI/LUNK ASOS
                                          MONTH:     MARCH
                                          YEAR:      2019
                                          LATITUDE:   39  5 N
                                          LONGITUDE:  84 26 W

  TEMPERATURE IN F:       :PCPN:    SNOW:  WIND      :SUNSHINE: SKY     :PK WND
================================================================================
1   2   3   4   5  6A  6B    7    8   9   10  11  12  13   14  15   16   17  18
                                     12Z  AVG MX 2MIN
DY MAX MIN AVG DEP HDD CDD  WTR  SNW DPTH SPD SPD DIR MIN PSBL S-S WX    SPD DR
================================================================================

 1  42  31  37  -2  28   0    T    M    M  6.3 13  40   M    M  10        15  40
 2  44  36  40   1  25   0 0.02    M    M  5.5 13 280   M    M  10 1      17 290
 3  36  27  32  -7  33   0 0.10    M    M  8.6 18 340   M    M  10 18     23 340
 4  28  13  21 -19  44   0    T    M    M 10.3 18 260   M    M   6 8      24 290
 5  25  10  18 -22  47   0    T    M    M 12.5 23 270   M    M   6        29 280
 6  31  15  23 -17  42   0    T    M    M 10.2 18 270   M    M   3        23 270
 7  40  23  32  -9  33   0 0.00    M    M  4.5 13 190   M    M   3        15 210
 8  39  31  35  -6  30   0 0.03    M    M  4.2  9  70   M    M  10 1      14  20
 9  59  35  47   6  18   0    M    M    M  8.2 18 200   M    M  10 13     25 140
10  60  42  51   9  14   0 0.00    M    M 16.3 28 260   M    M   5        39 270
11  53  33  43   1  22   0 0.00    M    M  5.5 15 310   M    M   2        22 350
12  52  26  39  -3  26   0 0.00    M    M  1.3  8 210   M    M   0 1      12 150
13  74  37  56  13   9   0    T    M    M  4.6 18 220   M    M   4        23 200
14  74  50  62  19   3   0 1.11    M    M 12.4 45 250   M    M   7 13     63 250
15  54  37  46   3  19   0    T    M    M 16.4 23 240   M    M   7 1      32 240
16  48  31  40  -4  25   0 0.00    M    M  5.9 17 250   M    M   1        26 220
17  52  26  39  -5  26   0    T    M    M  5.0 28 230   M    M   5 1      35 230
================================================================================
SM  811  503       444   0  1.26    M    137.7          M       99
================================================================================
AV 47.7 29.6                               8.1 FASTST   M    M   6    MAX(MPH)
                                 MISC ---->  # 45 250               # 63  250
================================================================================
NOTES:
# LAST OF SEVERAL OCCURRENCES

COLUMN 17 PEAK WIND IN M.P.H.

PRELIMINARY LOCAL CLIMATOLOGICAL DATA (WS FORM: F-6) , PAGE 2

                                          STATION:  CINCINNATI/LUNK ASOS
                                          MONTH:    MARCH
                                          YEAR:     2019
                                          LATITUDE:   39  5 N
                                          LONGITUDE:  84 26 W

[TEMPERATURE DATA]      [PRECIPITATION DATA]       SYMBOLS USED IN COLUMN 16

AVERAGE MONTHLY: 38.7   TOTAL FOR MONTH:   1.26    1 = FOG OR MIST
DPTR FM NORMAL:  -2.7   DPTR FM NORMAL:   -0.67    2 = FOG REDUCING VISIBILITY
HIGHEST:    74 ON 14,13 GRTST 24HR  1.11 ON 14-14      TO 1/4 MILE OR LESS
LOWEST:     10 ON  5                               3 = THUNDER
                        SNOW, ICE PELLETS, HAIL    4 = ICE PELLETS
                        TOTAL MONTH:    M          5 = HAIL
                        GRTST 24HR    M  ON   M    6 = FREEZING RAIN OR DRIZZLE
                        GRTST DEPTH:  M  ON   M    7 = DUSTSTORM OR SANDSTORM:
                                                       VSBY 1/2 MILE OR LESS
                                                   8 = SMOKE OR HAZE
[NO. OF DAYS WITH]      [WEATHER - DAYS WITH]      9 = BLOWING SNOW
                                                   X = TORNADO
MAX 32 OR BELOW:   3    0.01 INCH OR MORE:   4
MAX 90 OR ABOVE:   0    0.10 INCH OR MORE:   2
MIN 32 OR BELOW:  10    0.50 INCH OR MORE:   1
MIN  0 OR BELOW:   0    1.00 INCH OR MORE:   1

[HDD (BASE 65) ]
TOTAL THIS MO.   444    CLEAR  (SCALE 0-3)   5
DPTR FM NORMAL    42    PTCLDY (SCALE 4-7)   7
TOTAL FM JUL 1  4113    CLOUDY (SCALE 8-10)  5
DPTR FM NORMAL   -37

[CDD (BASE 65) ]
TOTAL THIS MO.     0
DPTR FM NORMAL     0    [PRESSURE DATA]
TOTAL FM JAN 1     0    HIGHEST SLP M ON M
DPTR FM NORMAL     0    LOWEST  SLP 29.57 ON 14

[REMARKS]
