000
CXUS51 KILN 261215
CF6LUK
PRELIMINARY LOCAL CLIMATOLOGICAL DATA (WS FORM: F-6)

                                          STATION:   CINCINNATI/LUNK ASOS
                                          MONTH:     MAY
                                          YEAR:      2019
                                          LATITUDE:   39  5 N
                                          LONGITUDE:  84 26 W

  TEMPERATURE IN F:       :PCPN:    SNOW:  WIND      :SUNSHINE: SKY     :PK WND
================================================================================
1   2   3   4   5  6A  6B    7    8   9   10  11  12  13   14  15   16   17  18
                                     12Z  AVG MX 2MIN
DY MAX MIN AVG DEP HDD CDD  WTR  SNW DPTH SPD SPD DIR MIN PSBL S-S WX    SPD DR
================================================================================

 1  81  55  68   9   0   3 0.37    M    M  9.8 37 210   M    M   3 123    46 230
 2  79  62  71  12   0   6 0.04    M    M  2.9 23 290   M    M   6 123    37 270
 3  72  60  66   6   0   1 0.57    M    M  3.3 17 350   M    M   8 12     22 350
 4  63  57  60   0   5   0 0.19    M    M  6.9 12  30   M    M  10 1      18  50
 5  71  50  61   1   4   0 0.00    M    M  5.8 14  10   M    M   5        18  20
 6  76  45  61   1   4   0 0.00    M    M  2.2 12 190   M    M   1 12     14 210
 7  80  49  65   4   0   0 0.00    M    M  2.3 13  40   M    M   2 1      15  40
 8  83  53  68   7   0   3 0.00    M    M  5.9 15 160   M    M   0        23 140
 9  79  60  70   9   0   5 0.33    M    M  9.8 31 240   M    M   5 12     40 240
10  65  51  58  -4   7   0 0.13    M    M  6.0 14 360   M    M  10 1      19 350
11  69  44  57  -5   8   0 0.39    M    M  6.5 16  30   M    M   6 1      20  20
12  54  48  51 -11  14   0 0.10    M    M  6.3 15 250   M    M  10 1      19 240
13  56  50  53  -9  12   0    T    M    M  8.8 18 250   M    M  10        25 250
14  68  41  55  -8  10   0 0.00    M    M  2.0 10 110   M    M   4 12     12 110
15  71  44  58  -5   7   0 0.00    M    M  3.3 14 200   M    M   5 1      23 230
16  77  46  62  -1   3   0 0.22    M    M  5.9 17 200   M    M   2 12     26 210
17  86  61  74  10   0   9    T    M    M  5.4 22 260   M    M   2 123    25 260
18  87  60  74  10   0   9 0.00    M    M  6.3 22 220   M    M   4 12     30 210
19  81  64  73   9   0   8 0.62    M    M 10.6 31 230   M    M   3 1      42 210
20  73  54  64   0   1   0 0.00    M    M  8.4 21 270   M    M   3        26 260
21  71  49  60  -5   5   0    T    M    M  8.0 16  70   M    M   0        22  80
22  84  54  69   4   0   4    T    M    M  4.7 23 210   M    M   4 12     30 210
23  85  62  74   9   0   9 1.25    M    M  5.9 33 220   M    M   6 123    46 220
24  88  65  77  12   0  12    T    M    M  4.6 22 230   M    M   5 12     25 220
25  87  63  75   9   0  10 0.11    M    M  5.9 25 220   M    M   3 12     40 220
================================================================================
SM 1886 1347        80  79  4.32    M    147.5          M      117
================================================================================
AV 75.4 53.9                               5.9 FASTST   M    M   5    MAX(MPH)
                                 MISC ---->  # 37 210               # 46  230
================================================================================
NOTES:
# LAST OF SEVERAL OCCURRENCES

COLUMN 17 PEAK WIND IN M.P.H.

PRELIMINARY LOCAL CLIMATOLOGICAL DATA (WS FORM: F-6) , PAGE 2

                                          STATION:  CINCINNATI/LUNK ASOS
                                          MONTH:    MAY
                                          YEAR:     2019
                                          LATITUDE:   39  5 N
                                          LONGITUDE:  84 26 W

[TEMPERATURE DATA]      [PRECIPITATION DATA]       SYMBOLS USED IN COLUMN 16

AVERAGE MONTHLY: 64.7   TOTAL FOR MONTH:   4.32    1 = FOG OR MIST
DPTR FM NORMAL:   2.3   DPTR FM NORMAL:    0.23    2 = FOG REDUCING VISIBILITY
HIGHEST:    88 ON 24    GRTST 24HR  1.25 ON 23-23      TO 1/4 MILE OR LESS
LOWEST:     41 ON 14                               3 = THUNDER
                        SNOW, ICE PELLETS, HAIL    4 = ICE PELLETS
                        TOTAL MONTH:    M          5 = HAIL
                        GRTST 24HR    M  ON   M    6 = FREEZING RAIN OR DRIZZLE
                        GRTST DEPTH:  M  ON   M    7 = DUSTSTORM OR SANDSTORM:
                                                       VSBY 1/2 MILE OR LESS
                                                   8 = SMOKE OR HAZE
[NO. OF DAYS WITH]      [WEATHER - DAYS WITH]      9 = BLOWING SNOW
                                                   X = TORNADO
MAX 32 OR BELOW:   0    0.01 INCH OR MORE:  12
MAX 90 OR ABOVE:   0    0.10 INCH OR MORE:  11
MIN 32 OR BELOW:   0    0.50 INCH OR MORE:   3
MIN  0 OR BELOW:   0    1.00 INCH OR MORE:   1

[HDD (BASE 65) ]
TOTAL THIS MO.    80    CLEAR  (SCALE 0-3)   9
DPTR FM NORMAL    14    PTCLDY (SCALE 4-7)  12
TOTAL FM JUL 1  4738    CLOUDY (SCALE 8-10)  4
DPTR FM NORMAL   -64

[CDD (BASE 65) ]
TOTAL THIS MO.    79
DPTR FM NORMAL    78    [PRESSURE DATA]
TOTAL FM JAN 1    83    HIGHEST SLP M ON M
DPTR FM NORMAL    82    LOWEST  SLP 29.71 ON M

[REMARKS]
