000
CXUS56 KMTR 221000
CF6LVK
PRELIMINARY LOCAL CLIMATOLOGICAL DATA (WS FORM: F-6)

                                          STATION:   LIVERMORE AIRPORT
                                          MONTH:     MAY
                                          YEAR:      2019
                                          LATITUDE:   37 42 N
                                          LONGITUDE: 121 49 W

  TEMPERATURE IN F:       :PCPN:    SNOW:  WIND      :SUNSHINE: SKY     :PK WND
================================================================================
1   2   3   4   5  6A  6B    7    8   9   10  11  12  13   14  15   16   17  18
                                     12Z  AVG MX 2MIN
DY MAX MIN AVG DEP HDD CDD  WTR  SNW DPTH SPD SPD DIR MIN PSBL S-S WX    SPD DR
================================================================================

 1  76  45  61   1   4   0 0.00  0.0    0  4.9 17 280   M    M   0 18     21 300
 2  79  44  62   2   3   0 0.00  0.0    0  4.4 16 250   M    M   0        20 260
 3  81  44  63   3   2   0 0.00  0.0    0  5.0 15 280   M    M   0        18 290
 4  76  45  61   1   4   0 0.00  0.0    0  7.6 21 280   M    M   1 18     24 280
 5  65  48  57  -4   8   0 0.03  0.0    0 11.7 21 280   M    M   5 1      27 290
 6  66  51  59  -2   6   0 0.00  0.0    0 11.9 21 270   M    M   8        27 290
 7  70  51  61   0   4   0 0.00  0.0    0 10.3 22 280   M    M   5        25 270
 8  75  53  64   3   1   0 0.00  0.0    0  8.4 17 280   M    M   4 1      22 280
 9  68  53  61   0   4   0 0.00  0.0    0 12.1 20 280   M    M   7 18     24 280
10  78  54  66   4   0   1 0.00  0.0    0  8.3 20 290   M    M   3        23 290
11  76  51  64   2   1   0 0.00  0.0    0  9.2 18 280   M    M   2 1      22 280
12  75  51  63   1   2   0 0.00  0.0    0  8.7 16 290   M    M   3        20 260
13  77  49  63   1   2   0 0.00  0.0    0  9.0 20 280   M    M   0 1      24 280
14  69  53  61  -1   4   0 0.00  0.0    0 10.5 21 260   M    M   4        24 270
15  68  52  60  -2   5   0 0.51  0.0    0  8.2 20 270   M    M   9 1      26 200
16  59  50  55  -7  10   0 0.15  0.0    0 12.3 24 270   M    M   8 18     31 260
17  64  49  57  -6   8   0 0.00  0.0    0  8.4 16 250   M    M   6        21 280
18  59  46  53 -10  12   0 0.36  0.0    0  3.6 16  90   M    M   6 18     20 270
19  60  47  54  -9  11   0 0.40    M    0  6.5 17 210   M    M   6 1      23 210
20  65  47  56  -7   9   0 0.00  0.0    0  7.8 21 260   M    M   5 1      25 270
21  62  50  56  -7   9   0 0.13  0.0    0 13.4 25 260   M    M   9 18     31 260
================================================================================
SM 1468 1033       109   1  1.58     0.0 182.2          M       91
================================================================================
AV 69.9 49.2                               8.7 FASTST   M    M   4    MAX(MPH)
                                 MISC ---->  # 25 260               # 31  260
================================================================================
NOTES:
# LAST OF SEVERAL OCCURRENCES

COLUMN 17 PEAK WIND IN M.P.H.

PRELIMINARY LOCAL CLIMATOLOGICAL DATA (WS FORM: F-6) , PAGE 2

                                          STATION:  LIVERMORE AIRPORT
                                          MONTH:    MAY
                                          YEAR:     2019
                                          LATITUDE:   37 42 N
                                          LONGITUDE: 121 49 W

[TEMPERATURE DATA]      [PRECIPITATION DATA]       SYMBOLS USED IN COLUMN 16

AVERAGE MONTHLY: 59.6   TOTAL FOR MONTH:   1.58    1 = FOG OR MIST
DPTR FM NORMAL:  -2.1   DPTR FM NORMAL:    1.06    2 = FOG REDUCING VISIBILITY
HIGHEST:    81 ON  3    GRTST 24HR  0.51 ON 15-15      TO 1/4 MILE OR LESS
LOWEST:     44 ON  3, 2                            3 = THUNDER
                        SNOW, ICE PELLETS, HAIL    4 = ICE PELLETS
                        TOTAL MONTH:   0.0 INCH    5 = HAIL
                        GRTST 24HR     0.0         6 = FREEZING RAIN OR DRIZZLE
                        GRTST DEPTH:   0           7 = DUSTSTORM OR SANDSTORM:
                                                       VSBY 1/2 MILE OR LESS
                                                   8 = SMOKE OR HAZE
[NO. OF DAYS WITH]      [WEATHER - DAYS WITH]      9 = BLOWING SNOW
                                                   X = TORNADO
MAX 32 OR BELOW:   0    0.01 INCH OR MORE:   6
MAX 90 OR ABOVE:   0    0.10 INCH OR MORE:   5
MIN 32 OR BELOW:   0    0.50 INCH OR MORE:   1
MIN  0 OR BELOW:   0    1.00 INCH OR MORE:   0

[HDD (BASE 65) ]
TOTAL THIS MO.   109    CLEAR  (SCALE 0-3)   7
DPTR FM NORMAL    13    PTCLDY (SCALE 4-7)  11
TOTAL FM JUL 1  2453    CLOUDY (SCALE 8-10)  3
DPTR FM NORMAL  -265

[CDD (BASE 65) ]
TOTAL THIS MO.     1
DPTR FM NORMAL   -27    [PRESSURE DATA]
TOTAL FM JAN 1    23    HIGHEST SLP M ON M
DPTR FM NORMAL   -14    LOWEST  SLP 29.65 ON 15

[REMARKS]
