000
CXUS55 KBYZ 191056
CF6LVM
PRELIMINARY LOCAL CLIMATOLOGICAL DATA (WS FORM: F-6)

                                          STATION:   LIVINGSTON MT
                                          MONTH:     MARCH
                                          YEAR:      2019
                                          LATITUDE:   45 41 N
                                          LONGITUDE: 110 26 W

  TEMPERATURE IN F:       :PCPN:    SNOW:  WIND      :SUNSHINE: SKY     :PK WND
================================================================================
1   2   3   4   5  6A  6B    7    8   9   10  11  12  13   14  15   16   17  18
                                     12Z  AVG MX 2MIN
DY MAX MIN AVG DEP HDD CDD  WTR  SNW DPTH SPD SPD DIR MIN PSBL S-S WX    SPD DR
================================================================================

 1  28  -1  14 -18  51   0    T    M    M 18.6 29 100   M    M   5 12     35 100
 2  -1 -11  -6 -38  71   0    T    M    M 15.0 24  80   M    M  10 18     28  80
 3  -3 -28 -15 -47  80   0 0.00    M    M  5.6 14 320   M    M   3 18     17 320
 4   7 -32 -12 -45  77   0 0.00    M    M 10.1 18 320   M    M   0 18     20 320
 5  16 -16   0 -33  65   0    T    M    M  6.6 23 320   M    M   0        25 320
 6  16   1   9 -24  56   0 0.12    M    M  9.1 24  80   M    M   8 18     26  80
 7  44  -1  22 -12  43   0 0.07    M    M  8.7 29 270   M    M   5 18     34 250
 8  30  22  26  -8  39   0 0.04    M    M  7.5 16 250   M    M   9 1      19 270
 9  29   2  16 -18  49   0    T    M    M  6.8 16 320   M    M   6 8      21 280
10  29  -3  13 -21  52   0 0.00    M    M 11.5 22 310   M    M   0        33 280
11  37   5  21 -14  44   0 0.00    M    M   M   M   M   M    M   0 89     55 230
12  42  14  28  -7  37   0    T    M    M 17.0 41 270   M    M   0 8      60 270
13  29  11  20 -15  45   0 0.03    M    M  6.8 24 320   M    M   7 1      29 330
14  33  19  26  -9  39   0    T    M    M 10.4 22 260   M    M   6 1      26 260
15  41  17  29  -7  36   0 0.00    M    M 18.5 37 240   M    M   1 8      46 270
16  41  18  30  -6  35   0 0.00    M    M 12.2 28 230   M    M   0        35 230
17  40  17  29  -7  36   0 0.00    M    M  6.6 13 320   0    0   0         M  M
18  40   9  25 -11  40   0 0.00    M    M  8.6 17 240   M    M   0        19 240
================================================================================
SM  498   43       895   0  0.26    M    179.6            0     60
================================================================================
AV 27.7  2.4                              10.6 FASTST    0   0   3    MAX(MPH)
                                 MISC ---->  # 41 270               # 60  270
================================================================================
NOTES:
# LAST OF SEVERAL OCCURRENCES

COLUMN 17 PEAK WIND IN M.P.H.

PRELIMINARY LOCAL CLIMATOLOGICAL DATA (WS FORM: F-6) , PAGE 2

                                          STATION:  LIVINGSTON MT
                                          MONTH:    MARCH
                                          YEAR:     2019
                                          LATITUDE:   45 41 N
                                          LONGITUDE: 110 26 W

[TEMPERATURE DATA]      [PRECIPITATION DATA]       SYMBOLS USED IN COLUMN 16

AVERAGE MONTHLY: 15.0   TOTAL FOR MONTH:   0.26    1 = FOG OR MIST
DPTR FM NORMAL: -19.1   DPTR FM NORMAL:   -0.15    2 = FOG REDUCING VISIBILITY
HIGHEST:    44 ON  7    GRTST 24HR  0.12 ON  6- 6      TO 1/4 MILE OR LESS
LOWEST:    -32 ON  4                               3 = THUNDER
                        SNOW, ICE PELLETS, HAIL    4 = ICE PELLETS
                        TOTAL MONTH:    M          5 = HAIL
                        GRTST 24HR    M  ON   M    6 = FREEZING RAIN OR DRIZZLE
                        GRTST DEPTH:  M  ON   M    7 = DUSTSTORM OR SANDSTORM:
                                                       VSBY 1/2 MILE OR LESS
                                                   8 = SMOKE OR HAZE
[NO. OF DAYS WITH]      [WEATHER - DAYS WITH]      9 = BLOWING SNOW
                                                   X = TORNADO
MAX 32 OR BELOW:  10    0.01 INCH OR MORE:   4
MAX 90 OR ABOVE:   0    0.10 INCH OR MORE:   1
MIN 32 OR BELOW:  18    0.50 INCH OR MORE:   0
MIN  0 OR BELOW:   7    1.00 INCH OR MORE:   0

[HDD (BASE 65) ]
TOTAL THIS MO.   895    CLEAR  (SCALE 0-3)  10
DPTR FM NORMAL   340    PTCLDY (SCALE 4-7)   6
TOTAL FM JUL 1  6521    CLOUDY (SCALE 8-10)  2
DPTR FM NORMAL   618

[CDD (BASE 65) ]
TOTAL THIS MO.     0
DPTR FM NORMAL     0    [PRESSURE DATA]
TOTAL FM JAN 1     0    HIGHEST SLP  0.00 ON 17
DPTR FM NORMAL     0    LOWEST  SLP 29.60 ON M

[REMARKS]
