000
CXUS55 KBYZ 261057
CF6LVM
PRELIMINARY LOCAL CLIMATOLOGICAL DATA (WS FORM: F-6)

                                          STATION:   LIVINGSTON MT
                                          MONTH:     MAY
                                          YEAR:      2019
                                          LATITUDE:   45 41 N
                                          LONGITUDE: 110 26 W

  TEMPERATURE IN F:       :PCPN:    SNOW:  WIND      :SUNSHINE: SKY     :PK WND
================================================================================
1   2   3   4   5  6A  6B    7    8   9   10  11  12  13   14  15   16   17  18
                                     12Z  AVG MX 2MIN
DY MAX MIN AVG DEP HDD CDD  WTR  SNW DPTH SPD SPD DIR MIN PSBL S-S WX    SPD DR
================================================================================

 1  52  19  36 -10  29   0    T    M    M 10.5 23 280   M    M   5 1      29 260
 2  50  30  40  -7  25   0    T    M    M 15.3 30 220   M    M   6 1      38 220
 3  64  28  46  -1  19   0 0.00    M    M 15.7 29 220   M    M   1        38 230
 4  69  36  53   6  12   0 0.00    M    M 12.9 26 270   M    M   7        31  80
 5  45  35  40  -8  25   0    T    M    M 13.4 23  70   M    M  10        28  90
 6  49  30  40  -8  25   0 0.02    M    M 10.0 23  70   M    M   8 1      27  70
 7  57  34  46  -2  19   0 0.02    M    M  7.0 23  80   M    M   9        27  70
 8  56  37  47  -1  18   0 0.04    M    M 13.1 30  80   M    M   8        37  60
 9  55  29  42  -7  23   0 0.01    M    M 10.4 22  70   M    M   4 1      27  70
10  63  27  45  -4  20   0 0.05    M    M 12.8 28 220   M    M   6        37 220
11  71  41  56   7   9   0 0.08    M    M  9.1 20 300   M    M   4        24 310
12  77  36  57   7   8   0 0.00    M    M 11.4 28 260   M    M   0        36 280
13  80  39  60  10   5   0 0.00    M    M 11.6 26 270   M    M   2        33 280
14  78  45  62  12   3   0    T    M    M 13.5 44 200   M    M   1        58 220
15  75  52  64  14   1   0 0.07    M    M 10.9 31 210   M    M   7        38 200
16  54  46  50  -1  15   0 0.11    M    M 19.3 31  90   M    M  10 1      37  90
17  51  41  46  -5  19   0 0.52    M    M  8.7 18 120   M    M  10 1      22  80
18  42  33  38 -13  27   0 0.09    M    M 15.5 25  80   M    M  10 1      32  80
19  39  31  35 -17  30   0    T    M    M 21.2 29  80   M    M  10 1      36  80
20  42  34  38 -14  27   0 0.05    M    M 18.5 23  70   M    M  10 1      30  80
21  49  34  42 -10  23   0 0.10    M    M 16.6 28  70   M    M  10 1      33  80
22  51  33  42 -10  23   0 0.18    M    M  5.5 20  80   M    M  10 1      25  80
23  58  38  48  -5  17   0    T    M    M 12.7 29  80   M    M   9        36  80
24  59  42  51  -2  14   0 0.10    M    M 10.6 21 210   M    M   9 1      26 220
25  68  40  54   1  11   0    T    M    M  9.1 23 130   M    M   5 3      29 140
================================================================================
SM 1454  890       447   0  1.44    M    315.3          M      171
================================================================================
AV 58.2 35.6                              12.6 FASTST   M    M   7    MAX(MPH)
                                 MISC ---->  # 44 200               # 58  220
================================================================================
NOTES:
# LAST OF SEVERAL OCCURRENCES

COLUMN 17 PEAK WIND IN M.P.H.

PRELIMINARY LOCAL CLIMATOLOGICAL DATA (WS FORM: F-6) , PAGE 2

                                          STATION:  LIVINGSTON MT
                                          MONTH:    MAY
                                          YEAR:     2019
                                          LATITUDE:   45 41 N
                                          LONGITUDE: 110 26 W

[TEMPERATURE DATA]      [PRECIPITATION DATA]       SYMBOLS USED IN COLUMN 16

AVERAGE MONTHLY: 46.9   TOTAL FOR MONTH:   1.44    1 = FOG OR MIST
DPTR FM NORMAL:  -3.0   DPTR FM NORMAL:   -0.63    2 = FOG REDUCING VISIBILITY
HIGHEST:    80 ON 13    GRTST 24HR  0.52 ON 17-17      TO 1/4 MILE OR LESS
LOWEST:     19 ON  1                               3 = THUNDER
                        SNOW, ICE PELLETS, HAIL    4 = ICE PELLETS
                        TOTAL MONTH:    M          5 = HAIL
                        GRTST 24HR    M  ON   M    6 = FREEZING RAIN OR DRIZZLE
                        GRTST DEPTH:  M  ON   M    7 = DUSTSTORM OR SANDSTORM:
                                                       VSBY 1/2 MILE OR LESS
                                                   8 = SMOKE OR HAZE
[NO. OF DAYS WITH]      [WEATHER - DAYS WITH]      9 = BLOWING SNOW
                                                   X = TORNADO
MAX 32 OR BELOW:   0    0.01 INCH OR MORE:  14
MAX 90 OR ABOVE:   0    0.10 INCH OR MORE:   5
MIN 32 OR BELOW:   7    0.50 INCH OR MORE:   1
MIN  0 OR BELOW:   0    1.00 INCH OR MORE:   0

[HDD (BASE 65) ]
TOTAL THIS MO.   447    CLEAR  (SCALE 0-3)   4
DPTR FM NORMAL    67    PTCLDY (SCALE 4-7)   9
TOTAL FM JUL 1  7990    CLOUDY (SCALE 8-10) 12
DPTR FM NORMAL   662

[CDD (BASE 65) ]
TOTAL THIS MO.     0
DPTR FM NORMAL     0    [PRESSURE DATA]
TOTAL FM JAN 1     0    HIGHEST SLP M ON M
DPTR FM NORMAL     0    LOWEST  SLP 29.47 ON 17

[REMARKS]
