000
CXUS55 KABQ 261000
CF6LVS
PRELIMINARY LOCAL CLIMATOLOGICAL DATA (WS FORM: F-6)

                                          STATION:   LAS VEGAS NM
                                          MONTH:     MAY
                                          YEAR:      2019
                                          LATITUDE:   35 39 N
                                          LONGITUDE: 105  8 W

  TEMPERATURE IN F:       :PCPN:    SNOW:  WIND      :SUNSHINE: SKY     :PK WND
================================================================================
1   2   3   4   5  6A  6B    7    8   9   10  11  12  13   14  15   16   17  18
                                     12Z  AVG MX 2MIN
DY MAX MIN AVG DEP HDD CDD  WTR  SNW DPTH SPD SPD DIR MIN PSBL S-S WX    SPD DR
================================================================================

 1  68  41  55   3  10   0 0.00    M    M 16.0 32 240   M    M   1        42 230
 2  64  37  51  -1  14   0 0.00  0.0    0 13.3 28 180   M    M   6 1      35 180
 3  69  34  52   0  13   0 0.00    M    M  7.8 23 130   M    M   1 12     29 130
 4  72  37  55   2  10   0 0.00    M    M 13.0 30 200   M    M   2        40 200
 5  75  37  56   3   9   0 0.00    M    M  9.7 29 240   M    M   0        35 230
 6  77  38  58   5   7   0 0.00    M    M 12.1 31 230   M    M   1        39 220
 7  68  41  55   2  10   0 0.00    M    M 10.4 31 200   M    M   2        40 160
 8  64  32  48  -6  17   0 0.41    M    M  9.8 24  50   M    M   2 13     28  50
 9  45  32  39 -15  26   0 0.22    M    M 10.1 20 150   M    M  10 1      24 150
10  40  31  36 -18  29   0 0.28    M    M  8.8 17 190   M    M  10 12     22 160
11  58  37  48  -6  17   0 0.09    M    M  7.1 21  30   M    M   8 123    24  30
12  61  33  47  -8  18   0    T    M    M  6.9 23 250   M    M   1 3      31 240
13  71  35  53  -2  12   0 0.00    M    M  8.5 22 100   M    M   1        27 270
14  75  39  57   2   8   0 0.00    M    M  7.7 25 190   M    M   2 3      32 310
15  76  41  59   3   6   0 0.00    M    M  7.0 21 360   M    M   2        27  10
16  79  45  62   6   3   0 0.00    M    M 15.6 31 210   M    M   1        43 180
17  68  44  56   0   9   0 0.00    M    M 17.7 35 260   M    M   1        40 260
18  62  39  51  -5  14   0 0.00    M    M 14.6 36 290   M    M   0        47 290
19  65  34  50  -7  15   0 0.00    M    M 11.8 26 170   M    M   1        35 180
20  64  31  48  -9  17   0    T    M    M 18.9 39 200   M    M   6        51 210
21  58  31  45 -12  20   0 0.00    M    M 17.0 39 260   M    M   2        49 280
22  70  40  55  -3  10   0 0.00    M    M 20.0 39 190   M    M   0        47 210
23  70  36  53  -5  12   0 0.00    M    M 15.9 49 210   M    M   2        62 210
24  70  31  51  -7  14   0 0.00    M    M 12.4 28 220   M    M   0        36 220
25  77  37  57  -1   8   0 0.00    M    M 14.4 33 230   M    M   0        46 230
================================================================================
SM 1666  913       328   0  1.00     0.0 306.5          M       62
================================================================================
AV 66.6 36.5                              12.3 FASTST   M    M   2    MAX(MPH)
                                 MISC ---->  # 49 210               # 62  210
================================================================================
NOTES:
# LAST OF SEVERAL OCCURRENCES

COLUMN 17 PEAK WIND IN M.P.H.

PRELIMINARY LOCAL CLIMATOLOGICAL DATA (WS FORM: F-6) , PAGE 2

                                          STATION:  LAS VEGAS NM
                                          MONTH:    MAY
                                          YEAR:     2019
                                          LATITUDE:   35 39 N
                                          LONGITUDE: 105  8 W

[TEMPERATURE DATA]      [PRECIPITATION DATA]       SYMBOLS USED IN COLUMN 16

AVERAGE MONTHLY: 51.6   TOTAL FOR MONTH:   1.00    1 = FOG OR MIST
DPTR FM NORMAL:  -3.4   DPTR FM NORMAL:   -0.14    2 = FOG REDUCING VISIBILITY
HIGHEST:    79 ON 16    GRTST 24HR  0.41 ON  8- 8      TO 1/4 MILE OR LESS
LOWEST:     31 ON 10,20                            3 = THUNDER
                        SNOW, ICE PELLETS, HAIL    4 = ICE PELLETS
                        TOTAL MONTH:   0.0 INCH    5 = HAIL
                        GRTST 24HR     0.0         6 = FREEZING RAIN OR DRIZZLE
                        GRTST DEPTH:   0           7 = DUSTSTORM OR SANDSTORM:
                                                       VSBY 1/2 MILE OR LESS
                                                   8 = SMOKE OR HAZE
[NO. OF DAYS WITH]      [WEATHER - DAYS WITH]      9 = BLOWING SNOW
                                                   X = TORNADO
MAX 32 OR BELOW:   0    0.01 INCH OR MORE:   4
MAX 90 OR ABOVE:   0    0.10 INCH OR MORE:   3
MIN 32 OR BELOW:   6    0.50 INCH OR MORE:   0
MIN  0 OR BELOW:   0    1.00 INCH OR MORE:   0

[HDD (BASE 65) ]
TOTAL THIS MO.   328    CLEAR  (SCALE 0-3)  20
DPTR FM NORMAL    75    PTCLDY (SCALE 4-7)   3
TOTAL FM JUL 1  3810    CLOUDY (SCALE 8-10)  2
DPTR FM NORMAL -2050

[CDD (BASE 65) ]
TOTAL THIS MO.     0
DPTR FM NORMAL     0    [PRESSURE DATA]
TOTAL FM JAN 1     0    HIGHEST SLP M ON M
DPTR FM NORMAL     0    LOWEST  SLP 29.44 ON 20

[REMARKS]
