000
CXUS53 KTOP 190800
CF6LWC
PRELIMINARY LOCAL CLIMATOLOGICAL DATA (WS FORM: F-6)

                                          STATION:   Lawrence KS
                                          MONTH:     MAY
                                          YEAR:      2019
                                          LATITUDE:   39  0 N
                                          LONGITUDE:  95 13 W

  TEMPERATURE IN F:       :PCPN:    SNOW:  WIND      :SUNSHINE: SKY     :PK WND
================================================================================
1   2   3   4   5  6A  6B    7    8   9   10  11  12  13   14  15   16   17  18
                                     12Z  AVG MX 2MIN
DY MAX MIN AVG DEP HDD CDD  WTR  SNW DPTH SPD SPD DIR MIN PSBL S-S WX    SPD DR
================================================================================

 1  65  54  60   0   5   0 0.45    M    M  4.6 16 340   M    M  10 13     25  40
 2  64  50  57  -3   8   0 0.17    M    M  9.3 22 330   M    M   5 13     29 340
 3  62  46  54  -6  11   0    T    M    M  5.6 13  60   M    M   9        17  50
 4  72  40  56  -5   9   0 0.00    M    M  2.8 10  80   M    M   1 12     17  90
 5  78  47  63   2   2   0 0.63    M    M  8.8 22 360   M    M   0 13     33 170
 6  80  51  66   5   0   1 0.83    M    M  7.0 25 130   M    M   4 123    33 140
 7  68  60  64   2   1   0 0.93    M    M  9.5 22 100   M    M   7 13     26 100
 8  74  52  63   1   2   0 1.18    M    M 11.6 23 300   M    M   7 13     31 310
 9  52  41  47 -15  18   0 0.00    M    M 12.0 22 330   M    M   9        30 350
10  64  38  51 -12  14   0    T    M    M  5.3 13  50   M    M   5        20  60
11  58  49  54  -9  11   0 0.07    M    M  5.1 10 120   M    M   9        14 120
12  66  47  57  -6   8   0 0.31    M    M  4.8 26 360   M    M   6 1      37 320
13  72  42  57  -7   8   0 0.00    M    M  4.9 12 160   M    M   1 1      16 150
14  84  52  68   4   0   3 0.00    M    M  6.2 15 200   M    M   0        22 200
15  86  56  71   7   0   6 0.00    M    M  5.1 15 120   M    M   1 1      19 140
16  91  66  79  14   0  14 0.00    M    M 11.5 25 210   M    M   0        35 220
17  88  67  78  13   0  13 0.00    M    M 12.8 24 170   M    M   2        34 160
18  74  62  68   3   0   3 1.23    M    M  8.9 25 290   M    M   8 13     36 310
================================================================================
SM 1298  920        97  40  5.80    M    135.8          M       84
================================================================================
AV 72.1 51.1                               7.5 FASTST   M    M   5    MAX(MPH)
                                 MISC ---->  # 26 360               # 37  320
================================================================================
NOTES:
# LAST OF SEVERAL OCCURRENCES

COLUMN 17 PEAK WIND IN M.P.H.

PRELIMINARY LOCAL CLIMATOLOGICAL DATA (WS FORM: F-6) , PAGE 2

                                          STATION:  Lawrence KS
                                          MONTH:    MAY
                                          YEAR:     2019
                                          LATITUDE:   39  0 N
                                          LONGITUDE:  95 13 W

[TEMPERATURE DATA]      [PRECIPITATION DATA]       SYMBOLS USED IN COLUMN 16

AVERAGE MONTHLY: 61.6   TOTAL FOR MONTH:   5.80    1 = FOG OR MIST
DPTR FM NORMAL:  -0.9   DPTR FM NORMAL:    3.01    2 = FOG REDUCING VISIBILITY
HIGHEST:    91 ON 16    GRTST 24HR  1.85 ON 30- 1      TO 1/4 MILE OR LESS
LOWEST:     38 ON 10                               3 = THUNDER
                        SNOW, ICE PELLETS, HAIL    4 = ICE PELLETS
                        TOTAL MONTH:    M          5 = HAIL
                        GRTST 24HR    M  ON   M    6 = FREEZING RAIN OR DRIZZLE
                        GRTST DEPTH:  M  ON   M    7 = DUSTSTORM OR SANDSTORM:
                                                       VSBY 1/2 MILE OR LESS
                                                   8 = SMOKE OR HAZE
[NO. OF DAYS WITH]      [WEATHER - DAYS WITH]      9 = BLOWING SNOW
                                                   X = TORNADO
MAX 32 OR BELOW:   0    0.01 INCH OR MORE:   9
MAX 90 OR ABOVE:   1    0.10 INCH OR MORE:   8
MIN 32 OR BELOW:   0    0.50 INCH OR MORE:   5
MIN  0 OR BELOW:   0    1.00 INCH OR MORE:   2

[HDD (BASE 65) ]
TOTAL THIS MO.    97    CLEAR  (SCALE 0-3)   7
DPTR FM NORMAL    15    PTCLDY (SCALE 4-7)   7
TOTAL FM JUL 1  5376    CLOUDY (SCALE 8-10)  4
DPTR FM NORMAL   315

[CDD (BASE 65) ]
TOTAL THIS MO.    40
DPTR FM NORMAL     4    [PRESSURE DATA]
TOTAL FM JAN 1    58    HIGHEST SLP M ON M
DPTR FM NORMAL    -1    LOWEST  SLP 29.44 ON 18

[REMARKS]
