000
CXUS53 KTOP 180800
CF6LWC
PRELIMINARY LOCAL CLIMATOLOGICAL DATA (WS FORM: F-6)

                                          STATION:   Lawrence KS
                                          MONTH:     MARCH
                                          YEAR:      2019
                                          LATITUDE:   39  0 N
                                          LONGITUDE:  95 13 W

  TEMPERATURE IN F:       :PCPN:    SNOW:  WIND      :SUNSHINE: SKY     :PK WND
================================================================================
1   2   3   4   5  6A  6B    7    8   9   10  11  12  13   14  15   16   17  18
                                     12Z  AVG MX 2MIN
DY MAX MIN AVG DEP HDD CDD  WTR  SNW DPTH SPD SPD DIR MIN PSBL S-S WX    SPD DR
================================================================================

 1  37  15  26 -13  39   0 0.00    M    M  2.8 13 350   M    M   5         M  M
 2  33  20  27 -12  38   0 0.00    M    M 12.4 22  10   M    M   5        28  10
 3  21  -1  10 -29  55   0    M    M    M 14.1 23 350   M    M   5 1      33 360
 4  19  -5   7 -33  58   0 0.00    M    M  8.8 17 300   M    M   0        23 300
 5  27   5  16 -24  49   0 0.00    M    M  9.3 23 300   M    M   0        29 300
 6  38   5  22 -19  43   0 0.00    M    M  6.2 14 130   M    M   0        19 190
 7  42  29  36  -5  29   0 0.00    M    M 11.5 20 100   M    M   5        27 100
 8  49  34  42   1  23   0 0.01    M    M  8.1 16 110   M    M   9 12     21 110
 9  61  32  47   5  18   0 0.34    M    M 18.4 38 300   M    M   9 13     50 300
10  48  27  38  -4  27   0 0.00    M    M  7.0 14 300   M    M   0        18 300
11  55  26  41  -1  24   0 0.00    M    M  3.9 10 100   M    M   0        16  80
12  54  40  47   4  18   0 0.63    M    M 10.5 22 150   M    M  10 13     28 180
13  63  53  58  15   7   0 0.48    M    M 21.2 36 160   M    M   8 13     50 150
14  59  37  48   4  17   0 0.01    M    M 21.6 37 220   M    M  10 18     51 230
15  52  26  39  -5  26   0 0.00    M    M 12.7 24 300   M    M   1        32 310
16  62  22  42  -2  23   0 0.00    M    M  7.5 22 260   M    M   0        29 300
17  57  26  42  -3  23   0 0.00    M    M  5.2 14 360   M    M   3        19 350
================================================================================
SM  777  391       517   0  1.47    M    181.2          M       70
================================================================================
AV 45.7 23.0                              10.7 FASTST   M    M   4    MAX(MPH)
                                 MISC ---->  # 38 300               # 51  230
================================================================================
NOTES:
# LAST OF SEVERAL OCCURRENCES

COLUMN 17 PEAK WIND IN M.P.H.

PRELIMINARY LOCAL CLIMATOLOGICAL DATA (WS FORM: F-6) , PAGE 2

                                          STATION:  Lawrence KS
                                          MONTH:    MARCH
                                          YEAR:     2019
                                          LATITUDE:   39  0 N
                                          LONGITUDE:  95 13 W

[TEMPERATURE DATA]      [PRECIPITATION DATA]       SYMBOLS USED IN COLUMN 16

AVERAGE MONTHLY: 34.4   TOTAL FOR MONTH:   1.47    1 = FOG OR MIST
DPTR FM NORMAL:  -7.4   DPTR FM NORMAL:    0.07    2 = FOG REDUCING VISIBILITY
HIGHEST:    63 ON 13    GRTST 24HR  0.63 ON 12-12      TO 1/4 MILE OR LESS
LOWEST:     -5 ON  4                               3 = THUNDER
                        SNOW, ICE PELLETS, HAIL    4 = ICE PELLETS
                        TOTAL MONTH:    M          5 = HAIL
                        GRTST 24HR    M  ON   M    6 = FREEZING RAIN OR DRIZZLE
                        GRTST DEPTH:  M  ON   M    7 = DUSTSTORM OR SANDSTORM:
                                                       VSBY 1/2 MILE OR LESS
                                                   8 = SMOKE OR HAZE
[NO. OF DAYS WITH]      [WEATHER - DAYS WITH]      9 = BLOWING SNOW
                                                   X = TORNADO
MAX 32 OR BELOW:   3    0.01 INCH OR MORE:   5
MAX 90 OR ABOVE:   0    0.10 INCH OR MORE:   3
MIN 32 OR BELOW:  13    0.50 INCH OR MORE:   1
MIN  0 OR BELOW:   2    1.00 INCH OR MORE:   0

[HDD (BASE 65) ]
TOTAL THIS MO.   517    CLEAR  (SCALE 0-3)   8
DPTR FM NORMAL   121    PTCLDY (SCALE 4-7)   4
TOTAL FM JUL 1  4799    CLOUDY (SCALE 8-10)  5
DPTR FM NORMAL   388

[CDD (BASE 65) ]
TOTAL THIS MO.     0
DPTR FM NORMAL     0    [PRESSURE DATA]
TOTAL FM JAN 1     0    HIGHEST SLP  0.00 ON  1
DPTR FM NORMAL     0    LOWEST  SLP 29.07 ON 13

[REMARKS]
