000
CXUS53 KTOP 260800
CF6LWC
PRELIMINARY LOCAL CLIMATOLOGICAL DATA (WS FORM: F-6)

                                          STATION:   Lawrence KS
                                          MONTH:     MAY
                                          YEAR:      2018
                                          LATITUDE:   39  0 N
                                          LONGITUDE:  95 13 W

  TEMPERATURE IN F:       :PCPN:    SNOW:  WIND      :SUNSHINE: SKY     :PK WND
================================================================================
1   2   3   4   5  6A  6B    7    8   9   10  11  12  13   14  15   16   17  18
                                     12Z  AVG MX 2MIN
DY MAX MIN AVG DEP HDD CDD  WTR  SNW DPTH SPD SPD DIR MIN PSBL S-S WX    SPD DR
================================================================================

 1  79  63  71  11   0   6 0.07    M    M 14.2 26 180   M    M   6 3      39 190
 2  84  62  73  13   0   8 0.79    M    M 10.4 30 330   M    M   8 13     39 200
 3  81  56  69   9   0   4 0.20    M    M 11.6 28 320   M    M   2 13     39 300
 4  80  54  67   6   0   2 0.00    M    M  5.6 24 320   M    M   2        30 330
 5  85  47  66   5   0   1 0.00    M    M  4.8 17  30   M    M   0        25  20
 6  88  50  69   8   0   4 0.00    M    M  5.5 15 340   M    M   1 8      20 350
 7  86  61  74  12   0   9 0.00    M    M  6.5 14  50   M    M   0        20  40
 8  88  61  75  13   0  10 0.00    M    M 13.3 21 160   0    0   0        35 170
 9  87  59  73  11   0   8 0.00    M    M  7.5 21 310   M    M   0        30 300
10  90  58  74  11   0   9 0.00    M    M  6.0 18 150   M    M   1        26 150
11  88  66  77  14   0  12    T    M    M 12.7 24 200   M    M   3 3      36 210
12  87  69  78  15   0  13 0.04    M    M 11.5 22 170   M    M   3 38     31 170
13  93  68  81  17   0  16    T    M    M 10.9 22 160   M    M   3        30 140
14  86  67  77  13   0  12 0.05    M    M  6.6 24 110   M    M   1 38     28 110
15  81  61  71   7   0   6 0.00    M    M  7.1 14  30   M    M   5        19  20
16  84  57  71   6   0   6 0.02    M    M  5.1 21  20   M    M   2 13     27 360
17  87  57  72   7   0   7 0.00    M    M  6.5 23 140   M    M   1 8      30 140
18  88  53  71   6   0   6 0.00    M    M  5.8 17 120   M    M   1 8      22 130
19  81  66  74   8   0   9 0.38    M    M  4.6 22 210   M    M   5 13     32 190
20  71  59  65  -1   0   0 0.36    M    M  3.9 13 120   M    M   7 123    16 130
21  77  59  68   2   0   3 0.00    M    M  5.7 14 300   M    M   5 1      19 270
22  87  56  72   5   0   7 0.00    M    M  4.9 16 140   M    M   1 1      21 140
23  92  64  78  11   0  13 0.00    M    M  8.5 18 150   M    M   1        26 170
24  88  66  77  10   0  12 0.43    M    M  7.4 25 340   M    M   1 138    45 330
25  87  67  77   9   0  12 0.37    M    M  6.0 17 110   M    M   1 13     23 120
================================================================================
SM 2125 1506         0 195  2.71    M    192.6            0     60
================================================================================
AV 85.0 60.2                               7.7 FASTST    0   0   2    MAX(MPH)
                                 MISC ---->  # 30 330               # 45  330
================================================================================
NOTES:
# LAST OF SEVERAL OCCURRENCES

COLUMN 17 PEAK WIND IN M.P.H.

PRELIMINARY LOCAL CLIMATOLOGICAL DATA (WS FORM: F-6) , PAGE 2

                                          STATION:  Lawrence KS
                                          MONTH:    MAY
                                          YEAR:     2018
                                          LATITUDE:   39  0 N
                                          LONGITUDE:  95 13 W

[TEMPERATURE DATA]      [PRECIPITATION DATA]       SYMBOLS USED IN COLUMN 16

AVERAGE MONTHLY: 72.6   TOTAL FOR MONTH:   2.71    1 = FOG OR MIST
DPTR FM NORMAL:   8.9   DPTR FM NORMAL:   -1.41    2 = FOG REDUCING VISIBILITY
HIGHEST:    93 ON 13    GRTST 24HR  0.79 ON  2- 2      TO 1/4 MILE OR LESS
LOWEST:     47 ON  5                               3 = THUNDER
                        SNOW, ICE PELLETS, HAIL    4 = ICE PELLETS
                        TOTAL MONTH:    M          5 = HAIL
                        GRTST 24HR    M  ON   M    6 = FREEZING RAIN OR DRIZZLE
                        GRTST DEPTH:  M  ON   M    7 = DUSTSTORM OR SANDSTORM:
                                                       VSBY 1/2 MILE OR LESS
                                                   8 = SMOKE OR HAZE
[NO. OF DAYS WITH]      [WEATHER - DAYS WITH]      9 = BLOWING SNOW
                                                   X = TORNADO
MAX 32 OR BELOW:   0    0.01 INCH OR MORE:  10
MAX 90 OR ABOVE:   3    0.10 INCH OR MORE:   6
MIN 32 OR BELOW:   0    0.50 INCH OR MORE:   1
MIN  0 OR BELOW:   0    1.00 INCH OR MORE:   0

[HDD (BASE 65) ]
TOTAL THIS MO.     0    CLEAR  (SCALE 0-3)  18
DPTR FM NORMAL   -98    PTCLDY (SCALE 4-7)   6
TOTAL FM JUL 1  5090    CLOUDY (SCALE 8-10)  1
DPTR FM NORMAL    13

[CDD (BASE 65) ]
TOTAL THIS MO.   195
DPTR FM NORMAL   131    [PRESSURE DATA]
TOTAL FM JAN 1   202    HIGHEST SLP  0.00 ON M
DPTR FM NORMAL   115    LOWEST  SLP 29.63 ON 11

[REMARKS]
