542
CXUS53 KDMX 190920
CF6LWD
PRELIMINARY LOCAL CLIMATOLOGICAL DATA (WS FORM: F-6)

                                          STATION:   LAMONI IA
                                          MONTH:     MAY
                                          YEAR:      2019
                                          LATITUDE:   40 37 N
                                          LONGITUDE:  93 56 W

  TEMPERATURE IN F:       :PCPN:    SNOW:  WIND      :SUNSHINE: SKY     :PK WND
================================================================================
1   2   3   4   5  6A  6B    7    8   9   10  11  12  13   14  15   16   17  18
                                     12Z  AVG MX 2MIN
DY MAX MIN AVG DEP HDD CDD  WTR  SNW DPTH SPD SPD DIR MIN PSBL S-S WX    SPD DR
================================================================================

 1  59  47  53  -3  12   0 0.05  0.0    0  5.7 15  20   M    M  10 1      20 360
 2  61  47  54  -3  11   0    T  0.0    0  6.9 16 360   M    M   5 1      24 360
 3  59  43  51  -6  14   0 0.01  0.0    0  4.4 10  60   M    M   5 1      16 110
 4  69  40  55  -2  10   0 0.00  0.0    0  4.3  9 190   M    M   0        13 210
 5  75  51  63   5   2   0    T  0.0    0 10.3 33 230   M    M   3        49 240
 6  73  53  63   5   2   0 0.28  0.0    0  8.0 21 350   M    M   3 1      31  10
 7  57  53  55  -3  10   0 0.02  0.0    0 10.3 16  50   M    M   9 1      24  90
 8  70  49  60   1   5   0 0.55  0.0    0 12.7 26 200   M    M   9 1      37 220
 9  49  39  44 -15  21   0 0.01  0.0    0 11.9 23 320   M    M   9        30 330
10  62  38  50  -9  15   0 0.00  0.0    0  5.1 13 330   M    M   4        17 340
11  53  45  49 -11  16   0 0.05  0.0    0  4.5 12 170   M    M   9        17 120
12  53  43  48 -12  17   0 0.15    M    0  4.0  9 120   M    M   8 1      13 110
13  65  35  50 -10  15   0 0.00  0.0    0  3.3  9 140   M    M   2 12     17 100
14  77  51  64   4   1   0 0.01  0.0    0  8.0 17 180   M    M   3        26 190
15  80  50  65   4   0   0 0.00  0.0    0  5.7 14  40   M    M   0 1      18  50
16  90  63  77  16   0  12 0.00  0.0    0 13.9 26 230   M    M   0        34 230
17  84  68  76  14   0  11    T  0.0    0 10.9 21 170   M    M   2        34 180
18  75  60  68   6   0   3 0.75  0.0    0  8.6 18 150   M    M   6 13     26 140
================================================================================
SM 1211  875       151  26  1.88     0.0 138.5          M       87
================================================================================
AV 67.3 48.6                               7.7 FASTST   M    M   5    MAX(MPH)
                                 MISC ---->  # 33 230               # 49  240
================================================================================
NOTES:
# LAST OF SEVERAL OCCURRENCES

COLUMN 17 PEAK WIND IN M.P.H.

PRELIMINARY LOCAL CLIMATOLOGICAL DATA (WS FORM: F-6) , PAGE 2

                                          STATION:  LAMONI IA
                                          MONTH:    MAY
                                          YEAR:     2019
                                          LATITUDE:   40 37 N
                                          LONGITUDE:  93 56 W

[TEMPERATURE DATA]      [PRECIPITATION DATA]       SYMBOLS USED IN COLUMN 16

AVERAGE MONTHLY: 57.9   TOTAL FOR MONTH:   1.88    1 = FOG OR MIST
DPTR FM NORMAL:  -1.2   DPTR FM NORMAL:   -1.08    2 = FOG REDUCING VISIBILITY
HIGHEST:    90 ON 16    GRTST 24HR  0.75 ON 18-18      TO 1/4 MILE OR LESS
LOWEST:     35 ON 13                               3 = THUNDER
                        SNOW, ICE PELLETS, HAIL    4 = ICE PELLETS
                        TOTAL MONTH:   0.0 INCH    5 = HAIL
                        GRTST 24HR     0.0         6 = FREEZING RAIN OR DRIZZLE
                        GRTST DEPTH:   0           7 = DUSTSTORM OR SANDSTORM:
                                                       VSBY 1/2 MILE OR LESS
                                                   8 = SMOKE OR HAZE
[NO. OF DAYS WITH]      [WEATHER - DAYS WITH]      9 = BLOWING SNOW
                                                   X = TORNADO
MAX 32 OR BELOW:   0    0.01 INCH OR MORE:  10
MAX 90 OR ABOVE:   1    0.10 INCH OR MORE:   4
MIN 32 OR BELOW:   0    0.50 INCH OR MORE:   2
MIN  0 OR BELOW:   0    1.00 INCH OR MORE:   0

[HDD (BASE 65) ]
TOTAL THIS MO.   151    CLEAR  (SCALE 0-3)   7
DPTR FM NORMAL    28    PTCLDY (SCALE 4-7)   5
TOTAL FM JUL 1  6376    CLOUDY (SCALE 8-10)  6
DPTR FM NORMAL   358

[CDD (BASE 65) ]
TOTAL THIS MO.    26
DPTR FM NORMAL    10    [PRESSURE DATA]
TOTAL FM JAN 1    31    HIGHEST SLP M ON M
DPTR FM NORMAL     8    LOWEST  SLP 29.49 ON 18

[REMARKS]
