000
CXUS53 KDMX 210712
CF6LWD
PRELIMINARY LOCAL CLIMATOLOGICAL DATA (WS FORM: F-6)

                                          STATION:   LAMONI IA
                                          MONTH:     MARCH
                                          YEAR:      2019
                                          LATITUDE:   40 37 N
                                          LONGITUDE:  93 56 W

  TEMPERATURE IN F:       :PCPN:    SNOW:  WIND      :SUNSHINE: SKY     :PK WND
================================================================================
1   2   3   4   5  6A  6B    7    8   9   10  11  12  13   14  15   16   17  18
                                     12Z  AVG MX 2MIN
DY MAX MIN AVG DEP HDD CDD  WTR  SNW DPTH SPD SPD DIR MIN PSBL S-S WX    SPD DR
================================================================================

 1  33  13  23 -10  42   0 0.00  0.0    M  7.0 22 320   M    M   3        28 310
 2  22  13  18 -16  47   0 0.00  0.0    M 12.1 21  10   M    M   6 8      29  20
 3  15  -1   7 -27  58   0 0.01    M    M 16.0 24  10   M    M   4 8      34  20
 4  11  -4   4 -31  61   0 0.00  0.0    M 13.3 18 250   M    M   0        26 240
 5  19   7  13 -22  52   0 0.00  0.0    M 14.4 26 320   M    M   3        35 310
 6  33   6  20 -16  45   0 0.00  0.0    M  6.8 15 220   M    M   2        19 230
 7  29  22  26 -10  39   0 0.08    M    M  9.2 15  70   M    M  10 18     25  70
 8  38  27  33  -3  32   0 0.00  0.0    M  6.6 14 110   M    M  10 128    24  90
 9  38  32  35  -2  30   0 1.13    T    M 17.5 40 290   M    M  10 13     55 290
10  36  25  31  -7  34   0 0.00  0.0    M 13.4 33 290   M    M   3        46 290
11  46  25  36  -2  29   0 0.00  0.0    M  2.7  9 120   M    M   3        13 130
12  49  34  42   4  23   0 0.46  0.0    M  9.7 18 170   M    M   9 123    30 170
13  60  47  54  15  11   0 0.41  0.0    0 14.7 24 170   M    M   8 12     39 130
14  55  33  44   5  21   0 0.03    M    0 22.2 37 210   M    M   9 1      53 200
15  46  30  38  -2  27   0 0.00  0.0    0 17.3 29 320   M    M   2        42 320
16  53  26  40   0  25   0    T  0.0    0  8.4 17 290   M    M   4        24 300
17  48  29  39  -2  26   0 0.00  0.0    0  7.2 16 290   M    M   5        23 290
18  48  27  38  -3  27   0 0.00  0.0    0  4.7  9 290   M    M   1        14 290
19  46  33  40  -2  25   0 0.67  0.0    0  6.5 13  40   M    M   8 1      18 170
20  53  35  44   2  21   0 0.01  0.0    0 12.1 22 340   M    M   7 12     31 360
================================================================================
SM  778  459       675   0  2.80    T    221.8          M      107
================================================================================
AV 38.9 23.0                              11.1 FASTST   M    M   5    MAX(MPH)
                                 MISC ---->  # 40 290               # 55  290
================================================================================
NOTES:
# LAST OF SEVERAL OCCURRENCES

COLUMN 17 PEAK WIND IN M.P.H.

PRELIMINARY LOCAL CLIMATOLOGICAL DATA (WS FORM: F-6) , PAGE 2

                                          STATION:  LAMONI IA
                                          MONTH:    MARCH
                                          YEAR:     2019
                                          LATITUDE:   40 37 N
                                          LONGITUDE:  93 56 W

[TEMPERATURE DATA]      [PRECIPITATION DATA]       SYMBOLS USED IN COLUMN 16

AVERAGE MONTHLY: 30.9   TOTAL FOR MONTH:   2.80    1 = FOG OR MIST
DPTR FM NORMAL:  -6.8   DPTR FM NORMAL:    1.50    2 = FOG REDUCING VISIBILITY
HIGHEST:    60 ON 13    GRTST 24HR  1.13 ON  9- 9      TO 1/4 MILE OR LESS
LOWEST:     -4 ON  4                               3 = THUNDER
                        SNOW, ICE PELLETS, HAIL    4 = ICE PELLETS
                        TOTAL MONTH:    T          5 = HAIL
                        GRTST 24HR    T  ON  9- 9  6 = FREEZING RAIN OR DRIZZLE
                        GRTST DEPTH:   0           7 = DUSTSTORM OR SANDSTORM:
                                                       VSBY 1/2 MILE OR LESS
                                                   8 = SMOKE OR HAZE
[NO. OF DAYS WITH]      [WEATHER - DAYS WITH]      9 = BLOWING SNOW
                                                   X = TORNADO
MAX 32 OR BELOW:   5    0.01 INCH OR MORE:   8
MAX 90 OR ABOVE:   0    0.10 INCH OR MORE:   4
MIN 32 OR BELOW:  15    0.50 INCH OR MORE:   2
MIN  0 OR BELOW:   2    1.00 INCH OR MORE:   1

[HDD (BASE 65) ]
TOTAL THIS MO.   675    CLEAR  (SCALE 0-3)   7
DPTR FM NORMAL   129    PTCLDY (SCALE 4-7)   7
TOTAL FM JUL 1  5660    CLOUDY (SCALE 8-10)  6
DPTR FM NORMAL   397

[CDD (BASE 65) ]
TOTAL THIS MO.     0
DPTR FM NORMAL     0    [PRESSURE DATA]
TOTAL FM JAN 1     0    HIGHEST SLP M ON M
DPTR FM NORMAL     0    LOWEST  SLP 29.11 ON 14

[REMARKS]
