000
CXUS56 KOTX 190900
CF6LWS
PRELIMINARY LOCAL CLIMATOLOGICAL DATA (WS FORM: F-6)

                                          STATION:   LEWISTON ID AIRPORT
                                          MONTH:     MARCH
                                          YEAR:      2019
                                          LATITUDE:   46 22 N
                                          LONGITUDE: 117  1 W

  TEMPERATURE IN F:       :PCPN:    SNOW:  WIND      :SUNSHINE: SKY     :PK WND
================================================================================
1   2   3   4   5  6A  6B    7    8   9   10  11  12  13   14  15   16   17  18
                                     12Z  AVG MX 2MIN
DY MAX MIN AVG DEP HDD CDD  WTR  SNW DPTH SPD SPD DIR MIN PSBL S-S WX    SPD DR
================================================================================

 1  32  16  24 -17  41   0 0.00  0.0    7  2.2  7 260   M    M  10 18      8 260
 2  31  22  27 -15  38   0 0.00    T    7  2.8  9 270   M    M  10 18     10 270
 3  27  11  19 -23  46   0 0.00  0.0    7  6.4 13  50   M    M   7        17  50
 4  27   9  18 -24  47   0 0.00  0.0    7  3.0  8 240   M    M   6         9 250
 5  31  10  21 -21  44   0 0.03  0.2    7  3.5 13 270   M    M   2 1      14 270
 6  37  22  30 -13  35   0 0.14  0.4    7  1.9 20 270   M    M   9 18     24 270
 7  40  24  32 -11  33   0 0.08  1.0    7  2.4 12 270   M    M   6 128    15 260
 8  38  24  31 -12  34   0 0.02  0.1    7  2.2  8  70   M    M   8 18     10  70
 9  39  19  29 -15  36   0 0.00  0.0    6  3.9  9 200   M    M   3        11 210
10  35  16  26 -18  39   0 0.00  0.0    4  2.5 16 270   M    M   0        18 270
11  40  16  28 -16  37   0 0.00  0.0    4  2.3 10  40   M    M   0 128    13  50
12  40  32  36  -8  29   0 0.04  0.0    2  5.5 16 290   M    M   9        22 280
13  43  27  35 -10  30   0 0.00  0.0    1  7.9 20 290   M    M   2        23 300
14  46  22  34 -11  31   0 0.00  0.0    T  4.2 10  70   M    M   2        13 120
15  51  30  41  -4  24   0 0.00  0.0    0  3.8 10  80   M    M   5        13  50
16  53  32  43  -2  22   0 0.00  0.0    0  4.4 10  70   M    M   0        14  80
17  53  31  42  -4  23   0 0.00  0.0    0  2.8 10 280   M    M   0        13 270
18  55  30  43  -3  22   0 0.00  0.0    0  3.1  9 190   M    M   0        11 120
================================================================================
SM  718  393       611   0  0.31     1.7  64.8          M       79
================================================================================
AV 39.9 21.8                               3.6 FASTST   M    M   4    MAX(MPH)
                                 MISC ---->  # 20 270               # 24  270
================================================================================
NOTES:
# LAST OF SEVERAL OCCURRENCES

COLUMN 17 PEAK WIND IN M.P.H.

PRELIMINARY LOCAL CLIMATOLOGICAL DATA (WS FORM: F-6) , PAGE 2

                                          STATION:  LEWISTON ID AIRPORT
                                          MONTH:    MARCH
                                          YEAR:     2019
                                          LATITUDE:   46 22 N
                                          LONGITUDE: 117  1 W

[TEMPERATURE DATA]      [PRECIPITATION DATA]       SYMBOLS USED IN COLUMN 16

AVERAGE MONTHLY: 30.9   TOTAL FOR MONTH:   0.31    1 = FOG OR MIST
DPTR FM NORMAL: -12.8   DPTR FM NORMAL:   -0.35    2 = FOG REDUCING VISIBILITY
HIGHEST:    55 ON 18    GRTST 24HR  0.14 ON  6- 6      TO 1/4 MILE OR LESS
LOWEST:      9 ON  4                               3 = THUNDER
                        SNOW, ICE PELLETS, HAIL    4 = ICE PELLETS
                        TOTAL MONTH:   1.7 INCHES  5 = HAIL
                        GRTST 24HR   1.0 ON  7- 7  6 = FREEZING RAIN OR DRIZZLE
                        GRTST DEPTH:   7 ON  8, 7  7 = DUSTSTORM OR SANDSTORM:
                                                       VSBY 1/2 MILE OR LESS
                                                   8 = SMOKE OR HAZE
[NO. OF DAYS WITH]      [WEATHER - DAYS WITH]      9 = BLOWING SNOW
                                                   X = TORNADO
MAX 32 OR BELOW:   5    0.01 INCH OR MORE:   5
MAX 90 OR ABOVE:   0    0.10 INCH OR MORE:   1
MIN 32 OR BELOW:  18    0.50 INCH OR MORE:   0
MIN  0 OR BELOW:   0    1.00 INCH OR MORE:   0

[HDD (BASE 65) ]
TOTAL THIS MO.   611    CLEAR  (SCALE 0-3)   9
DPTR FM NORMAL   227    PTCLDY (SCALE 4-7)   4
TOTAL FM JUL 1  4446    CLOUDY (SCALE 8-10)  5
DPTR FM NORMAL   207

[CDD (BASE 65) ]
TOTAL THIS MO.     0
DPTR FM NORMAL     0    [PRESSURE DATA]
TOTAL FM JAN 1     0    HIGHEST SLP M ON M
DPTR FM NORMAL     0    LOWEST  SLP 29.59 ON  6

[REMARKS]
