000
CXUS56 KTFX 211205
CF6LWT
PRELIMINARY LOCAL CLIMATOLOGICAL DATA (WS FORM: F-6)

                                          STATION:   LEWISTOWN MT
                                          MONTH:     MARCH
                                          YEAR:      2019
                                          LATITUDE:   47  2 N
                                          LONGITUDE: 109 28 W

  TEMPERATURE IN F:       :PCPN:    SNOW:  WIND      :SUNSHINE: SKY     :PK WND
================================================================================
1   2   3   4   5  6A  6B    7    8   9   10  11  12  13   14  15   16   17  18
                                     12Z  AVG MX 2MIN
DY MAX MIN AVG DEP HDD CDD  WTR  SNW DPTH SPD SPD DIR MIN PSBL S-S WX    SPD DR
================================================================================

 1  19  -8   6 -22  59   0    T    M   19  8.1 25 300   M    M   9 12     30 290
 2  -8 -30 -19 -48  84   0    T    M    M  8.5 15 230   M    M   5 1      17 280
 3  -7 -34 -20 -49  85   0 0.00    M   21  9.4 16 230   M    M   0        17 230
 4   4 -25 -10 -39  75   0 0.00    M   21  8.7 17 230   M    M   0        18 230
 5  18 -13   3 -27  62   0 0.00    M   20  4.4 10 240   M    M   0        12 220
 6  15   0   8 -22  57   0    T    M   19 10.4 24  90   M    M   7 18     28  90
 7  41   4  23  -7  42   0 0.00    M   19  6.7 18 290   M    M   5        23 300
 8  35  14  25  -5  40   0    T    M   17  4.8 14  10   M    M  10        17  20
 9  26   4  15 -16  50   0 0.00    M   17  6.5 16 220   M    M   3        17 220
10  26   0  13 -18  52   0 0.00    M   16  5.7 15 230   M    M   0        15 230
11  44   2  23  -8  42   0 0.00    M   15 10.9 25 240   M    M   0        28 240
12  44  14  29  -3  36   0 0.00    M   15 10.3 26 250   M    M   0        29 250
13  28  14  21 -11  44   0    T    M   15  8.9 20 300   M    M   7 12     25 300
14  33  12  23  -9  42   0    T    M   10  5.7 14 300   M    M   4 1      17 300
15  38  12  25  -8  40   0 0.00    M    8  8.2 20 330   M    M   3 8      27 330
16  38  17  28  -5  37   0 0.00    M    8  5.1 10 240   M    M   1        11 240
17  40  21  31  -2  34   0 0.00    M    M  3.3  7 140   M    M   0         9 330
18  39  15  27  -7  38   0 0.00    M    5  7.9 16 230   M    M   0        18 290
19  42  16  29  -5  36   0 0.00    M    4  5.1  9 130   M    M   0 8      10 130
20  52  25  39   5  26   0 0.00    M    4  4.6  9 150   M    M   0        10 140
================================================================================
SM  567   60       981   0    T     M    143.2          M       54
================================================================================
AV 28.4  3.0                               7.2 FASTST   M    M   3    MAX(MPH)
                                 MISC ---->  # 26 250               # 30  290
================================================================================
NOTES:
# LAST OF SEVERAL OCCURRENCES

COLUMN 17 PEAK WIND IN M.P.H.

PRELIMINARY LOCAL CLIMATOLOGICAL DATA (WS FORM: F-6) , PAGE 2

                                          STATION:  LEWISTOWN MT
                                          MONTH:    MARCH
                                          YEAR:     2019
                                          LATITUDE:   47  2 N
                                          LONGITUDE: 109 28 W

[TEMPERATURE DATA]      [PRECIPITATION DATA]       SYMBOLS USED IN COLUMN 16

AVERAGE MONTHLY: 15.7   TOTAL FOR MONTH:      T    1 = FOG OR MIST
DPTR FM NORMAL: -15.6   DPTR FM NORMAL:   -0.55    2 = FOG REDUCING VISIBILITY
HIGHEST:    52 ON 20    GRTST 24HR    T  ON 14-14      TO 1/4 MILE OR LESS
LOWEST:    -34 ON  3                               3 = THUNDER
                        SNOW, ICE PELLETS, HAIL    4 = ICE PELLETS
                        TOTAL MONTH:    M          5 = HAIL
                        GRTST 24HR    M  ON   M    6 = FREEZING RAIN OR DRIZZLE
                        GRTST DEPTH:  21 ON  4, 3  7 = DUSTSTORM OR SANDSTORM:
                                                       VSBY 1/2 MILE OR LESS
                                                   8 = SMOKE OR HAZE
[NO. OF DAYS WITH]      [WEATHER - DAYS WITH]      9 = BLOWING SNOW
                                                   X = TORNADO
MAX 32 OR BELOW:   9    0.01 INCH OR MORE:   0
MAX 90 OR ABOVE:   0    0.10 INCH OR MORE:   0
MIN 32 OR BELOW:  20    0.50 INCH OR MORE:   0
MIN  0 OR BELOW:   7    1.00 INCH OR MORE:   0

[HDD (BASE 65) ]
TOTAL THIS MO.   981    CLEAR  (SCALE 0-3)  13
DPTR FM NORMAL   306    PTCLDY (SCALE 4-7)   5
TOTAL FM JUL 1  7328    CLOUDY (SCALE 8-10)  2
DPTR FM NORMAL   849

[CDD (BASE 65) ]
TOTAL THIS MO.     0
DPTR FM NORMAL     0    [PRESSURE DATA]
TOTAL FM JAN 1     0    HIGHEST SLP M ON M
DPTR FM NORMAL     0    LOWEST  SLP 29.72 ON 12

[REMARKS]
