000
CXUS53 KILX 242300
CF6LWV
PRELIMINARY LOCAL CLIMATOLOGICAL DATA (WS FORM: F-6)

                                          STATION:   LAWRENCEVILLE IL AIRPORT
                                          MONTH:     MAY
                                          YEAR:      2019
                                          LATITUDE:   38 45 N
                                          LONGITUDE:  87 36 W

  TEMPERATURE IN F:       :PCPN:    SNOW:  WIND      :SUNSHINE: SKY     :PK WND
================================================================================
1   2   3   4   5  6A  6B    7    8   9   10  11  12  13   14  15   16   17  18
                                     12Z  AVG MX 2MIN
DY MAX MIN AVG DEP HDD CDD  WTR  SNW DPTH SPD SPD DIR MIN PSBL S-S WX    SPD DR
================================================================================

 1  76  58  67   5   0   2 0.06    M    M  9.2 22 200   M    M   6 12     30 180
 2  69  58  64   2   1   0 0.62  0.0    0  5.7 18 260   M    M   9 123    25 230
 3  67  55  61  -1   4   0 0.04    M    M  7.4 13  20   M    M  10 128    18 330
 4  60  51  56  -6   9   0 0.53    M    M  9.0 17  30   M    M   9 1      22  20
 5  74  47  61  -2   4   0 0.00    M    M  4.9 14  30   M    M   0        19  60
 6  77  49  63   0   2   0 0.00    M    M  5.2 14 180   M    M   1 12     19 190
 7  80  52  66   3   0   1 0.00    M    M  2.5  8 230   M    M   2 18     13  80
 8  87  61  74  10   0   9 0.00    M    M 14.0 25 170   M    M   1        34 160
 9  77  56  67   3   0   2 0.52    M    M 13.0 22 230   M    M   8 1      29 210
10  57  46  52 -12  13   0 0.00    M    M  8.4 16 310   M    M   7        20 320
11  57  44  51 -14  14   0 0.56    M    M  9.2 16  40   M    M   8 1      22  40
12  53  48  51 -14  14   0 0.01    M    M  7.3 13 300   M    M  10 1      17 300
13  64  44  54 -11  11   0    T    M    M  8.1 15 330   M    M   6 1      20 300
14  74  44  59  -7   6   0 0.00    M    M  4.1 10 280   M    M   4        15 270
15  72  57  65  -1   0   0 0.01    M    M  6.2 15 180   M    M   7 12     21 180
16  86  52  69   3   0   4 0.00    M    M 10.5 23 210   M    M   3 128    29 200
17  90  67  79  13   0  14 0.00    M    M 10.4 20 230   M    M   1        27 290
18  91  66  79  12   0  14 0.00    M    M 14.6 28 200   M    M   1 8      37 200
19  80  64  72   5   0   7 0.20    M    M 14.7 30 270   M    M   6 1      44 280
20  73  54  64  -3   1   0 0.00    M    M 10.2 20 300   M    M   0 8      24 310
21  72  50  61  -7   4   0 0.63    M    M 15.0 26 130   M    M   5 13     34 130
22  81  62  72   4   0   7 1.13    M    M 10.1 20 200   M    M   6 1      24 170
23  86  68  77   9   0  12 0.74    M    M  9.1 28 320   M    M   4 13     34 320
================================================================================
SM 1703 1253        83  72  5.05     0.0 208.8          M      114
================================================================================
AV 74.0 54.5                               9.1 FASTST   M    M   5    MAX(MPH)
                                 MISC ---->  # 30 270               # 44  280
================================================================================
NOTES:
# LAST OF SEVERAL OCCURRENCES

COLUMN 17 PEAK WIND IN M.P.H.

PRELIMINARY LOCAL CLIMATOLOGICAL DATA (WS FORM: F-6) , PAGE 2

                                          STATION:  LAWRENCEVILLE IL AIRPORT
                                          MONTH:    MAY
                                          YEAR:     2019
                                          LATITUDE:   38 45 N
                                          LONGITUDE:  87 36 W

[TEMPERATURE DATA]      [PRECIPITATION DATA]       SYMBOLS USED IN COLUMN 16

AVERAGE MONTHLY: 64.3   TOTAL FOR MONTH:   5.05    1 = FOG OR MIST
DPTR FM NORMAL:  -0.7   DPTR FM NORMAL:    0.52    2 = FOG REDUCING VISIBILITY
HIGHEST:    91 ON 18    GRTST 24HR  1.13 ON 22-22      TO 1/4 MILE OR LESS
LOWEST:     44 ON 14,13                            3 = THUNDER
                        SNOW, ICE PELLETS, HAIL    4 = ICE PELLETS
                        TOTAL MONTH:   0.0 INCH    5 = HAIL
                        GRTST 24HR     0.0         6 = FREEZING RAIN OR DRIZZLE
                        GRTST DEPTH:   0           7 = DUSTSTORM OR SANDSTORM:
                                                       VSBY 1/2 MILE OR LESS
                                                   8 = SMOKE OR HAZE
[NO. OF DAYS WITH]      [WEATHER - DAYS WITH]      9 = BLOWING SNOW
                                                   X = TORNADO
MAX 32 OR BELOW:   0    0.01 INCH OR MORE:  12
MAX 90 OR ABOVE:   2    0.10 INCH OR MORE:   8
MIN 32 OR BELOW:   0    0.50 INCH OR MORE:   7
MIN  0 OR BELOW:   0    1.00 INCH OR MORE:   1

[HDD (BASE 65) ]
TOTAL THIS MO.    83    CLEAR  (SCALE 0-3)   7
DPTR FM NORMAL    10    PTCLDY (SCALE 4-7)  11
TOTAL FM JUL 1  4718    CLOUDY (SCALE 8-10)  5
DPTR FM NORMAL    54

[CDD (BASE 65) ]
TOTAL THIS MO.    72
DPTR FM NORMAL     4    [PRESSURE DATA]
TOTAL FM JAN 1    88    HIGHEST SLP M ON M
DPTR FM NORMAL    -6    LOWEST  SLP 29.70 ON  9

[REMARKS]
