000
CXUS53 KILX 180900
CF6LWV
PRELIMINARY LOCAL CLIMATOLOGICAL DATA (WS FORM: F-6)

                                          STATION:   LAWRENCEVILLE IL AIRPORT
                                          MONTH:     MARCH
                                          YEAR:      2019
                                          LATITUDE:   38 45 N
                                          LONGITUDE:  87 36 W

  TEMPERATURE IN F:       :PCPN:    SNOW:  WIND      :SUNSHINE: SKY     :PK WND
================================================================================
1   2   3   4   5  6A  6B    7    8   9   10  11  12  13   14  15   16   17  18
                                     12Z  AVG MX 2MIN
DY MAX MIN AVG DEP HDD CDD  WTR  SNW DPTH SPD SPD DIR MIN PSBL S-S WX    SPD DR
================================================================================

 1  44  32  38  -2  27   0 0.00    M    M  6.0 13  50   M    M  10 18     17  40
 2  40  34  37  -3  28   0 0.00    M    0  9.1 17 350   M    M  10 18     21 310
 3  34  15  25 -15  40   0 0.04    M    M 15.3 24 340   M    M   8 128    33 340
 4  17   5  11 -30  54   0 0.00    M    M 11.2 20 290   M    M   0        24 320
 5  24   8  16 -25  49   0    T    M    M 12.5 25 300   M    M   3        31 310
 6  32  12  22 -20  43   0 0.00    M    M  7.6 16 260   M    M   0        23 260
 7  34  27  31 -11  34   0    M    M    M  6.8 14  90   M    M   9 18     17  50
 8  45  32  39  -3  26   0 0.01    M    M  8.4 16  90   M    M  10 18     19  80
 9  62  36  49   6  16   0 2.04    M    M 17.6 39 230   M    M   8 138    54 230
10  51  36  44   1  21   0 0.00    M    M 11.1 33 270   M    M   2        49 270
11  53  29  41  -2  24   0 0.00    M    M  6.1 13  30   M    M   2        18  30
12  53  29  41  -3  24   0 0.00    M    M  6.2 14 150   M    M   1        20 150
13  70  44  57  13   8   0 0.02    M    M 16.0 37 160   M    M   4        54 160
14  74  49  62  18   3   0 0.73    M    0 23.3 49 210   M    M   5 13     66 210
15  49  33  41  -4  24   0    T    M    0 13.7 26 250   M    M   8        35 270
16  49  29  39  -6  26   0 0.00  0.0    0  6.8 16 300   M    M   0        22 290
17  54  30  42  -3  23   0 0.00  0.0    0 11.1 28 310   M    M   3        35 320
================================================================================
SM  785  480       470   0  2.84     0.0 188.8          M       83
================================================================================
AV 46.2 28.2                              11.1 FASTST   M    M   5    MAX(MPH)
                                 MISC ---->  # 49 210               # 66  210
================================================================================
NOTES:
# LAST OF SEVERAL OCCURRENCES

COLUMN 17 PEAK WIND IN M.P.H.

PRELIMINARY LOCAL CLIMATOLOGICAL DATA (WS FORM: F-6) , PAGE 2

                                          STATION:  LAWRENCEVILLE IL AIRPORT
                                          MONTH:    MARCH
                                          YEAR:     2019
                                          LATITUDE:   38 45 N
                                          LONGITUDE:  87 36 W

[TEMPERATURE DATA]      [PRECIPITATION DATA]       SYMBOLS USED IN COLUMN 16

AVERAGE MONTHLY: 37.2   TOTAL FOR MONTH:   2.84    1 = FOG OR MIST
DPTR FM NORMAL:  -5.4   DPTR FM NORMAL:    1.32    2 = FOG REDUCING VISIBILITY
HIGHEST:    74 ON 14    GRTST 24HR  2.04 ON  9- 9      TO 1/4 MILE OR LESS
LOWEST:      5 ON  4                               3 = THUNDER
                        SNOW, ICE PELLETS, HAIL    4 = ICE PELLETS
                        TOTAL MONTH:   0.0 INCH    5 = HAIL
                        GRTST 24HR     0.0         6 = FREEZING RAIN OR DRIZZLE
                        GRTST DEPTH:   0           7 = DUSTSTORM OR SANDSTORM:
                                                       VSBY 1/2 MILE OR LESS
                                                   8 = SMOKE OR HAZE
[NO. OF DAYS WITH]      [WEATHER - DAYS WITH]      9 = BLOWING SNOW
                                                   X = TORNADO
MAX 32 OR BELOW:   3    0.01 INCH OR MORE:   5
MAX 90 OR ABOVE:   0    0.10 INCH OR MORE:   2
MIN 32 OR BELOW:  11    0.50 INCH OR MORE:   2
MIN  0 OR BELOW:   0    1.00 INCH OR MORE:   1

[HDD (BASE 65) ]
TOTAL THIS MO.   470    CLEAR  (SCALE 0-3)   6
DPTR FM NORMAL    90    PTCLDY (SCALE 4-7)   5
TOTAL FM JUL 1  4160    CLOUDY (SCALE 8-10)  6
DPTR FM NORMAL   105

[CDD (BASE 65) ]
TOTAL THIS MO.     0
DPTR FM NORMAL     0    [PRESSURE DATA]
TOTAL FM JAN 1     0    HIGHEST SLP M ON M
DPTR FM NORMAL     0    LOWEST  SLP 29.41 ON  9

[REMARKS]
