000
CXUS53 KGID 270730
CF6LXN
PRELIMINARY LOCAL CLIMATOLOGICAL DATA (WS FORM: F-6)

                                          STATION:   LEXINGTON
                                          MONTH:     MAY
                                          YEAR:      2019
                                          LATITUDE:   40 47 N
                                          LONGITUDE:  99 46 W

  TEMPERATURE IN F:       :PCPN:    SNOW:  WIND      :SUNSHINE: SKY     :PK WND
================================================================================
1   2   3   4   5  6A  6B    7    8   9   10  11  12  13   14  15   16   17  18
                                     12Z  AVG MX 2MIN
DY MAX MIN AVG DEP HDD CDD  WTR  SNW DPTH SPD SPD DIR MIN PSBL S-S WX    SPD DR
================================================================================

 1  47  40  44   M  21   0 0.03    M    M  5.8 10  10   M    M  10 1       M  M
 2  64  33  49   M  16   0 0.00    M    M  7.5 15 190   M    M   4 12     17 190
 3  69  42  56   M   9   0 0.01    M    M  9.0 20 170   M    M   4        24 170
 4  76  38  57   M   8   0 0.00    M    M  8.7 21 190   M    M   2 123    33 210
 5  75  48  62   M   3   0 0.00    M    M  8.8 16  50   M    M   2        22  50
 6  56  44  50   M  15   0 0.17    M    M 12.1 18  80   M    M   9 13     24  80
 7  49  42  46   M  19   0 0.06    M    M 11.5 17  60   M    M  10 1      22  60
 8  51  42  47   M  18   0 0.34    M    M 14.0 27 360   M    M  10 1      33 360
 9  54  37  46   M  19   0 0.00    M    M 11.1 20  10   M    M   7        29  10
10  60  31  46   M  19   0 0.00    M    M  5.6 14 170   M    M   3         M  M
11  62  36  49   M  16   0 0.24    M    M  7.6 21 310   M    M   3        32 350
12  67  39  53   M  12   0 0.00    M    M  8.5 17 320   M    M   3        24 330
13  80  40  60   M   5   0    T    M    M  7.6 13 170   M    M   1        18 200
14  84  51  68   M   0   3 0.00    M    M  7.0 12 180   M    M   0        10  70
15  87  59  73   M   0   8    T    M    M  8.6 16 170   M    M   0        22 170
16  92  55  74   M   0   9 0.02    M    M  5.6 13 360   M    M   1 3      23  20
17  84  56  70   M   0   5 0.17    M    M 16.2 30 150   M    M   2 3      41 160
18  70  50  60   M   5   0 0.00    M    M 13.8 21 310   M    M   5        31 310
19  60  43  52   M  13   0 0.00    M    M 16.9 24 320   M    M   6        30 320
20  46  42  44   M  21   0 0.22    M    M 14.1 23  90   M    M  10 1      27  90
21   M   M   M   M   M   M 1.44    M    M 14.8 20  80   M    M  10 1      29  70
22   M   M   M   M   M   M 0.00    M    M 15.2 23 260   M    M   5        29 260
23   M   M   M   M   M   M 0.92    M    M  8.6 18  30   M    M   8 38     25  90
24  73   M   M   M   M   M 0.02    M    M  7.9 15 170   M    M   4 128    20 170
25  72  47  60   M   5   0 0.00    M    M  8.2 13  80   M    M   3        18  80
26  74  51  63   M   2   0 0.88    M    M 10.6 18  90   M    M   7 1      27 140
================================================================================
SM 1552  966       226  25  4.52    M    265.3          M      129
================================================================================
AV 67.5 43.9                              10.2 FASTST   M    M   5    MAX(MPH)
                                 MISC ---->  # 30 150               # 41  160
================================================================================
NOTES:
# LAST OF SEVERAL OCCURRENCES

COLUMN 17 PEAK WIND IN M.P.H.

PRELIMINARY LOCAL CLIMATOLOGICAL DATA (WS FORM: F-6) , PAGE 2

                                          STATION:  LEXINGTON
                                          MONTH:    MAY
                                          YEAR:     2019
                                          LATITUDE:   40 47 N
                                          LONGITUDE:  99 46 W

[TEMPERATURE DATA]      [PRECIPITATION DATA]       SYMBOLS USED IN COLUMN 16

AVERAGE MONTHLY: 55.7   TOTAL FOR MONTH:   4.52    1 = FOG OR MIST
DPTR FM NORMAL:     M   DPTR FM NORMAL:       M    2 = FOG REDUCING VISIBILITY
HIGHEST:    92 ON 16    GRTST 24HR  1.44 ON 21-21      TO 1/4 MILE OR LESS
LOWEST:     31 ON 10                               3 = THUNDER
                        SNOW, ICE PELLETS, HAIL    4 = ICE PELLETS
                        TOTAL MONTH:    M          5 = HAIL
                        GRTST 24HR    M  ON   M    6 = FREEZING RAIN OR DRIZZLE
                        GRTST DEPTH:  M  ON   M    7 = DUSTSTORM OR SANDSTORM:
                                                       VSBY 1/2 MILE OR LESS
                                                   8 = SMOKE OR HAZE
[NO. OF DAYS WITH]      [WEATHER - DAYS WITH]      9 = BLOWING SNOW
                                                   X = TORNADO
MAX 32 OR BELOW:   0    0.01 INCH OR MORE:  13
MAX 90 OR ABOVE:   1    0.10 INCH OR MORE:   8
MIN 32 OR BELOW:   1    0.50 INCH OR MORE:   3
MIN  0 OR BELOW:   0    1.00 INCH OR MORE:   1

[HDD (BASE 65) ]
TOTAL THIS MO.   226    CLEAR  (SCALE 0-3)  10
DPTR FM NORMAL     M    PTCLDY (SCALE 4-7)  10
TOTAL FM JUL 1  6554    CLOUDY (SCALE 8-10)  6
DPTR FM NORMAL     M

[CDD (BASE 65) ]
TOTAL THIS MO.    25
DPTR FM NORMAL     M    [PRESSURE DATA]
TOTAL FM JAN 1    26    HIGHEST SLP M ON M
DPTR FM NORMAL     M    LOWEST  SLP M ON M

[REMARKS]
