000
CXUS55 KPUB 221059
CF6LXV
PRELIMINARY LOCAL CLIMATOLOGICAL DATA (WS FORM: F-6)

                                          STATION:   LEADVILLE CO
                                          MONTH:     MARCH
                                          YEAR:      2019
                                          LATITUDE:   39 15 N
                                          LONGITUDE: 106 18 W

  TEMPERATURE IN F:       :PCPN:    SNOW:  WIND      :SUNSHINE: SKY     :PK WND
================================================================================
1   2   3   4   5  6A  6B    7    8   9   10  11  12  13   14  15   16   17  18
                                     12Z  AVG MX 2MIN
DY MAX MIN AVG DEP HDD CDD  WTR  SNW DPTH SPD SPD DIR MIN PSBL S-S WX    SPD DR
================================================================================

 1  30  22  26   5  39   0 0.34    M    M  6.2 23 300   M    M  10 12     35 300
 2  34  18  26   5  39   0 0.34    M    M  5.6 16 190   M    M  10 128    20 190
 3  29  16  23   2  42   0 0.47    M    M  6.7 24 360   M    M  10 12     35 360
 4  27   7  17  -4  48   0 0.00  0.0    M  8.1 20 310   M    M   4        32 330
 5  33   6  20  -2  45   0    T    M    M  8.1 17 360   M    M   6        26 320
 6  37  25  31   9  34   0 0.55    M    M  6.6 17 170   M    M  10 12     24 180
 7  32  15  24   2  41   0 0.67    M    M  5.1 17 300   M    M  10 12     25 350
 8  32  13  23   1  42   0 0.32    M    M  8.7 22 320   M    M   9 12     37 300
 9  24   4  14  -8  51   0 0.15    M    M  8.2 28 310   M    M   6 128    39 320
10  32  -1  16  -7  49   0 0.00  0.0    M  3.7 14 170   M    M   4 1      22 170
11  34   5  20  -3  45   0 0.02    M    M  3.5 17 180   M    M   5 18     23 180
12  35  20  28   5  37   0 0.14    M    M  4.6 15 180   M    M   9 12     20 170
13  30   9  20  -3  45   0 0.15    M    M 13.1 28 360   M    M  10 128    42 350
14  21  -3   9 -15  56   0 0.01    M    M 11.1 20  20   M    M   7 18     29  20
15  32 -10  11 -13  54   0 0.00  0.0    M  5.9 17 310   M    M   1        24  10
16  38  -3  18  -6  47   0 0.00  0.0    M  5.3 14 310   M    M   0        19  30
17  42   3  23  -1  42   0 0.00  0.0    M  4.6 15 300   M    M   0        23 320
18  39  10  25   1  40   0 0.01    M    0  5.5 20 310   M    M   4 1      26 310
19  33   3  18  -7  47   0 0.01    M    M  8.3 20 360   M    M   3 1      28 360
20  38  -8  15 -10  50   0 0.00  0.0    M  5.2 16 200   M    M   0        20 210
21  36  12  24  -1  41   0 0.16    M    M  6.6 24 180   M    M   3 128    31 180
================================================================================
SM  688  163       934   0  3.34     0.0 140.7          M      121
================================================================================
AV 32.8  7.8                               6.7 FASTST   M    M   6    MAX(MPH)
                                 MISC ---->  # 28 310               # 42  350
================================================================================
NOTES:
# LAST OF SEVERAL OCCURRENCES

COLUMN 17 PEAK WIND IN M.P.H.

PRELIMINARY LOCAL CLIMATOLOGICAL DATA (WS FORM: F-6) , PAGE 2

                                          STATION:  LEADVILLE CO
                                          MONTH:    MARCH
                                          YEAR:     2019
                                          LATITUDE:   39 15 N
                                          LONGITUDE: 106 18 W

[TEMPERATURE DATA]      [PRECIPITATION DATA]       SYMBOLS USED IN COLUMN 16

AVERAGE MONTHLY: 20.3   TOTAL FOR MONTH:   3.34    1 = FOG OR MIST
DPTR FM NORMAL:  -2.6   DPTR FM NORMAL:    2.73    2 = FOG REDUCING VISIBILITY
HIGHEST:    42 ON 17    GRTST 24HR  0.67 ON  7- 7      TO 1/4 MILE OR LESS
LOWEST:    -10 ON 15                               3 = THUNDER
                        SNOW, ICE PELLETS, HAIL    4 = ICE PELLETS
                        TOTAL MONTH:   0.0 INCH    5 = HAIL
                        GRTST 24HR     0.0         6 = FREEZING RAIN OR DRIZZLE
                        GRTST DEPTH:   0           7 = DUSTSTORM OR SANDSTORM:
                                                       VSBY 1/2 MILE OR LESS
                                                   8 = SMOKE OR HAZE
[NO. OF DAYS WITH]      [WEATHER - DAYS WITH]      9 = BLOWING SNOW
                                                   X = TORNADO
MAX 32 OR BELOW:  10    0.01 INCH OR MORE:  14
MAX 90 OR ABOVE:   0    0.10 INCH OR MORE:  10
MIN 32 OR BELOW:  21    0.50 INCH OR MORE:   2
MIN  0 OR BELOW:   5    1.00 INCH OR MORE:   0

[HDD (BASE 65) ]
TOTAL THIS MO.   934    CLEAR  (SCALE 0-3)   6
DPTR FM NORMAL    50    PTCLDY (SCALE 4-7)   7
TOTAL FM JUL 1  8613    CLOUDY (SCALE 8-10)  8
DPTR FM NORMAL    19

[CDD (BASE 65) ]
TOTAL THIS MO.     0
DPTR FM NORMAL     0    [PRESSURE DATA]
TOTAL FM JAN 1     0    HIGHEST SLP M ON M
DPTR FM NORMAL     0    LOWEST  SLP 29.04 ON 13

[REMARKS]
