000
CXUS55 KPUB 221059
CF6LXV
PRELIMINARY LOCAL CLIMATOLOGICAL DATA (WS FORM: F-6)

                                          STATION:   LEADVILLE CO
                                          MONTH:     MAY
                                          YEAR:      2019
                                          LATITUDE:   39 15 N
                                          LONGITUDE: 106 18 W

  TEMPERATURE IN F:       :PCPN:    SNOW:  WIND      :SUNSHINE: SKY     :PK WND
================================================================================
1   2   3   4   5  6A  6B    7    8   9   10  11  12  13   14  15   16   17  18
                                     12Z  AVG MX 2MIN
DY MAX MIN AVG DEP HDD CDD  WTR  SNW DPTH SPD SPD DIR MIN PSBL S-S WX    SPD DR
================================================================================

 1  36  19  28  -8  37   0 0.28    M    0  7.2 17 300   M    M   7 12     24 160
 2  42  13  28  -8  37   0 0.04    M    M  5.8 21 220   M    M   4 1      31 220
 3  46  18  32  -4  33   0 0.00  0.0    0  7.3 16 300   M    M   1        27 310
 4  48  19  34  -3  31   0    T    M    M  6.8 23 250   M    M   3        32 280
 5  50  26  38   1  27   0    T    M    M  6.5 22 320   M    M   6        35 320
 6  55  23  39   1  26   0 0.00  0.0    0  5.1 26 190   M    M   3        37 190
 7  51  27  39   1  26   0 0.02    M    0  8.6 26 190   M    M   6 18     39 180
 8  44  22  33  -5  32   0 1.00    M    0  6.1 18 190   M    M   7 1238   26  60
 9  28  20  24 -15  41   0 0.03    M    M 13.0 24 190   M    M  10 12     32 190
10  40  21  31  -8  34   0 0.06    M    M  3.5 13 360   M    M   9 1      19  10
11  45  15  30  -9  35   0 0.03    M    M  6.5 23 310   M    M   4 1      37 310
12  52  23  38  -2  27   0 0.00  0.0    M  8.5 17 310   M    M   1        29 320
13  58  27  43   3  22   0 0.00  0.0    0  6.8 21 290   M    M   2        30 310
14  60  26  43   3  22   0 0.00  0.0    0  6.0 25 320   M    M   2        41 310
15  60  26  43   3  22   0 0.00  0.0    0  6.1 20 240   M    M   4        31 250
16  60  31  46   5  19   0    T  0.0    0  7.5 29 180   M    M   4        38 180
17  46  23  35  -6  30   0 0.05    M    0  8.9 22 230   M    M   7 128    31 290
18  37  21  29 -13  36   0 0.15    M    M  7.4 22 270   M    M   6 128    32  10
19  43  18  31 -11  34   0    T    M    0  8.2 24 170   M    M   6 1      32 180
20  41  27  34  -8  31   0 0.56    M    0 10.0 24 170   M    M   9 123    35 130
21  36  25  31 -11  34   0 0.07    M    0  7.6 20 310   M    M   9 128    31 350
================================================================================
SM  978  470       636   0  2.29     0.0 153.4          M      110
================================================================================
AV 46.6 22.4                               7.3 FASTST   M    M   5    MAX(MPH)
                                 MISC ---->  # 29 180               # 41  310
================================================================================
NOTES:
# LAST OF SEVERAL OCCURRENCES

COLUMN 17 PEAK WIND IN M.P.H.

PRELIMINARY LOCAL CLIMATOLOGICAL DATA (WS FORM: F-6) , PAGE 2

                                          STATION:  LEADVILLE CO
                                          MONTH:    MAY
                                          YEAR:     2019
                                          LATITUDE:   39 15 N
                                          LONGITUDE: 106 18 W

[TEMPERATURE DATA]      [PRECIPITATION DATA]       SYMBOLS USED IN COLUMN 16

AVERAGE MONTHLY: 34.5   TOTAL FOR MONTH:   2.29    1 = FOG OR MIST
DPTR FM NORMAL:  -4.7   DPTR FM NORMAL:    1.73    2 = FOG REDUCING VISIBILITY
HIGHEST:    60 ON 16,15 GRTST 24HR  1.00 ON  8- 8      TO 1/4 MILE OR LESS
LOWEST:     13 ON  2                               3 = THUNDER
                        SNOW, ICE PELLETS, HAIL    4 = ICE PELLETS
                        TOTAL MONTH:   0.0 INCH    5 = HAIL
                        GRTST 24HR     0.0         6 = FREEZING RAIN OR DRIZZLE
                        GRTST DEPTH:   0           7 = DUSTSTORM OR SANDSTORM:
                                                       VSBY 1/2 MILE OR LESS
                                                   8 = SMOKE OR HAZE
[NO. OF DAYS WITH]      [WEATHER - DAYS WITH]      9 = BLOWING SNOW
                                                   X = TORNADO
MAX 32 OR BELOW:   1    0.01 INCH OR MORE:  11
MAX 90 OR ABOVE:   0    0.10 INCH OR MORE:   4
MIN 32 OR BELOW:  21    0.50 INCH OR MORE:   2
MIN  0 OR BELOW:   0    1.00 INCH OR MORE:   1

[HDD (BASE 65) ]
TOTAL THIS MO.   636    CLEAR  (SCALE 0-3)   5
DPTR FM NORMAL    95    PTCLDY (SCALE 4-7)  12
TOTAL FM JUL 1 10546    CLOUDY (SCALE 8-10)  4
DPTR FM NORMAL     4

[CDD (BASE 65) ]
TOTAL THIS MO.     0
DPTR FM NORMAL     0    [PRESSURE DATA]
TOTAL FM JAN 1     0    HIGHEST SLP M ON M
DPTR FM NORMAL     0    LOWEST  SLP 29.39 ON 21

[REMARKS]
