000
CXUS55 KPUB 191210
CF6LXV
PRELIMINARY LOCAL CLIMATOLOGICAL DATA (WS FORM: F-6)
STATION: LEADVILLE CO
MONTH: APRIL
YEAR: 2024
LATITUDE: 39 15 N
LONGITUDE: 106 18 W
TEMPERATURE IN F: :PCPN: SNOW: WIND :SUNSHINE: SKY :PK WND
================================================================================
1 2 3 4 5 6A 6B 7 8 9 10 11 12 13 14 15 16 17 18
12Z AVG MX 2MIN
DY MAX MIN AVG DEP HDD CDD WTR SNW DPTH SPD SPD DIR MIN PSBL S-S WX SPD DR
================================================================================
1 35 12 24 -4 41 0 T M M 6.1 23 300 M M 7 18 30 300
2 42 17 30 2 35 0 0.00 M M 8.5 20 10 M M 3 29 360
3 50 17 34 6 31 0 0.00 M M 5.8 18 10 M M 1 27 350
4 49 14 32 3 33 0 0.00 M M 6.5 17 180 M M 0 22 180
5 46 25 36 7 29 0 T M M 12.5 35 180 M M 3 1 49 180
6 32 15 24 -5 41 0 0.24 M M 11.1 29 320 M M 10 12 47 310
7 33 13 23 -6 42 0 T M M 9.4 21 310 M M 8 8 29 300
8 36 11 24 -5 41 0 0.00 M M 5.7 18 200 M M 2 24 200
9 44 8 26 -4 39 0 0.00 M M 6.7 17 300 M M 2 24 320
10 42 17 30 0 35 0 T M M 7.9 21 300 M M 6 8 28 310
11 47 13 30 0 35 0 0.00 M M 8.1 21 310 M M 0 31 330
12 52 17 35 5 30 0 0.00 M M 5.8 16 260 M M 2 23 220
13 53 26 40 10 25 0 0.00 M M 6.5 16 310 M M 2 23 310
14 54 18 36 6 29 0 0.00 M M 7.3 20 180 M M 0 27 190
15 42 22 32 1 33 0 0.22 M M 9.3 29 300 M M 5 1238 44 180
16 42 24 33 2 32 0 0.53 M M 10.4 25 300 M M 8 128 34 300
17 49 18 34 3 31 0 0.00 M M 6.4 22 280 M M 6 34 270
18 44 32 38 7 27 0 T M M 9.4 25 290 M M 9 37 260
================================================================================
SM 792 319 609 0 0.99 M 143.4 M 74
================================================================================
AV 44.0 17.7 8.0 FASTST M M 4 MAX(MPH)
MISC ----> 35 180 49 180
================================================================================
NOTES:
# LAST OF SEVERAL OCCURRENCES
COLUMN 17 PEAK WIND IN M.P.H.
PRELIMINARY LOCAL CLIMATOLOGICAL DATA (WS FORM: F-6) , PAGE 2
STATION: LEADVILLE CO
MONTH: APRIL
YEAR: 2024
LATITUDE: 39 15 N
LONGITUDE: 106 18 W
[TEMPERATURE DATA] [PRECIPITATION DATA] SYMBOLS USED IN COLUMN 16
AVERAGE MONTHLY: 30.9 TOTAL FOR MONTH: 0.99 1 = FOG OR MIST
DPTR FM NORMAL: 1.3 DPTR FM NORMAL: 0.19 2 = FOG REDUCING VISIBILITY
HIGHEST: 54 ON 14 GRTST 24HR 0.75 ON 15-16 TO 1/4 MILE OR LESS
LOWEST: 8 ON 9 3 = THUNDER
SNOW, ICE PELLETS, HAIL 4 = ICE PELLETS
TOTAL MONTH: M 5 = HAIL
GRTST 24HR M ON M 6 = FREEZING RAIN OR DRIZZLE
GRTST DEPTH: M ON M 7 = DUSTSTORM OR SANDSTORM:
VSBY 1/2 MILE OR LESS
8 = SMOKE OR HAZE
[NO. OF DAYS WITH] [WEATHER - DAYS WITH] 9 = BLOWING SNOW
X = TORNADO
MAX 32 OR BELOW: 1 0.01 INCH OR MORE: 3
MAX 90 OR ABOVE: 0 0.10 INCH OR MORE: 3
MIN 32 OR BELOW: 18 0.50 INCH OR MORE: 1
MIN 0 OR BELOW: 0 1.00 INCH OR MORE: 0
[HDD (BASE 65) ]
TOTAL THIS MO. 609 CLEAR (SCALE 0-3) 9
DPTR FM NORMAL -28 PTCLDY (SCALE 4-7) 6
TOTAL FM JUL 1 8678 CLOUDY (SCALE 8-10) 3
DPTR FM NORMAL -806
[CDD (BASE 65) ]
TOTAL THIS MO. 0
DPTR FM NORMAL 0 [PRESSURE DATA]
TOTAL FM JAN 1 0 HIGHEST SLP M ON M
DPTR FM NORMAL 0 LOWEST SLP 29.24 ON 6
[REMARKS]