075
CXUS51 KRNK 220716
CF6LYH
PRELIMINARY LOCAL CLIMATOLOGICAL DATA (WS FORM: F-6)

                                          STATION:   LYNCHBURG VA
                                          MONTH:     MARCH
                                          YEAR:      2019
                                          LATITUDE:   37 19 N
                                          LONGITUDE:  79 12 W

  TEMPERATURE IN F:       :PCPN:    SNOW:  WIND      :SUNSHINE: SKY     :PK WND
================================================================================
1   2   3   4   5  6A  6B    7    8   9   10  11  12  13   14  15   16   17  18
                                     12Z  AVG MX 2MIN
DY MAX MIN AVG DEP HDD CDD  WTR  SNW DPTH SPD SPD DIR MIN PSBL S-S WX    SPD DR
================================================================================

 1  41  34  38  -3  27   0 0.63  0.0    0  9.0 17  80   M    M  10 1      22  80
 2  57  34  46   4  19   0 0.00  0.0    0  3.7 10  10   M    M   6 12     16 210
 3  45  39  42   0  23   0 0.44  0.0    0  4.3 10  50   M    M  10 1      16 110
 4  43  26  35  -7  30   0 0.00  0.0    0  5.8 14 260   M    M   5 1      20 260
 5  42  19  31 -11  34   0 0.00  0.0    0  5.5 14 310   M    M   0        22 290
 6  36  22  29 -14  36   0 0.00  0.0    0  6.2 16 260   M    M   2        24 310
 7  42  21  32 -11  33   0 0.00  0.0    0  4.2 15 300   M    M   2        21 320
 8  39  32  36  -7  29   0 0.24  1.4    1  2.9 10 130   M    M  10 12     12 150
 9  35  33  34 -10  31   0 0.06  0.0    0  6.5 14  40   M    M  10 1      15  40
10  66  35  51   7  14   0 0.20  0.0    0  6.0 17 190   M    M   5 12     25 210
11  60  36  48   4  17   0 0.00  0.0    0  4.9 12 200   M    M   0        18 290
12  57  29  43  -1  22   0 0.00  0.0    0  3.1 12 260   M    M   0        17 270
13  62  28  45   0  20   0 0.00  0.0    0  5.6 17 190   M    M   0        22 160
14  71  42  57  12   8   0 0.00  0.0    0  9.2 20 220   M    M   4        31 220
15  68  51  60  15   5   0    T  0.0    0 12.6 22 200   M    M   6 1      30 210
16  57  33  45  -1  20   0 0.00  0.0    0  5.8 15 290   M    M   0        25 280
17  55  30  43  -3  22   0 0.00  0.0    0  3.4 14 210   M    M   2        17 230
18  54  30  42  -4  23   0 0.00  0.0    0  6.3 16 360   M    M   6        22  10
19  53  24  39  -8  26   0 0.00  0.0    0  1.7  9  40   M    M   0        12  60
20  57  28  43  -4  22   0    T  0.0    0  4.0  9 130   M    M   3        15 140
21  51  40  46  -1  19   0 1.88  0.0    0  6.3 14 320   M    M  10 1      20 350
================================================================================
SM 1091  666       480   0  3.45     1.4 117.0          M       91
================================================================================
AV 52.0 31.7                               5.6 FASTST   M    M   4    MAX(MPH)
                                 MISC ---->  # 22 200               # 31  220
================================================================================
NOTES:
# LAST OF SEVERAL OCCURRENCES

COLUMN 17 PEAK WIND IN M.P.H.

PRELIMINARY LOCAL CLIMATOLOGICAL DATA (WS FORM: F-6) , PAGE 2

                                          STATION:  LYNCHBURG VA
                                          MONTH:    MARCH
                                          YEAR:     2019
                                          LATITUDE:   37 19 N
                                          LONGITUDE:  79 12 W

[TEMPERATURE DATA]      [PRECIPITATION DATA]       SYMBOLS USED IN COLUMN 16

AVERAGE MONTHLY: 41.8   TOTAL FOR MONTH:   3.45    1 = FOG OR MIST
DPTR FM NORMAL:  -2.4   DPTR FM NORMAL:    1.08    2 = FOG REDUCING VISIBILITY
HIGHEST:    71 ON 14    GRTST 24HR  1.88 ON 21-21      TO 1/4 MILE OR LESS
LOWEST:     19 ON  5                               3 = THUNDER
                        SNOW, ICE PELLETS, HAIL    4 = ICE PELLETS
                        TOTAL MONTH:   1.4 INCHES  5 = HAIL
                        GRTST 24HR   1.4 ON  8- 8  6 = FREEZING RAIN OR DRIZZLE
                        GRTST DEPTH:   1 ON  8     7 = DUSTSTORM OR SANDSTORM:
                                                       VSBY 1/2 MILE OR LESS
                                                   8 = SMOKE OR HAZE
[NO. OF DAYS WITH]      [WEATHER - DAYS WITH]      9 = BLOWING SNOW
                                                   X = TORNADO
MAX 32 OR BELOW:   0    0.01 INCH OR MORE:   6
MAX 90 OR ABOVE:   0    0.10 INCH OR MORE:   5
MIN 32 OR BELOW:  11    0.50 INCH OR MORE:   2
MIN  0 OR BELOW:   0    1.00 INCH OR MORE:   1

[HDD (BASE 65) ]
TOTAL THIS MO.   480    CLEAR  (SCALE 0-3)  10
DPTR FM NORMAL    43    PTCLDY (SCALE 4-7)   6
TOTAL FM JUL 1  3698    CLOUDY (SCALE 8-10)  5
DPTR FM NORMAL  -163

[CDD (BASE 65) ]
TOTAL THIS MO.     0
DPTR FM NORMAL     0    [PRESSURE DATA]
TOTAL FM JAN 1     0    HIGHEST SLP M ON M
DPTR FM NORMAL     0    LOWEST  SLP 29.72 ON 21

[REMARKS]
