000
CXUS54 KLZK 271130
CF6LZK
PRELIMINARY LOCAL CLIMATOLOGICAL DATA (WS FORM: F-6)

                                          STATION:   North Little Rock
                                          MONTH:     MAY
                                          YEAR:      2019
                                          LATITUDE:   34 50 N
                                          LONGITUDE:  92 16 W

  TEMPERATURE IN F:       :PCPN:    SNOW:  WIND      :SUNSHINE: SKY     :PK WND
================================================================================
1   2   3   4   5  6A  6B    7    8   9   10  11  12  13   14  15   16   17  18
                                     12Z  AVG MX 2MIN
DY MAX MIN AVG DEP HDD CDD  WTR  SNW DPTH SPD SPD DIR MIN PSBL S-S WX    SPD DR
================================================================================

 1  74  60  67   0   0   2 1.48  0.0    0  8.0 16  90   M    M   0 3      33 340
 2  68  62  65  -2   0   0 2.14  0.0    0  4.0 14 200   M    M   0 13     31 220
 3  72  60  66  -2   0   1 0.16  0.0    0  5.0 10 340   M    M   0 3      15 320
 4  67  58  63  -5   2   0 0.18  0.0    0  5.0 11 340   M    M   0        16 360
 5  75  53  64  -4   1   0 0.00  0.0    0  5.0  9  90   M    M   0        12  90
 6  81  58  70   2   0   5 0.01  0.0    0  5.0  9 180   M    M   0 3      18 180
 7  84  63  74   5   0   9 0.00  0.0    0  7.0 11 150   M    M   0        17 150
 8  72  63  68  -1   0   3 2.23  0.0    0  7.0 17  90   M    M   0 13     25 110
 9  78  59  69   0   0   4 0.05  0.0    0  2.4  8 340   M    M   0         M  M
10  59  52  56 -13   9   0 0.31  0.0    0  7.0 12  90   M    M   0        18  40
11  62  52  57 -13   8   0 0.20  0.0    0  3.5 14 110   M    M   0         M  M
12  71  55  63  -7   2   0 0.03  0.0    0  4.0  7 320   M    M   M        12 320
13  76  52  64  -6   1   0 0.00  0.0    0  4.0 10  40   M    M   M        14 340
14  80  59  70   0   0   5 0.00  0.0    0  7.0 11 130   M    M   M        16 130
15  86  61  74   3   0   9 0.00  0.0    0  5.0  9 320   M    M   M        20 320
16  87  64  76   5   0  11 0.00  0.0    0  5.0 10 220   M    M   0        17 220
17  87  67  77   6   0  12 0.00  0.0    0  8.0 14 200   M    M   0        24 150
18  82  62  72   0   0   7 1.02  0.0    0  7.0 13  90   M    M   0        20 320
19  81  63  72   0   0   7 0.61  0.0    0  6.0 11 220   M    M   0 13     18 270
20  83  61  72   0   0   7    T  0.0    0 12.0 16  90   M    M   0 3      23 150
21  86  59  73   1   0   8 1.38  0.0    0  9.0 20 150   M    M   0 13     36 150
22  86  59  73   1   0   8    T  0.0    0  5.8 12 200   M    M   0 12     18 220
23  87  71  79   6   0  14 0.00  0.0    0  7.0 10 200   M    M   0        19 180
24  88  70  79   6   0  14 0.00  0.0    0  8.0 13 150   M    M   0        21 130
25  89  69  79   6   0  14 0.00  0.0    0  6.0 13 220   M    M   0        20 180
26  89  72  81   7   0  16 0.00  0.0    0  6.0 10 220   M    M   0        17 220
================================================================================
SM 2050 1584        23 156  9.80     0.0 158.7          M        0
================================================================================
AV 78.9 60.9                               6.1 FASTST   M    M   0    MAX(MPH)
                                 MISC ---->  # 20 150               # 36  150
================================================================================
NOTES:
# LAST OF SEVERAL OCCURRENCES

COLUMN 17 PEAK WIND IN M.P.H.

PRELIMINARY LOCAL CLIMATOLOGICAL DATA (WS FORM: F-6) , PAGE 2

                                          STATION:  North Little Rock
                                          MONTH:    MAY
                                          YEAR:     2019
                                          LATITUDE:   34 50 N
                                          LONGITUDE:  92 16 W

[TEMPERATURE DATA]      [PRECIPITATION DATA]       SYMBOLS USED IN COLUMN 16

AVERAGE MONTHLY: 69.9   TOTAL FOR MONTH:   9.80    1 = FOG OR MIST
DPTR FM NORMAL:  -0.4   DPTR FM NORMAL:    5.53    2 = FOG REDUCING VISIBILITY
HIGHEST:    89 ON 26,25 GRTST 24HR  2.23 ON  8- 8      TO 1/4 MILE OR LESS
LOWEST:     52 ON 13,11                            3 = THUNDER
                        SNOW, ICE PELLETS, HAIL    4 = ICE PELLETS
                        TOTAL MONTH:   0.0 INCH    5 = HAIL
                        GRTST 24HR     0.0         6 = FREEZING RAIN OR DRIZZLE
                        GRTST DEPTH:   0           7 = DUSTSTORM OR SANDSTORM:
                                                       VSBY 1/2 MILE OR LESS
                                                   8 = SMOKE OR HAZE
[NO. OF DAYS WITH]      [WEATHER - DAYS WITH]      9 = BLOWING SNOW
                                                   X = TORNADO
MAX 32 OR BELOW:   0    0.01 INCH OR MORE:  13
MAX 90 OR ABOVE:   0    0.10 INCH OR MORE:  10
MIN 32 OR BELOW:   0    0.50 INCH OR MORE:   6
MIN  0 OR BELOW:   0    1.00 INCH OR MORE:   5

[HDD (BASE 65) ]
TOTAL THIS MO.    23    CLEAR  (SCALE 0-3)  22
DPTR FM NORMAL     2    PTCLDY (SCALE 4-7)   0
TOTAL FM JUL 1  3228    CLOUDY (SCALE 8-10)  0
DPTR FM NORMAL   225

[CDD (BASE 65) ]
TOTAL THIS MO.   156
DPTR FM NORMAL    -4    [PRESSURE DATA]
TOTAL FM JAN 1   206    HIGHEST SLP M ON M
DPTR FM NORMAL   -43    LOWEST  SLP 29.80 ON 21

[REMARKS]
