000
CXUS54 KLZK 221130
CF6LZK
PRELIMINARY LOCAL CLIMATOLOGICAL DATA (WS FORM: F-6)

                                          STATION:   North Little Rock
                                          MONTH:     MARCH
                                          YEAR:      2019
                                          LATITUDE:   34 50 N
                                          LONGITUDE:  92 16 W

  TEMPERATURE IN F:       :PCPN:    SNOW:  WIND      :SUNSHINE: SKY     :PK WND
================================================================================
1   2   3   4   5  6A  6B    7    8   9   10  11  12  13   14  15   16   17  18
                                     12Z  AVG MX 2MIN
DY MAX MIN AVG DEP HDD CDD  WTR  SNW DPTH SPD SPD DIR MIN PSBL S-S WX    SPD DR
================================================================================

 1  44  34  39 -10  26   0    T  0.0    0  5.0  9  60   M    M   0        11 110
 2  46  38  42  -8  23   0    T  0.0    0  8.0 12  90   M    M   0        17  60
 3  38  24  31 -19  34   0 0.45  0.0    0 11.0 14  30   M    M   0        24  30
 4  33  17  25 -25  40   0 0.00  0.0    0  7.0 12 340   M    M   M        20  60
 5  40  19  30 -21  35   0 0.00  0.0    0  6.0 12 340   M    M   M        23 270
 6  46  23  35 -16  30   0 0.00  0.0    0  6.0 12 150   M    M   0        17 220
 7  46  33  40 -11  25   0 0.04  0.0    0  6.7  9 140   M    M   0         M  M
 8  57  44  51  -1  14   0 0.05  0.0    0  7.0 12  60   M    M   0 12     16  60
 9  73  46  60   8   5   0 0.97  0.0    0  9.0 29 180   M    M   0 123    49 150
10  60  48  54   2  11   0 0.00  0.0    0  7.0 12  40   M    M   0        17 360
11  62  43  53   1  12   0 0.25  0.0    0  6.0 12  40   M    M   0 1      15 340
12  56  45  51  -2  14   0 0.36  0.0    0 10.0 14 130   M    M   0 13     20  90
13  67  53  60   7   5   0 0.84  0.0    0 11.0 25 150   M    M   0 13     42 150
14  66  47  57   4   8   0 0.26  0.0    0 12.0 19 220   M    M   0 13     39 240
15  57  41  49  -5  16   0 0.00  0.0    0  8.0 14 300   M    M   0        24 270
16  59  37  48  -6  17   0 0.00  0.0    0  6.0 10 150   M    M   0        16  40
17  65  39  52  -2  13   0 0.00  0.0    0  4.0 10 340   M    M   0        16 360
18  61  44  53  -2  12   0 0.00  0.0    0 10.0 16  90   M    M   0        22  90
19  62  37  50  -5  15   0 0.00  0.0    0  9.0 14 110   M    M   0        20 130
20  58  39  49  -6  16   0 0.18    M    0  5.0 14 340   M    M   0        25 320
21  65  38  52  -4  13   0 0.00  0.0    0  6.0 12 340   M    M   0        19 340
================================================================================
SM 1161  789       384   0  3.40     0.0 159.7          M        0
================================================================================
AV 55.3 37.6                               7.6 FASTST   M    M   0    MAX(MPH)
                                 MISC ---->  # 29 180               # 49  150
================================================================================
NOTES:
# LAST OF SEVERAL OCCURRENCES

COLUMN 17 PEAK WIND IN M.P.H.

PRELIMINARY LOCAL CLIMATOLOGICAL DATA (WS FORM: F-6) , PAGE 2

                                          STATION:  North Little Rock
                                          MONTH:    MARCH
                                          YEAR:     2019
                                          LATITUDE:   34 50 N
                                          LONGITUDE:  92 16 W

[TEMPERATURE DATA]      [PRECIPITATION DATA]       SYMBOLS USED IN COLUMN 16

AVERAGE MONTHLY: 46.4   TOTAL FOR MONTH:   3.40    1 = FOG OR MIST
DPTR FM NORMAL:  -6.0   DPTR FM NORMAL:    0.19    2 = FOG REDUCING VISIBILITY
HIGHEST:    73 ON  9    GRTST 24HR  0.97 ON  9- 9      TO 1/4 MILE OR LESS
LOWEST:     17 ON  4                               3 = THUNDER
                        SNOW, ICE PELLETS, HAIL    4 = ICE PELLETS
                        TOTAL MONTH:   0.0 INCH    5 = HAIL
                        GRTST 24HR     0.0         6 = FREEZING RAIN OR DRIZZLE
                        GRTST DEPTH:   0           7 = DUSTSTORM OR SANDSTORM:
                                                       VSBY 1/2 MILE OR LESS
                                                   8 = SMOKE OR HAZE
[NO. OF DAYS WITH]      [WEATHER - DAYS WITH]      9 = BLOWING SNOW
                                                   X = TORNADO
MAX 32 OR BELOW:   0    0.01 INCH OR MORE:   9
MAX 90 OR ABOVE:   0    0.10 INCH OR MORE:   7
MIN 32 OR BELOW:   4    0.50 INCH OR MORE:   2
MIN  0 OR BELOW:   0    1.00 INCH OR MORE:   0

[HDD (BASE 65) ]
TOTAL THIS MO.   384    CLEAR  (SCALE 0-3)  19
DPTR FM NORMAL   112    PTCLDY (SCALE 4-7)   0
TOTAL FM JUL 1  2984    CLOUDY (SCALE 8-10)  0
DPTR FM NORMAL   226

[CDD (BASE 65) ]
TOTAL THIS MO.     0
DPTR FM NORMAL    -6    [PRESSURE DATA]
TOTAL FM JAN 1     5    HIGHEST SLP M ON M
DPTR FM NORMAL    -3    LOWEST  SLP 29.70 ON 13

[REMARKS]
