000
CXUS54 KLZK 231130
CF6M19
PRELIMINARY LOCAL CLIMATOLOGICAL DATA (WS FORM: F-6)

                                          STATION:   Newport Airport
                                          MONTH:     MAY
                                          YEAR:      2019
                                          LATITUDE:   35 35 N
                                          LONGITUDE:  91 16 W

  TEMPERATURE IN F:       :PCPN:    SNOW:  WIND      :SUNSHINE: SKY     :PK WND
================================================================================
1   2   3   4   5  6A  6B    7    8   9   10  11  12  13   14  15   16   17  18
                                     12Z  AVG MX 2MIN
DY MAX MIN AVG DEP HDD CDD  WTR  SNW DPTH SPD SPD DIR MIN PSBL S-S WX    SPD DR
================================================================================

 1  73  60  67   2   0   2 0.07    M    M 10.6 18 320   M    M   6 13     36 220
 2  72  61  67   1   0   2    T    M    M  9.2 21  40   M    M   8 13      M  M
 3  70  60  65  -1   0   0 0.11    M    M  4.3 15 310   M    M   9 1      25 310
 4  64  58  61  -5   4   0 0.02    M    M  7.9 14 330   M    M  10         M  M
 5  73  52  63  -3   2   0 0.00    M    M  5.7 10 350   M    M   1         M  M
 6  78  57  68   1   0   3    T    M    M  5.9 12 160   M    M   4         M  M
 7  84  62  73   6   0   8 0.00    M    M  6.3 10 160   M    M   3         M  M
 8  77  65  71   4   0   6 0.79    M    M 11.5 17 180   M    M   3 138     M  M
 9  76  61  69   1   0   4 0.11    M    M  9.2 18 320   M    M   8 1      24 320
10  61  53  57 -11   8   0 0.00    M    M 12.1 17 360   M    M  10         M  M
11  61  54  58 -10   7   0 0.14    M    M  8.3 13  50   M    M  10 1       M  M
12  69  54  62  -6   3   0 0.08    M    M  3.8  8  20   M    M   7 1      36 340
13  71  50  61  -8   4   0 0.00    M    M  6.3 13  60   M    M   1         M  M
14  76  55  66  -3   0   1 0.00    M    M  7.0 10 150   M    M   4         M  M
15  86  61  74   5   0   9 0.51    M    M  6.6 15 240   M    M   3 3       M  M
16  87  62  75   6   0  10    T    M    M  8.0 15 210   M    M   0 1       M  M
17  87  64  76   6   0  11 0.00    M    M 10.0 17 200   M    M   1        24 180
18  86  64  75   5   0  10 0.42    M    M 14.3 24 180   M    M   4 38     30 180
19  83  64  74   4   0   9 1.12    M    M 10.6 21 220   M    M   6 13     18 240
20  83  59  71   0   0   6    T    M    M  8.3 13 130   M    M   3         M  M
21   M   M   M   M   M   M 1.03    M    M 16.2 32 170   M    M   4 13     45 170
22  86  61  74   3   0   9 0.26    M    M 12.7 18 180   M    M   4 138    23 190
================================================================================
SM 1603 1237        28  90  4.66    M    194.8          M      109
================================================================================
AV 76.3 58.9                               8.9 FASTST   M    M   5    MAX(MPH)
                                 MISC ---->  # 32 170               # 45  170
================================================================================
NOTES:
# LAST OF SEVERAL OCCURRENCES

COLUMN 17 PEAK WIND IN M.P.H.

PRELIMINARY LOCAL CLIMATOLOGICAL DATA (WS FORM: F-6) , PAGE 2

                                          STATION:  Newport Airport
                                          MONTH:    MAY
                                          YEAR:     2019
                                          LATITUDE:   35 35 N
                                          LONGITUDE:  91 16 W

[TEMPERATURE DATA]      [PRECIPITATION DATA]       SYMBOLS USED IN COLUMN 16

AVERAGE MONTHLY: 67.6   TOTAL FOR MONTH:   4.66    1 = FOG OR MIST
DPTR FM NORMAL:  -0.6   DPTR FM NORMAL:    1.02    2 = FOG REDUCING VISIBILITY
HIGHEST:    87 ON 17,16 GRTST 24HR  1.12 ON 19-19      TO 1/4 MILE OR LESS
LOWEST:     50 ON 13                               3 = THUNDER
                        SNOW, ICE PELLETS, HAIL    4 = ICE PELLETS
                        TOTAL MONTH:    M          5 = HAIL
                        GRTST 24HR    M  ON   M    6 = FREEZING RAIN OR DRIZZLE
                        GRTST DEPTH:  M  ON   M    7 = DUSTSTORM OR SANDSTORM:
                                                       VSBY 1/2 MILE OR LESS
                                                   8 = SMOKE OR HAZE
[NO. OF DAYS WITH]      [WEATHER - DAYS WITH]      9 = BLOWING SNOW
                                                   X = TORNADO
MAX 32 OR BELOW:   0    0.01 INCH OR MORE:  12
MAX 90 OR ABOVE:   0    0.10 INCH OR MORE:   9
MIN 32 OR BELOW:   0    0.50 INCH OR MORE:   4
MIN  0 OR BELOW:   0    1.00 INCH OR MORE:   2

[HDD (BASE 65) ]
TOTAL THIS MO.    28    CLEAR  (SCALE 0-3)   7
DPTR FM NORMAL    -4    PTCLDY (SCALE 4-7)  11
TOTAL FM JUL 1  3519    CLOUDY (SCALE 8-10)  4
DPTR FM NORMAL   -97

[CDD (BASE 65) ]
TOTAL THIS MO.    90
DPTR FM NORMAL   -12    [PRESSURE DATA]
TOTAL FM JAN 1   130    HIGHEST SLP M ON M
DPTR FM NORMAL   -24    LOWEST  SLP M ON M

[REMARKS]
