000
CXUS56 KHNX 261146
CF6MAE
PRELIMINARY LOCAL CLIMATOLOGICAL DATA (WS FORM: F-6)

                                          STATION:   MADERA CA AIRPORT
                                          MONTH:     MARCH
                                          YEAR:      2019
                                          LATITUDE:   36 58 N
                                          LONGITUDE: 120  7 W

  TEMPERATURE IN F:       :PCPN:    SNOW:  WIND      :SUNSHINE: SKY     :PK WND
================================================================================
1   2   3   4   5  6A  6B    7    8   9   10  11  12  13   14  15   16   17  18
                                     12Z  AVG MX 2MIN
DY MAX MIN AVG DEP HDD CDD  WTR  SNW DPTH SPD SPD DIR MIN PSBL S-S WX    SPD DR
================================================================================

 1  65  46  56   3   9   0    T  0.0    0  4.9 13 170   M    M   3 18     16 170
 2  71  55  63  10   2   0 0.49  0.0    0 10.7 20 150   M    M   9 138    26 140
 3  68  55  62   9   3   0 0.11  0.0    0  8.0 15 130   M    M  10 1      18 120
 4  66  52  59   6   6   0    T  0.0    0  5.0 14 360   M    M   5        17 320
 5  60  53  57   4   8   0 0.08  0.0    0  9.2 31 130   M    M   7        41 130
 6  70  55  63  10   2   0 0.02  0.0    0 15.5 28 180   M    M   4 18     37 150
 7  64  49  57   4   8   0 0.13  0.0    0  5.7 18 320   M    M  10        23 330
 8  60  40  50  -4  15   0 0.02  0.0    0  6.7 14 350   M    M   4 1      17 340
 9  60  38  49  -5  16   0 0.24  0.0    0  7.0 20 160   M    M   4        24 170
10  63  38  51  -3  14   0 0.00  0.0    0  3.1  8 300   M    M   1 18     12 210
11  66  37  52  -2  13   0 0.00  0.0    0  6.1 20 340   M    M   1 28     24 330
12  69  38  54   0  11   0    T  0.0    0  7.2 23 330   M    M   2        32 330
13  65  39  52  -2  13   0 0.00  0.0    0  8.9 21 350   M    M   0        25 350
14  67  36  52  -2  13   0 0.00  0.0    0  4.0 12 160   M    M   0        16 150
15  71  38  55   1  10   0 0.00  0.0    0  2.1 10 260   M    M   0        14 290
16  74  40  57   3   8   0 0.00  0.0    0  1.8 10 330   M    M   0        13 320
17  79  42  61   7   4   0 0.00  0.0    0  3.4  8 320   M    M   0 8      11 290
18  85  47  66  12   0   1 0.00  0.0    0  2.6  8 280   M    M   0        10 140
19  79  50  65  11   0   0 0.11  0.0    0  4.5 18 220   M    M   2        23 220
20  67  50  59   5   6   0 0.59  0.0    0  7.1 15 280   M    M   7 3      18 270
21  67  46  57   3   8   0 0.00  0.0    0  6.8 14 300   M    M   3        19 290
22  69  41  55   0  10   0    T  0.0    0  3.3  8 330   M    M   3 18     11 250
23  67  49  58   3   7   0 0.16    M    0  7.6 15 340   M    M   5 1      19 310
24  69  40  55   0  10   0 0.00  0.0    0  2.0  9 250   M    M   0 128    11 320
25  78  43  61   6   4   0 0.00  0.0    0  6.4 15 120   M    M   0 18     20 130
================================================================================
SM 1719 1117       200   1  1.95     0.0 149.6          M       80
================================================================================
AV 68.8 44.7                               6.0 FASTST   M    M   3    MAX(MPH)
                                 MISC ---->  # 31 130               # 41  130
================================================================================
NOTES:
# LAST OF SEVERAL OCCURRENCES

COLUMN 17 PEAK WIND IN M.P.H.

PRELIMINARY LOCAL CLIMATOLOGICAL DATA (WS FORM: F-6) , PAGE 2

                                          STATION:  MADERA CA AIRPORT
                                          MONTH:    MARCH
                                          YEAR:     2019
                                          LATITUDE:   36 58 N
                                          LONGITUDE: 120  7 W

[TEMPERATURE DATA]      [PRECIPITATION DATA]       SYMBOLS USED IN COLUMN 16

AVERAGE MONTHLY: 56.7   TOTAL FOR MONTH:   1.95    1 = FOG OR MIST
DPTR FM NORMAL:   2.8   DPTR FM NORMAL:    0.42    2 = FOG REDUCING VISIBILITY
HIGHEST:    85 ON 18    GRTST 24HR  0.59 ON 20-20      TO 1/4 MILE OR LESS
LOWEST:     36 ON 14                               3 = THUNDER
                        SNOW, ICE PELLETS, HAIL    4 = ICE PELLETS
                        TOTAL MONTH:   0.0 INCH    5 = HAIL
                        GRTST 24HR     0.0         6 = FREEZING RAIN OR DRIZZLE
                        GRTST DEPTH:   0           7 = DUSTSTORM OR SANDSTORM:
                                                       VSBY 1/2 MILE OR LESS
                                                   8 = SMOKE OR HAZE
[NO. OF DAYS WITH]      [WEATHER - DAYS WITH]      9 = BLOWING SNOW
                                                   X = TORNADO
MAX 32 OR BELOW:   0    0.01 INCH OR MORE:  10
MAX 90 OR ABOVE:   0    0.10 INCH OR MORE:   7
MIN 32 OR BELOW:   0    0.50 INCH OR MORE:   1
MIN  0 OR BELOW:   0    1.00 INCH OR MORE:   0

[HDD (BASE 65) ]
TOTAL THIS MO.   200    CLEAR  (SCALE 0-3)  13
DPTR FM NORMAL   -78    PTCLDY (SCALE 4-7)   9
TOTAL FM JUL 1  1642    CLOUDY (SCALE 8-10)  3
DPTR FM NORMAL  -718

[CDD (BASE 65) ]
TOTAL THIS MO.     1
DPTR FM NORMAL     1    [PRESSURE DATA]
TOTAL FM JAN 1     1    HIGHEST SLP M ON M
DPTR FM NORMAL     1    LOWEST  SLP 29.74 ON M

[REMARKS]
