000
CXUS54 KMAF 251100
CF6MAF
PRELIMINARY LOCAL CLIMATOLOGICAL DATA (WS FORM: F-6)

                                          STATION:   Midland International Airport
                                          MONTH:     MAY
                                          YEAR:      2019
                                          LATITUDE:   31 57 N
                                          LONGITUDE: 102 11 W

  TEMPERATURE IN F:       :PCPN:    SNOW:  WIND      :SUNSHINE: SKY     :PK WND
================================================================================
1   2   3   4   5  6A  6B    7    8   9   10  11  12  13   14  15   16   17  18
                                     12Z  AVG MX 2MIN
DY MAX MIN AVG DEP HDD CDD  WTR  SNW DPTH SPD SPD DIR MIN PSBL S-S WX    SPD DR
================================================================================

 1  89  64  77   8   0  12 0.00  0.0    0  8.5 16 210   M    M   0 18     23 190
 2  80  65  73   3   0   8 0.00  0.0    0 13.1 25 120   M    M   5 18     30 120
 3  80  59  70   0   0   5    T  0.0    0 10.2 24  20   M    M   7 3      32  20
 4  79  51  65  -5   0   0 0.00  0.0    0  9.9 22 130   M    M   3 1      26 130
 5  89  60  75   5   0  10 0.00  0.0    0 15.6 32 160   M    M   3 8      40 160
 6  89  58  74   3   0   9 0.00  0.0    0 14.0 24 170   M    M   0        33 180
 7  83  67  75   4   0  10 0.02  0.0    0 14.8 26 160   M    M   5 3      34 160
 8  86  60  73   2   0   8 0.00  0.0    0 12.1 25 290   M    M   0 1      33 280
 9  72  54  63  -9   2   0 0.00  0.0    0 15.1 26  60   M    M   4        32  30
10  54  44  49 -23  16   0 0.16  0.0    0 13.7 25  50   M    M   9 13     31  50
11  71  47  59 -13   6   0 0.15  0.0    0  5.7 12 120   M    M   6 18     14  10
12  80  52  66  -6   0   1 0.00  0.0    0  7.1 17 140   M    M   2        20 140
13  75  55  65  -8   0   0 1.84  0.0    0  7.1 23 280   M    M   5 138    29 290
14  79  50  65  -8   0   0 0.00  0.0    0  4.6 12 190   M    M   1 1      15 150
15  84  58  71  -2   0   6 0.00  0.0    0  8.7 16 170   M    M   0 1      20 150
16  85  64  75   1   0  10 0.00  0.0    0 15.3 22 140   M    M   2 1      27 130
17  92  68  80   6   0  15 0.00  0.0    0 15.0 29 150   M    M   1        37 150
18  86  56  71  -3   0   6 0.00  0.0    0 13.6 33 260   M    M   1 3      50 240
19  88  50  69  -5   0   4 0.00  0.0    0 12.2 23 120   M    M   0        28 130
20  89  61  75   0   0  10 1.68  0.0    0 18.1 39 300   M    M   3 1358   47 300
21  80  51  66  -9   0   1    T  0.0    0 16.1 35 240   M    M   1        42 260
22  93  51  72  -3   0   7 0.00  0.0    0 10.0 21 130   M    M   0        26 160
23  90  75  83   7   0  18 0.00  0.0    0 20.8 31 150   M    M   5 18     38 150
24  86  72  79   3   0  14 0.00  0.0    0 17.0 32 160   M    M   5        40 160
================================================================================
SM 1979 1392        24 154  3.85     0.0 298.3          M       68
================================================================================
AV 82.5 58.0                              12.4 FASTST   M    M   3    MAX(MPH)
                                 MISC ---->  # 39 300               # 50  240
================================================================================
NOTES:
# LAST OF SEVERAL OCCURRENCES

COLUMN 17 PEAK WIND IN M.P.H.

PRELIMINARY LOCAL CLIMATOLOGICAL DATA (WS FORM: F-6) , PAGE 2

                                          STATION:  Midland International Airport
                                          MONTH:    MAY
                                          YEAR:     2019
                                          LATITUDE:   31 57 N
                                          LONGITUDE: 102 11 W

[TEMPERATURE DATA]      [PRECIPITATION DATA]       SYMBOLS USED IN COLUMN 16

AVERAGE MONTHLY: 70.2   TOTAL FOR MONTH:   3.85    1 = FOG OR MIST
DPTR FM NORMAL:  -2.4   DPTR FM NORMAL:    2.63    2 = FOG REDUCING VISIBILITY
HIGHEST:    93 ON 22    GRTST 24HR  1.84 ON 13-13      TO 1/4 MILE OR LESS
LOWEST:     44 ON 10                               3 = THUNDER
                        SNOW, ICE PELLETS, HAIL    4 = ICE PELLETS
                        TOTAL MONTH:   0.0 INCH    5 = HAIL
                        GRTST 24HR     0.0         6 = FREEZING RAIN OR DRIZZLE
                        GRTST DEPTH:   0           7 = DUSTSTORM OR SANDSTORM:
                                                       VSBY 1/2 MILE OR LESS
                                                   8 = SMOKE OR HAZE
[NO. OF DAYS WITH]      [WEATHER - DAYS WITH]      9 = BLOWING SNOW
                                                   X = TORNADO
MAX 32 OR BELOW:   0    0.01 INCH OR MORE:   5
MAX 90 OR ABOVE:   3    0.10 INCH OR MORE:   4
MIN 32 OR BELOW:   0    0.50 INCH OR MORE:   2
MIN  0 OR BELOW:   0    1.00 INCH OR MORE:   2

[HDD (BASE 65) ]
TOTAL THIS MO.    24    CLEAR  (SCALE 0-3)  15
DPTR FM NORMAL    11    PTCLDY (SCALE 4-7)   8
TOTAL FM JUL 1  2561    CLOUDY (SCALE 8-10)  1
DPTR FM NORMAL  -108

[CDD (BASE 65) ]
TOTAL THIS MO.   154
DPTR FM NORMAL   -44    [PRESSURE DATA]
TOTAL FM JAN 1   306    HIGHEST SLP M ON M
DPTR FM NORMAL     0    LOWEST  SLP 29.26 ON 20

[REMARKS]
