000
CXUS52 KTAE 260800
CF6MAI
PRELIMINARY LOCAL CLIMATOLOGICAL DATA (WS FORM: F-6)

                                          STATION:   MARIANNA
                                          MONTH:     MARCH
                                          YEAR:      2019
                                          LATITUDE:   30 50 N
                                          LONGITUDE:  85 11 W

  TEMPERATURE IN F:       :PCPN:    SNOW:  WIND      :SUNSHINE: SKY     :PK WND
================================================================================
1   2   3   4   5  6A  6B    7    8   9   10  11  12  13   14  15   16   17  18
                                     12Z  AVG MX 2MIN
DY MAX MIN AVG DEP HDD CDD  WTR  SNW DPTH SPD SPD DIR MIN PSBL S-S WX    SPD DR
================================================================================

 1  73  62  68  11   0   3 0.47  0.0    0  5.9 13 190   M    M   6 13     17 250
 2  78  63  71  13   0   6 0.55  0.0    0  2.3 12 210   M    M   8 13     14 200
 3  81  55  68  10   0   3 1.08  0.0    0 10.0 32 270   M    M   9 13     48 280
 4  55  40  48 -10  17   0 0.00  0.0    0 11.5 21 340   M    M   7        29 360
 5  55  36  46 -12  19   0 0.26  0.0    0 10.9 18 340   M    M   3 1      24 340
 6  55  31  43 -15  22   0 0.00  0.0    0  6.8 16 360   M    M   0        20  20
 7  65  34  50  -9  15   0 0.00  0.0    0  2.6  9  40   M    M   2        13  40
 8  77  50  64   5   1   0 0.00  0.0    0  6.9 16 220   M    M   4        21 210
 9  80  58  69  10   0   4 0.00  0.0    0  6.2 18 200   M    M   5 12     25 200
10  85  57  71  12   0   6 0.00  0.0    0  6.0 21 210   M    M   5 123    27 190
11  81  59  70  11   0   5 0.85  0.0    0  5.7 28 340   M    M   9 13     32 310
12  76  53  65   5   0   0 0.00  0.0    0  7.3 14  20   M    M   1 1      22  60
13  80  58  69   9   0   4 0.00  0.0    0  7.9 20 180   M    M   2        26 170
14  80  62  71  11   0   6 0.00  0.0    0  9.5 23 180   M    M   4        33 150
15  80  61  71  11   0   6 0.08  0.0    0  8.1 18 230   M    M   5 1      24 230
16  61  53  57  -3   8   0    T  0.0    0 10.0 17  10   M    M   6        22  10
17  65  48  57  -3   8   0 0.01  0.0    M  6.3 15  50   M    M   4        18  60
18  67  43  55  -6  10   0 0.00  0.0    0  6.7 16  20   M    M   0        21  30
19  66  47  57  -4   8   0 0.00  0.0    0  8.4 18  60   M    M   0        22  60
20  68  42  55  -6  10   0 0.00  0.0    0  4.7 15  10   M    M   0        19  30
21  69  41  55  -6  10   0 0.00  0.0    0  8.6 22 320   M    M   0        29 280
22  73  44  59  -2   6   0 0.00  0.0    0  5.7 14 360   M    M   0        23 340
23  77  40  59  -3   6   0 0.00  0.0    0  2.6 10 230   M    M   0        14  80
24  79  43  61  -1   4   0 0.00  0.0    0  5.5 18 180   M    M   0        23 180
25  80  52  66   4   0   1 0.03  0.0    0  7.5 18 200   M    M   5 12     27 240
================================================================================
SM 1806 1232       144  44  3.33     0.0 173.6          M       85
================================================================================
AV 72.2 49.3                               6.9 FASTST   M    M   3    MAX(MPH)
                                 MISC ---->  # 32 270               # 48  280
================================================================================
NOTES:
# LAST OF SEVERAL OCCURRENCES

COLUMN 17 PEAK WIND IN M.P.H.

PRELIMINARY LOCAL CLIMATOLOGICAL DATA (WS FORM: F-6) , PAGE 2

                                          STATION:  MARIANNA
                                          MONTH:    MARCH
                                          YEAR:     2019
                                          LATITUDE:   30 50 N
                                          LONGITUDE:  85 11 W

[TEMPERATURE DATA]      [PRECIPITATION DATA]       SYMBOLS USED IN COLUMN 16

AVERAGE MONTHLY: 60.8   TOTAL FOR MONTH:   3.33    1 = FOG OR MIST
DPTR FM NORMAL:   1.0   DPTR FM NORMAL:   -0.90    2 = FOG REDUCING VISIBILITY
HIGHEST:    85 ON 10    GRTST 24HR  1.08 ON  3- 3      TO 1/4 MILE OR LESS
LOWEST:     31 ON  6                               3 = THUNDER
                        SNOW, ICE PELLETS, HAIL    4 = ICE PELLETS
                        TOTAL MONTH:   0.0 INCH    5 = HAIL
                        GRTST 24HR     0.0         6 = FREEZING RAIN OR DRIZZLE
                        GRTST DEPTH:   0           7 = DUSTSTORM OR SANDSTORM:
                                                       VSBY 1/2 MILE OR LESS
                                                   8 = SMOKE OR HAZE
[NO. OF DAYS WITH]      [WEATHER - DAYS WITH]      9 = BLOWING SNOW
                                                   X = TORNADO
MAX 32 OR BELOW:   0    0.01 INCH OR MORE:   8
MAX 90 OR ABOVE:   0    0.10 INCH OR MORE:   5
MIN 32 OR BELOW:   1    0.50 INCH OR MORE:   3
MIN  0 OR BELOW:   0    1.00 INCH OR MORE:   1

[HDD (BASE 65) ]
TOTAL THIS MO.   144    CLEAR  (SCALE 0-3)  11
DPTR FM NORMAL   -12    PTCLDY (SCALE 4-7)  12
TOTAL FM JUL 1  1197    CLOUDY (SCALE 8-10)  2
DPTR FM NORMAL  -364

[CDD (BASE 65) ]
TOTAL THIS MO.    44
DPTR FM NORMAL    19    [PRESSURE DATA]
TOTAL FM JAN 1   117    HIGHEST SLP M ON M
DPTR FM NORMAL    77    LOWEST  SLP 29.74 ON  3

[REMARKS]
