000
CXUS52 KTAE 250800
CF6MAI
PRELIMINARY LOCAL CLIMATOLOGICAL DATA (WS FORM: F-6)

                                          STATION:   MARIANNA
                                          MONTH:     JUNE
                                          YEAR:      2019
                                          LATITUDE:   30 50 N
                                          LONGITUDE:  85 11 W

  TEMPERATURE IN F:       :PCPN:    SNOW:  WIND      :SUNSHINE: SKY     :PK WND
================================================================================
1   2   3   4   5  6A  6B    7    8   9   10  11  12  13   14  15   16   17  18
                                     12Z  AVG MX 2MIN
DY MAX MIN AVG DEP HDD CDD  WTR  SNW DPTH SPD SPD DIR MIN PSBL S-S WX    SPD DR
================================================================================

 1  98  76  87   8   0  22 0.00  0.0    0  5.3 25 260   M    M   1 3      32 260
 2  98  71  85   6   0  20 0.00  0.0    0  5.2 13 310   M    M   0 1       M  M
 3 100  71  86   7   0  21 0.00  0.0    M  4.0 14 300   M    M   1        17 310
 4 101  71  86   7   0  21 0.00  0.0    0  5.2 16 200   M    M   1        22 200
 5  94  75  85   6   0  20 0.00  0.0    0  5.8 15 250   M    M   2        19 250
 6  82  75  79   0   0  14 0.21  0.0    0  5.0 13 190   M    M   5 1      16 180
 7  89  73  81   1   0  16 0.05  0.0    0  8.8 20 220   M    M   2 13     26 220
 8  84  73  79  -1   0  14    T  0.0    0  9.1 21 200   M    M   5        27 200
 9  86  73  80   0   0  15 1.73  0.0    0  5.5 23 190   M    M   6 13     28 190
10  86  73  80   0   0  15 0.57  0.0    0  2.9 18 260   M    M   5 123    23 250
11  93  72  83   3   0  18 0.00  0.0    0  5.3 17  70   M    M   4        24 160
12  93  73  83   3   0  18    T  0.0    0  6.5 17 240   M    M   5        23 240
13  88  71  80   0   0  15 0.00  0.0    0  4.4 13 330   M    M   2        16 280
14  89  65  77  -3   0  12 0.00  0.0    0  5.1 14  80   M    M   2        19 280
15  92  71  82   2   0  17 0.00  0.0    0  4.5 12 200   M    M   4        13 160
16  95  72  84   4   0  19 0.00  0.0    0  3.3 14 180   M    M   2        18 170
17  90  75  83   2   0  18 0.00  0.0    0  5.8 18 150   M    M   2 3      25 150
18  88  73  81   0   0  16 0.03  0.0    0  4.8 16 240   M    M   2 13     21 250
19  91  74  83   2   0  18 0.38  0.0    0  8.7 33 290   M    M   4 13     43 280
20  94  77  86   5   0  21 0.02  0.0    0 11.8 24 230   M    M   3 1      34 220
21  96  80  88   7   0  23 0.00  0.0    0  9.1 17 270   M    M   4        20 240
22  95  77  86   5   0  21    T  0.0    0  6.9 17 270   M    M   3 13     28 240
23  97  75  86   5   0  21 0.00  0.0    0  5.8 15 230   M    M   3 1      18 230
24  96  73  85   4   0  20 0.46  0.0    0  8.1 40 300   M    M   1 3      60 300
================================================================================
SM 2215 1759         0 435  3.45     0.0 146.9          M       69
================================================================================
AV 92.3 73.3                               6.1 FASTST   M    M   3    MAX(MPH)
                                 MISC ---->  # 40 300               # 60  300
================================================================================
NOTES:
# LAST OF SEVERAL OCCURRENCES

COLUMN 17 PEAK WIND IN M.P.H.

PRELIMINARY LOCAL CLIMATOLOGICAL DATA (WS FORM: F-6) , PAGE 2

                                          STATION:  MARIANNA
                                          MONTH:    JUNE
                                          YEAR:     2019
                                          LATITUDE:   30 50 N
                                          LONGITUDE:  85 11 W

[TEMPERATURE DATA]      [PRECIPITATION DATA]       SYMBOLS USED IN COLUMN 16

AVERAGE MONTHLY: 82.8   TOTAL FOR MONTH:   3.45    1 = FOG OR MIST
DPTR FM NORMAL:   2.7   DPTR FM NORMAL:   -1.01    2 = FOG REDUCING VISIBILITY
HIGHEST:   101 ON  4    GRTST 24HR  1.73 ON  9- 9      TO 1/4 MILE OR LESS
LOWEST:     65 ON 14                               3 = THUNDER
                        SNOW, ICE PELLETS, HAIL    4 = ICE PELLETS
                        TOTAL MONTH:   0.0 INCH    5 = HAIL
                        GRTST 24HR     0.0         6 = FREEZING RAIN OR DRIZZLE
                        GRTST DEPTH:   0           7 = DUSTSTORM OR SANDSTORM:
                                                       VSBY 1/2 MILE OR LESS
                                                   8 = SMOKE OR HAZE
[NO. OF DAYS WITH]      [WEATHER - DAYS WITH]      9 = BLOWING SNOW
                                                   X = TORNADO
MAX 32 OR BELOW:   0    0.01 INCH OR MORE:   8
MAX 90 OR ABOVE:  16    0.10 INCH OR MORE:   5
MIN 32 OR BELOW:   0    0.50 INCH OR MORE:   2
MIN  0 OR BELOW:   0    1.00 INCH OR MORE:   1

[HDD (BASE 65) ]
TOTAL THIS MO.     0    CLEAR  (SCALE 0-3)  14
DPTR FM NORMAL     0    PTCLDY (SCALE 4-7)  10
TOTAL FM JUL 1  1251    CLOUDY (SCALE 8-10)  0
DPTR FM NORMAL  -398

[CDD (BASE 65) ]
TOTAL THIS MO.   435
DPTR FM NORMAL    74    [PRESSURE DATA]
TOTAL FM JAN 1  1114    HIGHEST SLP M ON M
DPTR FM NORMAL   283    LOWEST  SLP 29.74 ON  8

[REMARKS]
