000
CXUS55 KABR 241400
CF6MBG
PRELIMINARY LOCAL CLIMATOLOGICAL DATA (WS FORM: F-6)

                                          STATION:   MOBRIDGE SD
                                          MONTH:     MAY
                                          YEAR:      2019
                                          LATITUDE:   45 32 N
                                          LONGITUDE: 100 25 W

  TEMPERATURE IN F:       :PCPN:    SNOW:  WIND      :SUNSHINE: SKY     :PK WND
================================================================================
1   2   3   4   5  6A  6B    7    8   9   10  11  12  13   14  15   16   17  18
                                     12Z  AVG MX 2MIN
DY MAX MIN AVG DEP HDD CDD  WTR  SNW DPTH SPD SPD DIR MIN PSBL S-S WX    SPD DR
================================================================================

 1  45  31  38 -13  27   0 0.10  0.0    0  6.2 14  20   M    M  10 1      17  20
 2  63  29  46  -6  19   0    T  0.0    0 10.9 24 170   M    M   4 12     31 170
 3  67  35  51  -1  14   0 0.00  0.0    0  7.0 17  10   M    M   1        23 310
 4  66  39  53   1  12   0 0.00  0.0    0 10.3 24  20   M    M   0        29  20
 5  55  36  46  -7  19   0 0.01  0.0    0  8.5 20  10   M    M   7        26  10
 6  46  37  42 -11  23   0    T  0.0    0   M   M   M   M    M   M         M  M
 7  49  28  39 -14  26   0 0.43  0.0    0  9.6 18 140   M    M  10 1      29 130
 8  55  43  49  -5  16   0 0.15  0.0    0 13.9 25  40   M    M   9 1      34  40
 9  56  32  44 -10  21   0 0.00  0.0    0 10.1 21 360   M    M   1        31  20
10  65  31  48  -6  17   0 0.00  0.0    0 11.0 22 200   M    M   1        33 170
11  55  45  50  -5  15   0 0.10  0.0    0 10.9 22 320   M    M   9 18     29 320
12  68  42  55   0  10   0 0.00  0.0    0  7.8 15  10   M    M   1        21 340
13  78  46  62   7   3   0 0.07  0.0    0 10.4 32 130   M    M   2 38     52 250
14  82  46  64   8   1   0 0.00  0.0    0  8.0 20  90   M    M   0        25  90
15  87  52  70  14   0   5 0.00  0.0    0 14.4 29 170   M    M   0 8      40 170
16  66  50  58   2   7   0    T  0.0    0 11.9 24  40   M    M   3 18     32  40
17  56  44  50  -6  15   0 0.90  0.0    0 17.0 31  70   M    M   8 3      44  60
18  49  42  46 -11  19   0 0.53  0.0    0 19.4 30  50   M    M  10 18     42  60
19  51  40  46 -11  19   0 0.09  0.0    0 12.5 24  10   M    M  10 1      34  10
20  57  38  48  -9  17   0 0.00  0.0    0  8.0 22 160   M    M   6 12     28 160
21  57  46  52  -6  13   0 0.27  0.0    0 16.8 35  90   M    M  10        56  80
22  53  46  50  -8  15   0 0.24  0.0    0 13.8 30  70   M    M  10 18     45  60
23  61  47  54  -4  11   0 0.03  0.0    0  8.1 13 150   M    M  10 1      22  20
================================================================================
SM 1387  925       339   5  2.92     0.0 246.5          M      122
================================================================================
AV 60.3 40.2                              11.2 FASTST   M    M   6    MAX(MPH)
                                 MISC ---->  # 35  90               # 56   80
================================================================================
NOTES:
# LAST OF SEVERAL OCCURRENCES

COLUMN 17 PEAK WIND IN M.P.H.

PRELIMINARY LOCAL CLIMATOLOGICAL DATA (WS FORM: F-6) , PAGE 2

                                          STATION:  MOBRIDGE SD
                                          MONTH:    MAY
                                          YEAR:     2019
                                          LATITUDE:   45 32 N
                                          LONGITUDE: 100 25 W

[TEMPERATURE DATA]      [PRECIPITATION DATA]       SYMBOLS USED IN COLUMN 16

AVERAGE MONTHLY: 50.3   TOTAL FOR MONTH:   2.92    1 = FOG OR MIST
DPTR FM NORMAL:  -4.6   DPTR FM NORMAL:    0.86    2 = FOG REDUCING VISIBILITY
HIGHEST:    87 ON 15    GRTST 24HR  0.90 ON 17-17      TO 1/4 MILE OR LESS
LOWEST:     28 ON  7                               3 = THUNDER
                        SNOW, ICE PELLETS, HAIL    4 = ICE PELLETS
                        TOTAL MONTH:   0.0 INCH    5 = HAIL
                        GRTST 24HR     0.0         6 = FREEZING RAIN OR DRIZZLE
                        GRTST DEPTH:   0           7 = DUSTSTORM OR SANDSTORM:
                                                       VSBY 1/2 MILE OR LESS
                                                   8 = SMOKE OR HAZE
[NO. OF DAYS WITH]      [WEATHER - DAYS WITH]      9 = BLOWING SNOW
                                                   X = TORNADO
MAX 32 OR BELOW:   0    0.01 INCH OR MORE:  12
MAX 90 OR ABOVE:   0    0.10 INCH OR MORE:   8
MIN 32 OR BELOW:   5    0.50 INCH OR MORE:   2
MIN  0 OR BELOW:   0    1.00 INCH OR MORE:   0

[HDD (BASE 65) ]
TOTAL THIS MO.   339    CLEAR  (SCALE 0-3)   8
DPTR FM NORMAL    99    PTCLDY (SCALE 4-7)   4
TOTAL FM JUL 1  8484    CLOUDY (SCALE 8-10) 10
DPTR FM NORMAL   649

[CDD (BASE 65) ]
TOTAL THIS MO.     5
DPTR FM NORMAL     0    [PRESSURE DATA]
TOTAL FM JAN 1     6    HIGHEST SLP M ON M
DPTR FM NORMAL     0    LOWEST  SLP 29.45 ON 22

[REMARKS]
