000
CXUS55 KABR 241400
CF6MBG
PRELIMINARY LOCAL CLIMATOLOGICAL DATA (WS FORM: F-6)

                                          STATION:   MOBRIDGE SD
                                          MONTH:     MARCH
                                          YEAR:      2019
                                          LATITUDE:   45 32 N
                                          LONGITUDE: 100 25 W

  TEMPERATURE IN F:       :PCPN:    SNOW:  WIND      :SUNSHINE: SKY     :PK WND
================================================================================
1   2   3   4   5  6A  6B    7    8   9   10  11  12  13   14  15   16   17  18
                                     12Z  AVG MX 2MIN
DY MAX MIN AVG DEP HDD CDD  WTR  SNW DPTH SPD SPD DIR MIN PSBL S-S WX    SPD DR
================================================================================

 1  21  -8   7 -18  58   0 0.15  3.8   36  4.8 16 340   M    M   7 128    21 340
 2   4 -20  -8 -34  73   0    T    T   36 11.2 22 330   M    M   6 28     28 340
 3   2 -19  -8 -34  73   0 0.00  0.0   36 17.0 28 300   M    M   2 8      37 300
 4  12  -5   4 -23  61   0    T    T   35 22.3 32 300   M    M   6 8      41 310
 5  20   4  12 -15  53   0 0.00  0.0   35 13.7 21 320   M    M   3        28 300
 6  15  -4   6 -21  59   0 0.00  0.0   33  8.1 17  70   M    M   0        21  70
 7  17   5  11 -17  54   0 0.00  0.0   32 11.5 20 150   M    M   7 8      24 160
 8  26  17  22  -6  43   0 0.00  0.0   31  7.7 14 160   M    M  10 18     16 160
 9  28  18  23  -6  42   0 0.46  8.9   35 16.5 30 330   M    M   8 128    41 330
10  29   2  16 -13  49   0 0.00  0.0   39  5.7 20 310   M    M   0        24 310
11  25  -4  11 -19  54   0    T    T   38  9.9 22 170   M    M   2 128    28 170
12  38  13  26  -4  39   0 0.00  0.0   36  4.0 12 130   M    M   3 128    13 130
13  31   8  20 -10  45   0 0.16  2.3   34 16.0 36 350   M    M   6 128    49 340
14  36  26  31   0  34   0 0.16  3.1   36 28.0 40 340   M    M   4 128    57 340
15  35  19  27  -4  38   0 0.00  0.0   38  8.8 17 310   M    M   2        23 300
16  34  14  24  -8  41   0 0.00  0.0   37  5.8 16 310   M    M   6 18     19 300
17  34   6  20 -12  45   0 0.00  0.0   36  5.2 15 320   M    M   0 18     17 340
18  37   6  22 -11  43   0 0.00  0.0   34  4.7 12 150   M    M   2 1      15 190
19  39  19  29  -4  36   0 0.00  0.0   29  6.9 16 310   M    M   3 18     20 310
20  43  24  34   0  31   0 0.00  0.0   28  6.8 17 320   M    M   0 18     20 320
21  48  19  34   0  31   0 0.00  0.0   25  2.3 10  30   M    M   1 128    12  30
22  39  15  27  -7  38   0 0.00  0.0   22  5.7 16 100   M    M   0 18     21  90
23  44  29  37   2  28   0 0.00  0.0   19  6.9 12 150   M    M   1        16 140
================================================================================
SM  657  184      1068   0  0.93    18.1 229.5          M       79
================================================================================
AV 28.6  8.0                              10.0 FASTST   M    M   3    MAX(MPH)
                                 MISC ---->  # 40 340               # 57  340
================================================================================
NOTES:
# LAST OF SEVERAL OCCURRENCES

COLUMN 17 PEAK WIND IN M.P.H.

PRELIMINARY LOCAL CLIMATOLOGICAL DATA (WS FORM: F-6) , PAGE 2

                                          STATION:  MOBRIDGE SD
                                          MONTH:    MARCH
                                          YEAR:     2019
                                          LATITUDE:   45 32 N
                                          LONGITUDE: 100 25 W

[TEMPERATURE DATA]      [PRECIPITATION DATA]       SYMBOLS USED IN COLUMN 16

AVERAGE MONTHLY: 18.3   TOTAL FOR MONTH:   0.93    1 = FOG OR MIST
DPTR FM NORMAL: -11.8   DPTR FM NORMAL:    0.30    2 = FOG REDUCING VISIBILITY
HIGHEST:    48 ON 21    GRTST 24HR  0.46 ON  9- 9      TO 1/4 MILE OR LESS
LOWEST:    -20 ON  2                               3 = THUNDER
                        SNOW, ICE PELLETS, HAIL    4 = ICE PELLETS
                        TOTAL MONTH:  18.1 INCHES  5 = HAIL
                        GRTST 24HR   8.9 ON  9- 9  6 = FREEZING RAIN OR DRIZZLE
                        GRTST DEPTH:  39 ON 10     7 = DUSTSTORM OR SANDSTORM:
                                                       VSBY 1/2 MILE OR LESS
                                                   8 = SMOKE OR HAZE
[NO. OF DAYS WITH]      [WEATHER - DAYS WITH]      9 = BLOWING SNOW
                                                   X = TORNADO
MAX 32 OR BELOW:  12    0.01 INCH OR MORE:   4
MAX 90 OR ABOVE:   0    0.10 INCH OR MORE:   4
MIN 32 OR BELOW:  23    0.50 INCH OR MORE:   0
MIN  0 OR BELOW:   6    1.00 INCH OR MORE:   0

[HDD (BASE 65) ]
TOTAL THIS MO.  1068    CLEAR  (SCALE 0-3)  13
DPTR FM NORMAL   265    PTCLDY (SCALE 4-7)   8
TOTAL FM JUL 1  7310    CLOUDY (SCALE 8-10)  2
DPTR FM NORMAL   532

[CDD (BASE 65) ]
TOTAL THIS MO.     0
DPTR FM NORMAL     0    [PRESSURE DATA]
TOTAL FM JAN 1     0    HIGHEST SLP M ON M
DPTR FM NORMAL     0    LOWEST  SLP 29.40 ON 13

[REMARKS]
