000
CXUS55 KLIX 241000
CF6MCB
PRELIMINARY LOCAL CLIMATOLOGICAL DATA (WS FORM: F-6)

                                          STATION:   MCCOMB
                                          MONTH:     MARCH
                                          YEAR:      2019
                                          LATITUDE:   31 10 N
                                          LONGITUDE:  90 28 W

  TEMPERATURE IN F:       :PCPN:    SNOW:  WIND      :SUNSHINE: SKY     :PK WND
================================================================================
1   2   3   4   5  6A  6B    7    8   9   10  11  12  13   14  15   16   17  18
                                     12Z  AVG MX 2MIN
DY MAX MIN AVG DEP HDD CDD  WTR  SNW DPTH SPD SPD DIR MIN PSBL S-S WX    SPD DR
================================================================================

 1  71  60  66  11   0   1 0.04  0.0    0  3.5 14 340   M    M   4 1      16 340
 2  68  57  63   8   2   0 0.00  0.0    0  3.7  9 360   M    M  10 1      13  10
 3  71  39  55  -1  10   0 0.35    M    0 12.4 23 330   M    M  10 138    30 340
 4  42  32  37 -19  28   0 0.09    M    0 11.3 22 350   M    M   9        29 360
 5  51  27  39 -17  26   0 0.00  0.0    0  9.8 20 340   M    M   1        26 320
 6  58  27  43 -13  22   0 0.00  0.0    0  2.0 10  20   M    M   0        14 330
 7  61  34  48  -9  17   0    T    M    0  7.4 17 150   M    M   8 8      22 170
 8  73  54  64   7   1   0    T  0.0    0  9.5 20 180   M    M   9 8      23 170
 9  80  65  73  16   0   8 0.00  0.0    0 13.1 28 180   M    M   9        36 190
10  77  63  70  13   0   5 0.35  0.0    0  4.9 25 340   M    M   8 12     32 320
11  76  56  66   8   0   1 0.13  0.0    0  5.3 18 340   M    M   9 1      22 360
12  74  54  64   6   1   0 0.00  0.0    0  5.4 10 150   M    M   3        15 140
13  79  59  69  11   0   4 0.00  0.0    0 16.8 31 170   M    M   9 18     40 180
14  83  64  74  16   0   9    T  0.0    0 11.7 24 170   M    M  10        32 180
15  65  53  59   1   6   0 0.07  0.0    0 10.4 21 340   M    M   6 3      25 320
16  59  45  52  -7  13   0 0.00  0.0    0  5.7 14 360   M    M   0        20 350
17  64  42  53  -6  12   0 0.00  0.0    0  5.6 13 360   M    M   0        16 360
18  67  47  57  -2   8   0 0.00  0.0    0  4.3 12  30   M    M   0        15  10
19  67  42  55  -4  10   0 0.00  0.0    0  5.1 16 350   M    M   0        23 340
20  72  35  54  -6  11   0 0.00  0.0    0  3.6 21 340   M    M   0        25 340
21  72  41  57  -3   8   0 0.00  0.0    0  5.4 20 320   M    M   0        27 300
22  76  39  58  -2   7   0 0.00  0.0    0  3.5 13 320   M    M   0        18 310
23  78  42  60   0   5   0 0.00  0.0    0  3.8 14 180   M    M   0 18     18 180
================================================================================
SM 1584 1077       187  28  1.03     0.0 164.2          M      105
================================================================================
AV 68.9 46.8                               7.1 FASTST   M    M   5    MAX(MPH)
                                 MISC ---->  # 31 170               # 40  180
================================================================================
NOTES:
# LAST OF SEVERAL OCCURRENCES

COLUMN 17 PEAK WIND IN M.P.H.

PRELIMINARY LOCAL CLIMATOLOGICAL DATA (WS FORM: F-6) , PAGE 2

                                          STATION:  MCCOMB
                                          MONTH:    MARCH
                                          YEAR:     2019
                                          LATITUDE:   31 10 N
                                          LONGITUDE:  90 28 W

[TEMPERATURE DATA]      [PRECIPITATION DATA]       SYMBOLS USED IN COLUMN 16

AVERAGE MONTHLY: 57.9   TOTAL FOR MONTH:   1.03    1 = FOG OR MIST
DPTR FM NORMAL:   0.1   DPTR FM NORMAL:   -3.28    2 = FOG REDUCING VISIBILITY
HIGHEST:    83 ON 14    GRTST 24HR  0.35 ON 10-10      TO 1/4 MILE OR LESS
LOWEST:     27 ON  6, 5                            3 = THUNDER
                        SNOW, ICE PELLETS, HAIL    4 = ICE PELLETS
                        TOTAL MONTH:   0.0 INCH    5 = HAIL
                        GRTST 24HR     0.0         6 = FREEZING RAIN OR DRIZZLE
                        GRTST DEPTH:   0           7 = DUSTSTORM OR SANDSTORM:
                                                       VSBY 1/2 MILE OR LESS
                                                   8 = SMOKE OR HAZE
[NO. OF DAYS WITH]      [WEATHER - DAYS WITH]      9 = BLOWING SNOW
                                                   X = TORNADO
MAX 32 OR BELOW:   0    0.01 INCH OR MORE:   6
MAX 90 OR ABOVE:   0    0.10 INCH OR MORE:   3
MIN 32 OR BELOW:   3    0.50 INCH OR MORE:   0
MIN  0 OR BELOW:   0    1.00 INCH OR MORE:   0

[HDD (BASE 65) ]
TOTAL THIS MO.   187    CLEAR  (SCALE 0-3)  11
DPTR FM NORMAL    -1    PTCLDY (SCALE 4-7)   2
TOTAL FM JUL 1  1575    CLOUDY (SCALE 8-10) 10
DPTR FM NORMAL  -317

[CDD (BASE 65) ]
TOTAL THIS MO.    28
DPTR FM NORMAL     6    [PRESSURE DATA]
TOTAL FM JAN 1    70    HIGHEST SLP M ON M
DPTR FM NORMAL    34    LOWEST  SLP 29.80 ON 13

[REMARKS]
