000
CXUS55 KLIX 251000
CF6MCB
PRELIMINARY LOCAL CLIMATOLOGICAL DATA (WS FORM: F-6)

                                          STATION:   MCCOMB
                                          MONTH:     MAY
                                          YEAR:      2019
                                          LATITUDE:   31 10 N
                                          LONGITUDE:  90 28 W

  TEMPERATURE IN F:       :PCPN:    SNOW:  WIND      :SUNSHINE: SKY     :PK WND
================================================================================
1   2   3   4   5  6A  6B    7    8   9   10  11  12  13   14  15   16   17  18
                                     12Z  AVG MX 2MIN
DY MAX MIN AVG DEP HDD CDD  WTR  SNW DPTH SPD SPD DIR MIN PSBL S-S WX    SPD DR
================================================================================

 1  86  71  79  10   0  14 0.00  0.0    0 10.4 20 170   M    M   6 18     27 160
 2  86  66  76   7   0  11 0.00  0.0    0  7.2 17 170   M    M   3 1      24 180
 3  85  66  76   7   0  11 0.00  0.0    0  4.0 13 150   M    M   3 1      15 150
 4  76  67  72   2   0   7 1.06  0.0    0  5.1 20 180   M    M   8 13     25 180
 5  81  60  71   1   0   6 0.00  0.0    0  6.0 14 330   M    M   4        17 350
 6  85  58  72   2   0   7 0.00  0.0    0  2.2 10 170   M    M   0        13 170
 7  87  61  74   4   0   9 0.00  0.0    0  4.0 10 150   M    M   1 1      18 170
 8  81  66  74   3   0   9 0.20  0.0    0  9.1 20 360   M    M   6 138    26 130
 9  80  65  73   2   0   8 1.01  0.0    0  7.7 28 300   M    M   7 138    38 310
10  77  65  71   0   0   6 0.82  0.0    0  3.9 14 200   M    M   4 13     18 220
11  84  68  76   4   0  11 0.80  0.0    0  5.6 15 190   M    M   8 13     24 220
12  81  65  73   1   0   8 0.01  0.0    0  6.0 16 320   M    M   6 13     22 310
13  82  57  70  -2   0   5 0.00  0.0    0  5.3 16 330   M    M   1        20 340
14  84  53  69  -3   0   4 0.00  0.0    0  1.9 13 350   M    M   1        17  10
15  86  57  72  -1   0   7 0.00  0.0    0  1.7  8 310   M    M   1        12 360
16  88  65  77   4   0  12 0.00  0.0    0  4.3 13 170   M    M   1 1      16 160
17  88  61  75   2   0  10 0.00  0.0    0  5.8 17 170   M    M   0 18     23 160
18  88  66  77   4   0  12 0.00  0.0    0 10.6 26 160   M    M   5 13     35 160
19  81  66  74   0   0   9 1.92  0.0    0  5.3 22 350   M    M   5 13     27 350
20  90  71  81   7   0  16 0.00  0.0    0  7.2 16 190   M    M   6 1      20 190
21  89  74  82   8   0  17 0.00  0.0    0 12.2 23 160   M    M   6 1      30 160
22  90  73  82   8   0  17 0.00  0.0    0 10.2 21 160   M    M   4 1      24 150
23  91  70  81   7   0  16 0.00  0.0    0  5.8 14 170   M    M   3 12     21 170
24  89  68  79   4   0  14 0.00  0.0    0  4.2 14 160   M    M   2 12     18 160
================================================================================
SM 2035 1559         0 246  5.82     0.0 145.7          M       91
================================================================================
AV 84.8 65.0                               6.1 FASTST   M    M   4    MAX(MPH)
                                 MISC ---->  # 28 300               # 38  310
================================================================================
NOTES:
# LAST OF SEVERAL OCCURRENCES

COLUMN 17 PEAK WIND IN M.P.H.

PRELIMINARY LOCAL CLIMATOLOGICAL DATA (WS FORM: F-6) , PAGE 2

                                          STATION:  MCCOMB
                                          MONTH:    MAY
                                          YEAR:     2019
                                          LATITUDE:   31 10 N
                                          LONGITUDE:  90 28 W

[TEMPERATURE DATA]      [PRECIPITATION DATA]       SYMBOLS USED IN COLUMN 16

AVERAGE MONTHLY: 74.9   TOTAL FOR MONTH:   5.82    1 = FOG OR MIST
DPTR FM NORMAL:   3.0   DPTR FM NORMAL:    2.41    2 = FOG REDUCING VISIBILITY
HIGHEST:    91 ON 23    GRTST 24HR  1.92 ON 19-19      TO 1/4 MILE OR LESS
LOWEST:     53 ON 14                               3 = THUNDER
                        SNOW, ICE PELLETS, HAIL    4 = ICE PELLETS
                        TOTAL MONTH:   0.0 INCH    5 = HAIL
                        GRTST 24HR     0.0         6 = FREEZING RAIN OR DRIZZLE
                        GRTST DEPTH:   0           7 = DUSTSTORM OR SANDSTORM:
                                                       VSBY 1/2 MILE OR LESS
                                                   8 = SMOKE OR HAZE
[NO. OF DAYS WITH]      [WEATHER - DAYS WITH]      9 = BLOWING SNOW
                                                   X = TORNADO
MAX 32 OR BELOW:   0    0.01 INCH OR MORE:   7
MAX 90 OR ABOVE:   3    0.10 INCH OR MORE:   6
MIN 32 OR BELOW:   0    0.50 INCH OR MORE:   5
MIN  0 OR BELOW:   0    1.00 INCH OR MORE:   3

[HDD (BASE 65) ]
TOTAL THIS MO.     0    CLEAR  (SCALE 0-3)  11
DPTR FM NORMAL    -6    PTCLDY (SCALE 4-7)  11
TOTAL FM JUL 1  1693    CLOUDY (SCALE 8-10)  2
DPTR FM NORMAL  -336

[CDD (BASE 65) ]
TOTAL THIS MO.   246
DPTR FM NORMAL    72    [PRESSURE DATA]
TOTAL FM JAN 1   411    HIGHEST SLP M ON M
DPTR FM NORMAL   103    LOWEST  SLP 29.73 ON  4

[REMARKS]
