000
CXAK56 PAFG 260941
CF6MCG
PRELIMINARY LOCAL CLIMATOLOGICAL DATA (WS FORM: F-6)

                                          STATION:   MCGRATH AK
                                          MONTH:     MARCH
                                          YEAR:      2019
                                          LATITUDE:   62 57 N
                                          LONGITUDE: 155 36 W

  TEMPERATURE IN F:       :PCPN:    SNOW:  WIND      :SUNSHINE: SKY     :PK WND
================================================================================
1   2   3   4   5  6A  6B    7    8   9   10  11  12  13   14  15   16   17  18
                                     12Z  AVG MX 2MIN
DY MAX MIN AVG DEP HDD CDD  WTR  SNW DPTH SPD SPD DIR MIN PSBL S-S WX    SPD DR
================================================================================

 1  21 -12   5  -1  60   0 0.00  0.0   32  2.0 12  40   M    M   0 8      11  30
 2  26   1  14   7  51   0 0.05  0.6   31  0.7 10 310   M    M   9 18     12 330
 3  31   6  19  12  46   0 0.00  0.0   31  2.2 12  60   M    M   9        14  70
 4  26  17  22  15  43   0 0.00  0.0   31  4.6 12  30   M    M   9        17 140
 5  25  19  22  14  43   0 0.07  1.4   33  1.6 12 330   M    M  10 18     14  50
 6  32  16  24  16  41   0 0.26  4.2   36  2.7 12  40   M    M   9 1      14 130
 7  30  14  22  14  43   0 0.04  0.7   36  3.6 12 310   M    M   9 1      13 320
 8  32  24  28  20  37   0 0.03  0.6   36  0.7  8  30   M    M  10 1      12  30
 9  40  17  29  20  36   0    T  0.2   35 10.7 23 100   M    M   8 1      38 110
10  40  21  31  22  34   0 0.00  0.0   34  3.6 23 100   M    M   6        30 110
11  36  29  33  24  32   0 0.05  0.6   32  7.1 14 200   M    M  10 1      23 210
12  33  26  30  20  35   0 0.05  0.6   32  6.6 20 220   M    M   8 1      29 210
13  37  14  26  16  39   0 0.00  0.0   32  6.7 16  80   M    M   3        20  40
14  27   1  14   4  51   0 0.00  0.0   32  4.4 10 330   M    M   5        14  90
15  39  19  29  18  36   0 0.09  0.9   32  5.8 15  50   M    M   8 1      21  50
16  39  29  34  23  31   0    T  0.0   34  2.0 12 310   M    M   9        13 330
17  35  23  29  18  36   0 0.09  1.5   33  8.5 20 270   M    M   9 1      23 250
18  29  19  24  12  41   0 0.12  2.8   34  6.6 15 300   M    M   9 1      21 310
19  25   9  17   5  48   0 0.01  0.4   35  6.5 15 300   M    M   3 1      21 360
20  28  15  22   9  43   0 0.00  0.0   35  7.0 13  30   M    M   6        20  10
21  48  14  31  18  34   0 0.00  0.0   34  4.4 15  90   M    M   4        21  80
22  48  26  37  23  28   0 0.00  0.0   32  5.6 18 100   M    M   0        24 110
23  40  25  33  19  32   0    T  0.0   31  4.3 13 130   M    M   5        18 110
24  44  32  38  23  27   0    T  0.0   30 11.0 22 200   M    M   7        33 220
25  46  35  41  26  24   0    T  0.0   28  7.9 18 200   M    M   9 8      27 210
================================================================================
SM  857  439       971   0  0.86    14.5 126.8          M      174
================================================================================
AV 34.3 17.6                               5.1 FASTST   M    M   7    MAX(MPH)
                                 MISC ---->  # 23 100               # 38  110
================================================================================
NOTES:
# LAST OF SEVERAL OCCURRENCES

COLUMN 17 PEAK WIND IN M.P.H.

PRELIMINARY LOCAL CLIMATOLOGICAL DATA (WS FORM: F-6) , PAGE 2

                                          STATION:  MCGRATH AK
                                          MONTH:    MARCH
                                          YEAR:     2019
                                          LATITUDE:   62 57 N
                                          LONGITUDE: 155 36 W

[TEMPERATURE DATA]      [PRECIPITATION DATA]       SYMBOLS USED IN COLUMN 16

AVERAGE MONTHLY: 25.9   TOTAL FOR MONTH:   0.86    1 = FOG OR MIST
DPTR FM NORMAL:  15.6   DPTR FM NORMAL:    0.18    2 = FOG REDUCING VISIBILITY
HIGHEST:    48 ON 22,21 GRTST 24HR  0.26 ON  6- 6      TO 1/4 MILE OR LESS
LOWEST:    -12 ON  1                               3 = THUNDER
                        SNOW, ICE PELLETS, HAIL    4 = ICE PELLETS
                        TOTAL MONTH:  14.5 INCHES  5 = HAIL
                        GRTST 24HR   4.2 ON  6- 6  6 = FREEZING RAIN OR DRIZZLE
                        GRTST DEPTH:  36 ON  8, 7  7 = DUSTSTORM OR SANDSTORM:
                                                       VSBY 1/2 MILE OR LESS
                                                   8 = SMOKE OR HAZE
[NO. OF DAYS WITH]      [WEATHER - DAYS WITH]      9 = BLOWING SNOW
                                                   X = TORNADO
MAX 32 OR BELOW:  12    0.01 INCH OR MORE:  11
MAX 90 OR ABOVE:   0    0.10 INCH OR MORE:   2
MIN 32 OR BELOW:  24    0.50 INCH OR MORE:   0
MIN  0 OR BELOW:   1    1.00 INCH OR MORE:   0

[HDD (BASE 65) ]
TOTAL THIS MO.   971    CLEAR  (SCALE 0-3)   3
DPTR FM NORMAL  -398    PTCLDY (SCALE 4-7)   9
TOTAL FM JUL 1  9817    CLOUDY (SCALE 8-10) 13
DPTR FM NORMAL -1784

[CDD (BASE 65) ]
TOTAL THIS MO.     0
DPTR FM NORMAL     0    [PRESSURE DATA]
TOTAL FM JAN 1     0    HIGHEST SLP M ON M
DPTR FM NORMAL     0    LOWEST  SLP 29.35 ON M

[REMARKS]
