000
CXUS55 KEAX 250736
CF6MCI
PRELIMINARY LOCAL CLIMATOLOGICAL DATA (WS FORM: F-6)

                                          STATION:   Kansas City International MO
                                          MONTH:     JUNE
                                          YEAR:      2019
                                          LATITUDE:   39 19 N
                                          LONGITUDE:  94 43 W

  TEMPERATURE IN F:       :PCPN:    SNOW:  WIND      :SUNSHINE: SKY     :PK WND
================================================================================
1   2   3   4   5  6A  6B    7    8   9   10  11  12  13   14  15   16   17  18
                                     12Z  AVG MX 2MIN
DY MAX MIN AVG DEP HDD CDD  WTR  SNW DPTH SPD SPD DIR MIN PSBL S-S WX    SPD DR
================================================================================

 1  88  59  74   5   0   9 0.00  0.0    0  7.4 16 350   M    M   2        20 340
 2  79  58  69  -1   0   4 0.00  0.0    0  6.9 13  30   M    M   2        16  30
 3  83  60  72   2   0   7    T  0.0    0 11.1 20 190   M    M   5        27 190
 4  84  67  76   6   0  11 0.00  0.0    0  9.4 17 220   M    M   6        27 210
 5  89  70  80   9   0  15 0.00  0.0    0  8.6 21 140   M    M   4        27 150
 6  82  67  75   4   0  10 0.06  0.0    0  6.2 15 200   M    M   8 13     21 200
 7  88  66  77   6   0  12 0.00  0.0    0  8.3 16  70   M    M   4        22  60
 8  87  66  77   5   0  12 0.00  0.0    0  6.3 13  80   M    M   1        19  50
 9  78  62  70  -2   0   5 0.00  0.0    0 10.7 21 340   M    M   7        31 340
10  78  54  66  -6   0   1 0.00  0.0    0  7.2 21 360   M    M   1        28 360
11  79  51  65  -7   0   0 0.06  0.0    0  8.1 17 280   M    M   6 8      30 260
12  74  55  65  -8   0   0 0.51  0.0    0  8.5 25  40   M    M   6 1358   34  10
13  78  51  65  -8   0   0 0.00  0.0    0  6.5 13 250   M    M   3        17 250
14  81  61  71  -2   0   6 0.03  0.0    0 14.1 25 190   M    M   8        36 210
15  86  69  78   4   0  13 1.10  0.0    0 11.3 29 230   M    M   8 138    43 260
16  87  68  78   4   0  13 0.00  0.0    0  6.3 13  60   M    M   7        18  70
17  82  67  75   1   0  10 0.00  0.0    0  8.6 14 120   M    M   6        22  50
18  79  62  71  -3   0   6 0.17  0.0    0  5.3 13 100   M    M   7 12     21 100
19  76  66  71  -4   0   6 0.15  0.0    0  6.6 15 340   M    M   8 1      22 340
20  86  60  73  -2   0   8 0.00  0.0    0  7.8 18 140   M    M   4 1      25 140
21  80  65  73  -2   0   8 2.02  0.0    0 14.8 36  80   M    M   9 13     54  30
22  89  66  78   2   0  13 2.84  0.0    0 11.9 25 310   M    M   9 13     36 340
23  74  64  69  -7   0   4 0.70  0.0    0  8.1 24  80   M    M   8 1      32  90
24  79  62  71  -5   0   6 0.00  0.0    0  9.2 18 240   M    M   3        24 250
================================================================================
SM 1966 1496         0 179  7.64     0.0 209.2          M      132
================================================================================
AV 81.9 62.3                               8.7 FASTST   M    M   6    MAX(MPH)
                                 MISC ---->  # 36  80               # 54   30
================================================================================
NOTES:
# LAST OF SEVERAL OCCURRENCES

COLUMN 17 PEAK WIND IN M.P.H.

PRELIMINARY LOCAL CLIMATOLOGICAL DATA (WS FORM: F-6) , PAGE 2

                                          STATION:  Kansas City International MO
                                          MONTH:    JUNE
                                          YEAR:     2019
                                          LATITUDE:   39 19 N
                                          LONGITUDE:  94 43 W

[TEMPERATURE DATA]      [PRECIPITATION DATA]       SYMBOLS USED IN COLUMN 16

AVERAGE MONTHLY: 72.1   TOTAL FOR MONTH:   7.64    1 = FOG OR MIST
DPTR FM NORMAL:  -0.7   DPTR FM NORMAL:    3.40    2 = FOG REDUCING VISIBILITY
HIGHEST:    89 ON 22, 5 GRTST 24HR  2.84 ON 22-22      TO 1/4 MILE OR LESS
LOWEST:     51 ON 13,11                            3 = THUNDER
                        SNOW, ICE PELLETS, HAIL    4 = ICE PELLETS
                        TOTAL MONTH:   0.0 INCH    5 = HAIL
                        GRTST 24HR     0.0         6 = FREEZING RAIN OR DRIZZLE
                        GRTST DEPTH:   0           7 = DUSTSTORM OR SANDSTORM:
                                                       VSBY 1/2 MILE OR LESS
                                                   8 = SMOKE OR HAZE
[NO. OF DAYS WITH]      [WEATHER - DAYS WITH]      9 = BLOWING SNOW
                                                   X = TORNADO
MAX 32 OR BELOW:   0    0.01 INCH OR MORE:  10
MAX 90 OR ABOVE:   0    0.10 INCH OR MORE:   7
MIN 32 OR BELOW:   0    0.50 INCH OR MORE:   5
MIN  0 OR BELOW:   0    1.00 INCH OR MORE:   3

[HDD (BASE 65) ]
TOTAL THIS MO.     0    CLEAR  (SCALE 0-3)   6
DPTR FM NORMAL    -7    PTCLDY (SCALE 4-7)  15
TOTAL FM JUL 1  5512    CLOUDY (SCALE 8-10)  3
DPTR FM NORMAL   381

[CDD (BASE 65) ]
TOTAL THIS MO.   179
DPTR FM NORMAL   -18    [PRESSURE DATA]
TOTAL FM JAN 1   277    HIGHEST SLP  0.00 ON M
DPTR FM NORMAL   -36    LOWEST  SLP  0.00 ON M

[REMARKS]
