000
CXUS55 KEAX 260736
CF6MCI
PRELIMINARY LOCAL CLIMATOLOGICAL DATA (WS FORM: F-6)

                                          STATION:   Kansas City International MO
                                          MONTH:     MARCH
                                          YEAR:      2019
                                          LATITUDE:   39 19 N
                                          LONGITUDE:  94 43 W

  TEMPERATURE IN F:       :PCPN:    SNOW:  WIND      :SUNSHINE: SKY     :PK WND
================================================================================
1   2   3   4   5  6A  6B    7    8   9   10  11  12  13   14  15   16   17  18
                                     12Z  AVG MX 2MIN
DY MAX MIN AVG DEP HDD CDD  WTR  SNW DPTH SPD SPD DIR MIN PSBL S-S WX    SPD DR
================================================================================

 1  37  18  28 -11  37   0 0.00  0.0    0  5.3 17 350   M    M   9        23 360
 2  29  19  24 -15  41   0 0.00  0.0    0 13.4 22  20   M    M   8 8      29  20
 3  19   2  11 -28  54   0 0.14  2.8    2 15.4 26 360   M    M   6 19     34  10
 4  17  -2   8 -32  57   0 0.00  0.0    3  8.5 16 280   M    M   0        21 290
 5  24  10  17 -23  48   0 0.00  0.0    2 10.4 21 330   M    M   1        28 330
 6  36   7  22 -18  43   0 0.00  0.0    1  8.2 14 210   M    M   5        20 110
 7  38  31  35  -6  30   0 0.00  0.0    0 14.0 25  90   M    M   8        31  90
 8  43  32  38  -3  27   0 0.00  0.0    0 10.5 21 100   M    M  10 128    27 100
 9  59  32  46   4  19   0 0.49  0.0    0 18.5 31 300   M    M   9 1      45 290
10  44  29  37  -5  28   0 0.00  0.0    0  8.0 17 290   M    M   4        24 300
11  53  26  40  -2  25   0 0.00  0.0    0  7.2 13 100   M    M   2        21 120
12  53  40  47   4  18   0 0.45  0.0    0 14.6 26 160   M    M  10 13     32 150
13  62  51  57  14   8   0 0.24  0.0    0 21.6 38 180   M    M   8 13     54 170
14  58  36  47   3  18   0 0.01  0.0    0 21.3 39 210   M    M  10 1      54 220
15  50  32  41  -3  24   0 0.00  0.0    0 12.8 28 310   M    M   4        37 310
16  60  25  43  -1  22   0 0.00  0.0    0  9.0 20 300   M    M   1        28 310
17  54  28  41  -4  24   0 0.00  0.0    0  6.3 13  20   M    M   5        19 360
18  54  34  44  -1  21   0 0.00  0.0    0  5.5 14  10   M    M   7        23 360
19  61  39  50   5  15   0 0.22    M    0 12.0 26 140   M    M   9 18     33 140
20  58  41  50   4  15   0    T  0.0    0  9.7 17 280   M    M   6 18     25 250
21  57  32  45  -1  20   0 0.00  0.0    0  5.8 13 290   M    M   1        21 270
22  66  37  52   6  13   0 0.00  0.0    0  6.4 14  90   M    M   5        19  90
23  59  47  53   6  12   0    T    M    0 12.1 21 160   M    M   9 1      30 160
24  57  47  52   5  13   0 0.03    M    0  9.9 18 170   M    M  10 13     23 170
25  55  39  47  -1  18   0 0.00  0.0    0  9.5 18  30   M    M   9 1      23  30
================================================================================
SM 1203  732       650   0  1.58     2.8 275.9          M      156
================================================================================
AV 48.1 29.3                              11.0 FASTST   M    M   6    MAX(MPH)
                                 MISC ---->  # 39 210               # 54  170
================================================================================
NOTES:
# LAST OF SEVERAL OCCURRENCES

COLUMN 17 PEAK WIND IN M.P.H.

PRELIMINARY LOCAL CLIMATOLOGICAL DATA (WS FORM: F-6) , PAGE 2

                                          STATION:  Kansas City International MO
                                          MONTH:    MARCH
                                          YEAR:     2019
                                          LATITUDE:   39 19 N
                                          LONGITUDE:  94 43 W

[TEMPERATURE DATA]      [PRECIPITATION DATA]       SYMBOLS USED IN COLUMN 16

AVERAGE MONTHLY: 38.7   TOTAL FOR MONTH:   1.58    1 = FOG OR MIST
DPTR FM NORMAL:  -4.4   DPTR FM NORMAL:   -0.23    2 = FOG REDUCING VISIBILITY
HIGHEST:    66 ON 22    GRTST 24HR  0.49 ON  9- 9      TO 1/4 MILE OR LESS
LOWEST:     -2 ON  4                               3 = THUNDER
                        SNOW, ICE PELLETS, HAIL    4 = ICE PELLETS
                        TOTAL MONTH:   2.8 INCHES  5 = HAIL
                        GRTST 24HR   2.8 ON  3- 3  6 = FREEZING RAIN OR DRIZZLE
                        GRTST DEPTH:   3 ON  4     7 = DUSTSTORM OR SANDSTORM:
                                                       VSBY 1/2 MILE OR LESS
                                                   8 = SMOKE OR HAZE
[NO. OF DAYS WITH]      [WEATHER - DAYS WITH]      9 = BLOWING SNOW
                                                   X = TORNADO
MAX 32 OR BELOW:   4    0.01 INCH OR MORE:   7
MAX 90 OR ABOVE:   0    0.10 INCH OR MORE:   5
MIN 32 OR BELOW:  15    0.50 INCH OR MORE:   0
MIN  0 OR BELOW:   1    1.00 INCH OR MORE:   0

[HDD (BASE 65) ]
TOTAL THIS MO.   650    CLEAR  (SCALE 0-3)   5
DPTR FM NORMAL   102    PTCLDY (SCALE 4-7)   9
TOTAL FM JUL 1  4997    CLOUDY (SCALE 8-10) 11
DPTR FM NORMAL   404

[CDD (BASE 65) ]
TOTAL THIS MO.     0
DPTR FM NORMAL     0    [PRESSURE DATA]
TOTAL FM JAN 1     0    HIGHEST SLP  0.00 ON M
DPTR FM NORMAL     0    LOWEST  SLP  0.00 ON M

[REMARKS]
