042
CXUS53 KGLD 220800
CF6MCK
PRELIMINARY LOCAL CLIMATOLOGICAL DATA (WS FORM: F-6)

                                          STATION:   MCCOOK NE
                                          MONTH:     MARCH
                                          YEAR:      2019
                                          LATITUDE:   40 13 N
                                          LONGITUDE: 100 35 W

  TEMPERATURE IN F:       :PCPN:    SNOW:  WIND      :SUNSHINE: SKY     :PK WND
================================================================================
1   2   3   4   5  6A  6B    7    8   9   10  11  12  13   14  15   16   17  18
                                     12Z  AVG MX 2MIN
DY MAX MIN AVG DEP HDD CDD  WTR  SNW DPTH SPD SPD DIR MIN PSBL S-S WX    SPD DR
================================================================================

 1  37  11  24 -11  41   0 0.00    M    M  9.7 28  10   M    M   3        34  10
 2  24   6  15 -20  50   0    T    M    M 13.6 23  50   M    M  10 18     28  50
 3   9  -6   2 -33  63   0    T    M    M 11.4 20  20   M    M   6 18     24  10
 4  19 -10   5 -31  60   0 0.00    M    M  9.3 16 290   M    M   0        20 300
 5  32   0  16 -20  49   0 0.00    M    M  6.7 14 290   M    M   0        18 290
 6  33  12  23 -13  42   0 0.00    M    M  8.6 18  70   M    M   5        24  60
 7  36  22  29  -8  36   0 0.00    M    M  9.5 20  80   M    M   2 1      27  80
 8  43  20  32  -5  33   0 0.00    M    M 11.4 24 120   M    M   8 128    32 140
 9  40  25  33  -4  32   0 0.00    M    M 17.8 43 330   M    M   7 1      55 320
10  47  24  36  -2  29   0 0.00    M    M  8.3 18 170   M    M   5        25 150
11  50  23  37  -1  28   0 0.00    M    M  7.7 16 160   M    M   4        23 150
12  66  40  53  15  12   0 0.04    M    M 10.4 20 160   M    M   9 123    27 160
13  56  32  44   6  21   0 0.96    M    M 22.3 49 340   M    M   8 123    67 340
14  42  29  36  -3  29   0    T    M    M 34.9 53 330   M    M   6 8      74 310
15  50  23  37  -2  28   0 0.00    M    M  9.8 16 300   M    M   1        28 300
16  56  23  40   1  25   0 0.00    M    M  7.3 15 350   M    M   0 8      21 360
17  61  21  41   1  24   0 0.00    M    M  7.2 18 350   M    M   0 1      23 350
18  49  23  36  -4  29   0 0.00    M    M  8.3 15 120   M    M   1        22 110
19  53  29  41   1  24   0 0.17    M    M  8.8 29 340   M    M   7 1      39 330
20  65  24  45   5  20   0 0.00    M    M 12.2 24 350   M    M   0 1      32 320
21  66  24  45   4  20   0 0.00    M    M  5.3 15 150   M    M   0        21 150
================================================================================
SM  934  395       695   0  1.17    M    240.5          M       82
================================================================================
AV 44.5 18.8                              11.5 FASTST   M    M   4    MAX(MPH)
                                 MISC ---->  # 53 330               # 74  310
================================================================================
NOTES:
# LAST OF SEVERAL OCCURRENCES

COLUMN 17 PEAK WIND IN M.P.H.

PRELIMINARY LOCAL CLIMATOLOGICAL DATA (WS FORM: F-6) , PAGE 2

                                          STATION:  MCCOOK NE
                                          MONTH:    MARCH
                                          YEAR:     2019
                                          LATITUDE:   40 13 N
                                          LONGITUDE: 100 35 W

[TEMPERATURE DATA]      [PRECIPITATION DATA]       SYMBOLS USED IN COLUMN 16

AVERAGE MONTHLY: 31.6   TOTAL FOR MONTH:   1.17    1 = FOG OR MIST
DPTR FM NORMAL:  -6.2   DPTR FM NORMAL:    0.30    2 = FOG REDUCING VISIBILITY
HIGHEST:    66 ON 21,12 GRTST 24HR  0.96 ON 13-13      TO 1/4 MILE OR LESS
LOWEST:    -10 ON  4                               3 = THUNDER
                        SNOW, ICE PELLETS, HAIL    4 = ICE PELLETS
                        TOTAL MONTH:    M          5 = HAIL
                        GRTST 24HR    M  ON   M    6 = FREEZING RAIN OR DRIZZLE
                        GRTST DEPTH:  M  ON   M    7 = DUSTSTORM OR SANDSTORM:
                                                       VSBY 1/2 MILE OR LESS
                                                   8 = SMOKE OR HAZE
[NO. OF DAYS WITH]      [WEATHER - DAYS WITH]      9 = BLOWING SNOW
                                                   X = TORNADO
MAX 32 OR BELOW:   4    0.01 INCH OR MORE:   3
MAX 90 OR ABOVE:   0    0.10 INCH OR MORE:   2
MIN 32 OR BELOW:  20    0.50 INCH OR MORE:   1
MIN  0 OR BELOW:   3    1.00 INCH OR MORE:   0

[HDD (BASE 65) ]
TOTAL THIS MO.   695    CLEAR  (SCALE 0-3)   9
DPTR FM NORMAL   125    PTCLDY (SCALE 4-7)   9
TOTAL FM JUL 1  5563    CLOUDY (SCALE 8-10)  3
DPTR FM NORMAL   357

[CDD (BASE 65) ]
TOTAL THIS MO.     0
DPTR FM NORMAL     0    [PRESSURE DATA]
TOTAL FM JAN 1     0    HIGHEST SLP M ON M
DPTR FM NORMAL     0    LOWEST  SLP 28.79 ON 13

[REMARKS]
