000
CXUS53 KGLD 270800
CF6MCK
PRELIMINARY LOCAL CLIMATOLOGICAL DATA (WS FORM: F-6)

                                          STATION:   MCCOOK NE
                                          MONTH:     MAY
                                          YEAR:      2019
                                          LATITUDE:   40 13 N
                                          LONGITUDE: 100 35 W

  TEMPERATURE IN F:       :PCPN:    SNOW:  WIND      :SUNSHINE: SKY     :PK WND
================================================================================
1   2   3   4   5  6A  6B    7    8   9   10  11  12  13   14  15   16   17  18
                                     12Z  AVG MX 2MIN
DY MAX MIN AVG DEP HDD CDD  WTR  SNW DPTH SPD SPD DIR MIN PSBL S-S WX    SPD DR
================================================================================

 1  47  39  43 -12  22   0 0.03    M    M  7.6 16 360   M    M  10 18     21 360
 2  63  28  46  -9  19   0 0.00    M    M  8.8 18 180   M    M   4        24 170
 3  72  42  57   1   8   0    T    M    M  6.9 20 330   M    M   4 13     27 320
 4  80  37  59   3   6   0 0.07    M    M 10.3 33 190   M    M   3 1238   45 170
 5  83  42  63   7   2   0 0.00    M    M  6.5 17  70   M    M   1 1      22  70
 6  55  45  50  -6  15   0    T    M    M 14.8 29  70   M    M   9 18     36  60
 7  47  43  45 -12  20   0 0.05    M    M 13.6 25  50   M    M  10 12     33  50
 8  49  42  46 -11  19   0 0.88    M    M 15.7 26  10   M    M  10 12     34 360
 9  55  37  46 -12  19   0    T    M    M 10.7 26 360   M    M   7        35  10
10  59  31  45 -13  20   0 0.00    M    M  6.9 15 180   M    M   3        23 210
11  68  37  53  -5  12   0 0.02  0.0    0  9.9 28 320   M    M   2 1      49 310
12  70  34  52  -6  13   0 0.00  0.0    0  8.2 24 340   M    M   0        32 340
13  82  35  59   0   6   0 0.04  0.0    0  7.2 30 310   M    M   1 3      44 310
14  89  47  68   9   0   3 0.00    M    M  6.6 14 220   M    M   0 1      19 120
15  89  50  70  11   0   5    T    M    M  9.6 36 280   M    M   0        53 250
16  93  54  74  14   0   9 0.00    M    M  7.0 38 190   M    M   0 3      47 190
17  85  51  68   8   0   3 0.00    M    M 15.7 35 170   M    M   1 3      52 180
18  75  44  60   0   5   0 0.02    M    M 12.3 35 340   M    M   1 3      46 340
19  63  40  52  -8  13   0 0.00    M    M 16.4 26 320   M    M   0        36 330
20  46  42  44 -17  21   0 0.03    M    M 17.1 24  70   M    M   9 1      38  80
21  49  39  44 -17  21   0 1.53    M    M 16.6 28  40   M    M  10 13     36  40
22  63  37  50 -11  15   0 0.00    M    M 15.0 24 300   M    M   1        37 300
23  56  40  48 -14  17   0 0.62    M    M  9.7 21  70   M    M   9 13     27  50
24  77  43  60  -2   5   0 0.00    M    M  9.2 20 190   M    M   1 1      28 160
25  77  49  63   1   2   0 0.00  0.0    0 10.3 20  80   M    M   2 13     24  80
26  71  54  63   0   2   0 0.56    M    M 10.7 23  60   M    M   8 123    30  60
================================================================================
SM 1763 1082       282  20  3.85     0.0 283.3          M      106
================================================================================
AV 67.8 41.6                              10.9 FASTST   M    M   4    MAX(MPH)
                                 MISC ---->  # 38 190               # 53  250
================================================================================
NOTES:
# LAST OF SEVERAL OCCURRENCES

COLUMN 17 PEAK WIND IN M.P.H.

PRELIMINARY LOCAL CLIMATOLOGICAL DATA (WS FORM: F-6) , PAGE 2

                                          STATION:  MCCOOK NE
                                          MONTH:    MAY
                                          YEAR:     2019
                                          LATITUDE:   40 13 N
                                          LONGITUDE: 100 35 W

[TEMPERATURE DATA]      [PRECIPITATION DATA]       SYMBOLS USED IN COLUMN 16

AVERAGE MONTHLY: 54.7   TOTAL FOR MONTH:   3.85    1 = FOG OR MIST
DPTR FM NORMAL:  -4.1   DPTR FM NORMAL:    1.30    2 = FOG REDUCING VISIBILITY
HIGHEST:    93 ON 16    GRTST 24HR  1.53 ON 21-21      TO 1/4 MILE OR LESS
LOWEST:     28 ON  2                               3 = THUNDER
                        SNOW, ICE PELLETS, HAIL    4 = ICE PELLETS
                        TOTAL MONTH:   0.0 INCH    5 = HAIL
                        GRTST 24HR     0.0         6 = FREEZING RAIN OR DRIZZLE
                        GRTST DEPTH:   0           7 = DUSTSTORM OR SANDSTORM:
                                                       VSBY 1/2 MILE OR LESS
                                                   8 = SMOKE OR HAZE
[NO. OF DAYS WITH]      [WEATHER - DAYS WITH]      9 = BLOWING SNOW
                                                   X = TORNADO
MAX 32 OR BELOW:   0    0.01 INCH OR MORE:  11
MAX 90 OR ABOVE:   1    0.10 INCH OR MORE:   4
MIN 32 OR BELOW:   2    0.50 INCH OR MORE:   4
MIN  0 OR BELOW:   0    1.00 INCH OR MORE:   1

[HDD (BASE 65) ]
TOTAL THIS MO.   282    CLEAR  (SCALE 0-3)  14
DPTR FM NORMAL    93    PTCLDY (SCALE 4-7)   5
TOTAL FM JUL 1  6428    CLOUDY (SCALE 8-10)  7
DPTR FM NORMAL   336

[CDD (BASE 65) ]
TOTAL THIS MO.    20
DPTR FM NORMAL   -10    [PRESSURE DATA]
TOTAL FM JAN 1    22    HIGHEST SLP M ON M
DPTR FM NORMAL   -14    LOWEST  SLP 29.26 ON 17

[REMARKS]
