000
CXUS52 KMLB 200628
CF6MCO
PRELIMINARY LOCAL CLIMATOLOGICAL DATA (WS FORM: F-6)

                                          STATION:   ORLANDO INTL
                                          MONTH:     MAY
                                          YEAR:      2019
                                          LATITUDE:   28 25 N
                                          LONGITUDE:  81 19 W

  TEMPERATURE IN F:       :PCPN:    SNOW:  WIND      :SUNSHINE: SKY     :PK WND
================================================================================
1   2   3   4   5  6A  6B    7    8   9   10  11  12  13   14  15   16   17  18
                                     12Z  AVG MX 2MIN
DY MAX MIN AVG DEP HDD CDD  WTR  SNW DPTH SPD SPD DIR MIN PSBL S-S WX    SPD DR
================================================================================

 1  88  69  79   5   0  14    T  0.0    0 11.7 22  70   M    M   4        28 100
 2  86  72  79   5   0  14 0.75  0.0    0  9.0 21 100   M    M   4 13     26 110
 3  90  71  81   6   0  16 0.00  0.0    0  9.2 22 260   M    M   7        27 260
 4  91  68  80   5   0  15 0.62  0.0    0  6.7 23 180   M    M   5 138    28 180
 5  87  69  78   3   0  13 0.23  0.0    0  8.8 29 270   M    M   6 13     40 250
 6  89  69  79   4   0  14 0.01  0.0    0  5.3 14  90   M    M   7        17 100
 7  90  71  81   6   0  16    T  0.0    0  7.9 21 110   M    M   4        25 100
 8  88  70  79   3   0  14 0.00  0.0    0  9.9 21  70   M    M   4        26  60
 9  87  69  78   2   0  13    T  0.0    0  8.9 20  80   M    M   7 3      25  70
10  89  71  80   4   0  15 0.00  0.0    0  8.1 20  60   M    M   4        26  70
11  92  70  81   5   0  16 0.05  0.0    0  7.2 24 220   M    M   6 3      32 210
12  90  70  80   4   0  15 0.33  0.0    0  7.8 28 190   M    M   7 38     36 200
13  85  70  78   1   0  13 1.08  0.0    0  7.7 23 310   M    M   6 13     30 300
14  80  68  74  -3   0   9 1.27  0.0    0  5.6 31 270   M    M   8 13     39 270
15  84  69  77   0   0  12 0.00  0.0    0  7.3 20  70   M    M   7        26  90
16  86  67  77   0   0  12 0.00  0.0    0  7.4 17 100   M    M   3        24 110
17  88  65  77  -1   0  12 0.00  0.0    0  6.5 17 110   M    M   1        26 100
18  88  65  77  -1   0  12 0.00  0.0    0  5.4 17 100   M    M   1        22  90
19  91  66  79   1   0  14 0.00  0.0    0  5.4 20 110   M    M   2        28  80
================================================================================
SM 1669 1309         0 259  4.34     0.0 145.8          M       93
================================================================================
AV 87.8 68.9                               7.7 FASTST   M    M   5    MAX(MPH)
                                 MISC ---->  # 31 270               # 40  250
================================================================================
NOTES:
# LAST OF SEVERAL OCCURRENCES

COLUMN 17 PEAK WIND IN M.P.H.

PRELIMINARY LOCAL CLIMATOLOGICAL DATA (WS FORM: F-6) , PAGE 2

                                          STATION:  ORLANDO INTL
                                          MONTH:    MAY
                                          YEAR:     2019
                                          LATITUDE:   28 25 N
                                          LONGITUDE:  81 19 W

[TEMPERATURE DATA]      [PRECIPITATION DATA]       SYMBOLS USED IN COLUMN 16

AVERAGE MONTHLY: 78.4   TOTAL FOR MONTH:   4.34    1 = FOG OR MIST
DPTR FM NORMAL:   2.3   DPTR FM NORMAL:    2.75    2 = FOG REDUCING VISIBILITY
HIGHEST:    92 ON 11    GRTST 24HR  1.27 ON 14-14      TO 1/4 MILE OR LESS
LOWEST:     65 ON 18,17                            3 = THUNDER
                        SNOW, ICE PELLETS, HAIL    4 = ICE PELLETS
                        TOTAL MONTH:   0.0 INCH    5 = HAIL
                        GRTST 24HR     0.0         6 = FREEZING RAIN OR DRIZZLE
                        GRTST DEPTH:   0           7 = DUSTSTORM OR SANDSTORM:
                                                       VSBY 1/2 MILE OR LESS
                                                   8 = SMOKE OR HAZE
[NO. OF DAYS WITH]      [WEATHER - DAYS WITH]      9 = BLOWING SNOW
                                                   X = TORNADO
MAX 32 OR BELOW:   0    0.01 INCH OR MORE:   8
MAX 90 OR ABOVE:   6    0.10 INCH OR MORE:   6
MIN 32 OR BELOW:   0    0.50 INCH OR MORE:   4
MIN  0 OR BELOW:   0    1.00 INCH OR MORE:   2

[HDD (BASE 65) ]
TOTAL THIS MO.     0    CLEAR  (SCALE 0-3)   4
DPTR FM NORMAL     0    PTCLDY (SCALE 4-7)  15
TOTAL FM JUL 1   390    CLOUDY (SCALE 8-10)  0
DPTR FM NORMAL  -180

[CDD (BASE 65) ]
TOTAL THIS MO.   259
DPTR FM NORMAL    48    [PRESSURE DATA]
TOTAL FM JAN 1   880    HIGHEST SLP M ON M
DPTR FM NORMAL   248    LOWEST  SLP 29.82 ON 13

[REMARKS]
