000
CXUS53 KDMX 190920
CF6MCW
PRELIMINARY LOCAL CLIMATOLOGICAL DATA (WS FORM: F-6)

                                          STATION:   MASON CITY IA
                                          MONTH:     MARCH
                                          YEAR:      2019
                                          LATITUDE:   43  9 N
                                          LONGITUDE:  93 20 W

  TEMPERATURE IN F:       :PCPN:    SNOW:  WIND      :SUNSHINE: SKY     :PK WND
================================================================================
1   2   3   4   5  6A  6B    7    8   9   10  11  12  13   14  15   16   17  18
                                     12Z  AVG MX 2MIN
DY MAX MIN AVG DEP HDD CDD  WTR  SNW DPTH SPD SPD DIR MIN PSBL S-S WX    SPD DR
================================================================================

 1  21   8  15 -11  50   0 0.05  0.9   19  6.1 16 320   M    M  10 18     20 330
 2  15  -1   7 -20  58   0    T    T   18 15.4 23 340   M    M   8 12     29 340
 3  -1 -13  -7 -34  72   0 0.00  0.0   18 17.3 26 330   M    M   1 18     33 320
 4   6 -13  -3 -31  68   0 0.00  0.0   17 16.5 25 260   M    M   1 18     33 260
 5  14  -2   6 -22  59   0 0.00  0.0   17 16.2 25 280   M    M   2        32 290
 6  20   1  11 -17  54   0 0.00  0.0   17 11.7 20 260   M    M   0        24 260
 7  20   2  11 -18  54   0 0.00  0.0   16  8.5 16 110   M    M   4        19 110
 8  32  20  26  -3  39   0 0.00  0.0   16 10.3 20 130   M    M  10 1      28 130
 9  34  30  32   2  33   0 0.65  1.5   14 17.7 33 100   M    M  10 126    44 100
10  33  19  26  -4  39   0    T    T   12 21.0 39 290   M    M   4 189    50 310
11  30  16  23  -8  42   0 0.00  0.0   12  5.8 12 180   M    M   4 1      13 270
12  37  15  26  -5  39   0 0.38  0.0   12 13.4 23 160   M    M   7 1      30 160
13  43  34  39   7  26   0 0.32  0.0   10 13.9 25 120   M    M  10 12     35 130
14  44  31  38   6  27   0 0.16  0.0    7 24.3 37 310   M    M   6 1      49 310
15  34  26  30  -2  35   0 0.00  0.0    5 21.2 36 320   M    M   5        46 320
16  34  19  27  -6  38   0 0.00  0.0    5  4.4 15 300   M    M   5        20 300
17  36  22  29  -4  36   0 0.00  0.0    4  9.7 16 270   M    M   5 1      20 290
18  40  24  32  -2  33   0 0.00  0.0    3  8.8 15 260   M    M   0 1      19 270
================================================================================
SM  492  238       802   0  1.56     2.4 242.2          M       92
================================================================================
AV 27.3 13.2                              13.5 FASTST   M    M   5    MAX(MPH)
                                 MISC ---->  # 39 290               # 50  310
================================================================================
NOTES:
# LAST OF SEVERAL OCCURRENCES

COLUMN 17 PEAK WIND IN M.P.H.

PRELIMINARY LOCAL CLIMATOLOGICAL DATA (WS FORM: F-6) , PAGE 2

                                          STATION:  MASON CITY IA
                                          MONTH:    MARCH
                                          YEAR:     2019
                                          LATITUDE:   43  9 N
                                          LONGITUDE:  93 20 W

[TEMPERATURE DATA]      [PRECIPITATION DATA]       SYMBOLS USED IN COLUMN 16

AVERAGE MONTHLY: 20.3   TOTAL FOR MONTH:   1.56    1 = FOG OR MIST
DPTR FM NORMAL:  -9.7   DPTR FM NORMAL:    0.46    2 = FOG REDUCING VISIBILITY
HIGHEST:    44 ON 14    GRTST 24HR  0.65 ON  9- 9      TO 1/4 MILE OR LESS
LOWEST:    -13 ON  4, 3                            3 = THUNDER
                        SNOW, ICE PELLETS, HAIL    4 = ICE PELLETS
                        TOTAL MONTH:   2.4 INCHES  5 = HAIL
                        GRTST 24HR   1.5 ON  9- 9  6 = FREEZING RAIN OR DRIZZLE
                        GRTST DEPTH:  19 ON  1     7 = DUSTSTORM OR SANDSTORM:
                                                       VSBY 1/2 MILE OR LESS
                                                   8 = SMOKE OR HAZE
[NO. OF DAYS WITH]      [WEATHER - DAYS WITH]      9 = BLOWING SNOW
                                                   X = TORNADO
MAX 32 OR BELOW:   9    0.01 INCH OR MORE:   5
MAX 90 OR ABOVE:   0    0.10 INCH OR MORE:   4
MIN 32 OR BELOW:  17    0.50 INCH OR MORE:   1
MIN  0 OR BELOW:   4    1.00 INCH OR MORE:   0

[HDD (BASE 65) ]
TOTAL THIS MO.   802    CLEAR  (SCALE 0-3)   5
DPTR FM NORMAL   173    PTCLDY (SCALE 4-7)   9
TOTAL FM JUL 1  6966    CLOUDY (SCALE 8-10)  4
DPTR FM NORMAL   486

[CDD (BASE 65) ]
TOTAL THIS MO.     0
DPTR FM NORMAL     0    [PRESSURE DATA]
TOTAL FM JAN 1     0    HIGHEST SLP M ON M
DPTR FM NORMAL     0    LOWEST  SLP 29.11 ON 14

[REMARKS]
