000
CXUS53 KDMX 260920
CF6MCW
PRELIMINARY LOCAL CLIMATOLOGICAL DATA (WS FORM: F-6)

                                          STATION:   MASON CITY IA
                                          MONTH:     MAY
                                          YEAR:      2019
                                          LATITUDE:   43  9 N
                                          LONGITUDE:  93 20 W

  TEMPERATURE IN F:       :PCPN:    SNOW:  WIND      :SUNSHINE: SKY     :PK WND
================================================================================
1   2   3   4   5  6A  6B    7    8   9   10  11  12  13   14  15   16   17  18
                                     12Z  AVG MX 2MIN
DY MAX MIN AVG DEP HDD CDD  WTR  SNW DPTH SPD SPD DIR MIN PSBL S-S WX    SPD DR
================================================================================

 1  49  40  45  -8  20   0 0.08  0.0    0  7.6 17  40   M    M  10 1      21  40
 2  56  35  46  -8  19   0 0.00  0.0    0  5.6 16 320   M    M   7 1      20 320
 3  61  31  46  -8  19   0 0.00  0.0    0  6.1 14 160   M    M   2 1      18 180
 4  68  39  54   0  11   0 0.01  0.0    0  8.4 17 210   M    M   5        22 220
 5  71  46  59   4   6   0 0.05  0.0    0  6.0 15  10   M    M   4 3      18  10
 6  62  46  54  -1  11   0 0.31  0.0    0 12.7 22  10   M    M   7 13     29  10
 7  65  40  53  -2  12   0 0.00  0.0    0 11.3 23 110   M    M   6 3      32 110
 8  56  41  49  -7  16   0 1.19  0.0    0 17.4 29  90   M    M  10 13     37 100
 9  49  36  43 -13  22   0 0.00  0.0    0 18.2 29 340   M    M  10 1      39 340
10  61  34  48  -8  17   0 0.00  0.0    0  5.3 20 300   M    M   1        27 290
11  55  38  47 -10  18   0    T  0.0    0 10.8 22 160   M    M   7        28 180
12  59  39  49  -8  16   0 0.00  0.0    0  7.4 18 100   M    M   6        25 100
13  66  37  52  -6  13   0 0.00  0.0    0  6.6 12 240   M    M   2        16 230
14  68  47  58   0   7   0 0.00  0.0    0 10.2 20 180   M    M   7        27 180
15  79  42  61   3   4   0 0.00  0.0    0  5.4 14 180   M    M   1 12     19 170
16  86  59  73  15   0   8    T  0.0    0 11.8 20  20   M    M   0        29 280
17  63  52  58  -1   7   0 0.76  0.0    0 15.2 25 120   M    M   7 13     37 120
18  79  49  64   5   1   0 0.83  0.0    0 13.2 28 180   M    M   7 1      39 170
19  53  39  46 -13  19   0 0.30  0.0    0 16.4 23 360   M    M  10 1      29 360
20  58  35  47 -13  18   0 0.00  0.0    0 10.7 18  30   M    M   3        25 360
21  51  45  48 -12  17   0 0.71  0.0    0 22.0 36  90   M    M   8 1      50  60
22  69  49  59  -1   6   0 0.16    M    0 21.3 35 210   M    M   6 1      49 200
23  66  48  57  -4   8   0 0.08  0.0    0 11.5 21 310   M    M   3 1      29 280
24  75  52  64   3   1   0 0.94  0.0    0 15.3 33 130   M    M   7 1      48 130
25  74  52  63   2   2   0 0.00  0.0    0 12.6 20 280   M    M   1 1      27 260
================================================================================
SM 1599 1071       290   8  5.42     0.0 289.0          M      137
================================================================================
AV 64.0 42.8                              11.6 FASTST   M    M   5    MAX(MPH)
                                 MISC ---->  # 36  90               # 50   60
================================================================================
NOTES:
# LAST OF SEVERAL OCCURRENCES

COLUMN 17 PEAK WIND IN M.P.H.

PRELIMINARY LOCAL CLIMATOLOGICAL DATA (WS FORM: F-6) , PAGE 2

                                          STATION:  MASON CITY IA
                                          MONTH:    MAY
                                          YEAR:     2019
                                          LATITUDE:   43  9 N
                                          LONGITUDE:  93 20 W

[TEMPERATURE DATA]      [PRECIPITATION DATA]       SYMBOLS USED IN COLUMN 16

AVERAGE MONTHLY: 53.4   TOTAL FOR MONTH:   5.42    1 = FOG OR MIST
DPTR FM NORMAL:  -4.0   DPTR FM NORMAL:    1.69    2 = FOG REDUCING VISIBILITY
HIGHEST:    86 ON 16    GRTST 24HR  1.19 ON  8- 8      TO 1/4 MILE OR LESS
LOWEST:     31 ON  3                               3 = THUNDER
                        SNOW, ICE PELLETS, HAIL    4 = ICE PELLETS
                        TOTAL MONTH:   0.0 INCH    5 = HAIL
                        GRTST 24HR     0.0         6 = FREEZING RAIN OR DRIZZLE
                        GRTST DEPTH:   0           7 = DUSTSTORM OR SANDSTORM:
                                                       VSBY 1/2 MILE OR LESS
                                                   8 = SMOKE OR HAZE
[NO. OF DAYS WITH]      [WEATHER - DAYS WITH]      9 = BLOWING SNOW
                                                   X = TORNADO
MAX 32 OR BELOW:   0    0.01 INCH OR MORE:  12
MAX 90 OR ABOVE:   0    0.10 INCH OR MORE:   8
MIN 32 OR BELOW:   1    0.50 INCH OR MORE:   5
MIN  0 OR BELOW:   0    1.00 INCH OR MORE:   1

[HDD (BASE 65) ]
TOTAL THIS MO.   290    CLEAR  (SCALE 0-3)   7
DPTR FM NORMAL    81    PTCLDY (SCALE 4-7)  13
TOTAL FM JUL 1  8135    CLOUDY (SCALE 8-10)  5
DPTR FM NORMAL   526

[CDD (BASE 65) ]
TOTAL THIS MO.     8
DPTR FM NORMAL    -9    [PRESSURE DATA]
TOTAL FM JAN 1    11    HIGHEST SLP M ON M
DPTR FM NORMAL   -11    LOWEST  SLP 29.47 ON 22

[REMARKS]
