002
CXUS54 KMAF 221100
CF6MDD
PRELIMINARY LOCAL CLIMATOLOGICAL DATA (WS FORM: F-6)

                                          STATION:   Midland Airpark
                                          MONTH:     MARCH
                                          YEAR:      2019
                                          LATITUDE:   32  2 N
                                          LONGITUDE: 102  6 W

  TEMPERATURE IN F:       :PCPN:    SNOW:  WIND      :SUNSHINE: SKY     :PK WND
================================================================================
1   2   3   4   5  6A  6B    7    8   9   10  11  12  13   14  15   16   17  18
                                     12Z  AVG MX 2MIN
DY MAX MIN AVG DEP HDD CDD  WTR  SNW DPTH SPD SPD DIR MIN PSBL S-S WX    SPD DR
================================================================================

 1  84  46  65   M   0   0 0.00  0.0    0  2.4 10 220   M    M   0 12     16 220
 2  60  39  50   M  15   0 0.00  0.0    0 10.1 17  50   M    M   0 12      M  M
 3  39  29  34   M  31   0 0.00  0.0    0 13.4 20  40   M    M   0 12     21  40
 4  38  21  30   M  35   0 0.00  0.0    0 10.4 15  60   M    M   0        21  70
 5  50  22  36   M  29   0 0.00  0.0    0  5.2  8  90   M    M   0         M  M
 6  60  31  46   M  19   0 0.03    M    0 12.2 18 180   M    M   0        23 180
 7  75  41  58   M   7   0 0.00  0.0    0  8.6 13 190   M    M   0        16 200
 8  82  52  67   M   0   2 0.05  0.0    0  9.4 23 270   M    M   0 8      31 270
 9  72  49  61   M   4   0 0.05    M    0 10.0 17 290   M    M   0        24 260
10  59  46  53   M  12   0 0.00  0.0    0  9.6 17  70   M    M   0        21  70
11  52  44  48   M  17   0 0.00  0.0    0  6.5 10  70   M    M   0 12      M  M
12  70  50  60   M   5   0 0.09  0.0    0 15.2 30 150   M    M   0 123    43 150
13  70  48  59   M   6   0 0.00  0.0    0 23.5 39 250   M    M   0 8      53 250
14  65  43  54   M  11   0 0.00  0.0    0 12.5 22 280   M    M   0        28 270
15  57  36  47   M  18   0 0.00  0.0    0 10.5 17  70   M    M   0        21  50
16  58  37  48   M  17   0 0.00  0.0    0  5.8 14 110   M    M   0        18 100
17  67  40  54   M  11   0 0.00  0.0    0  3.4  9 130   M    M   0        16 130
18  68  38  53   M  12   0 0.00  0.0    0  3.9 12 130   M    M   0        17 120
19  70  46  58   M   7   0 0.00  0.0    0  8.8 14 190   M    M   0        20 200
20  66  46  56   M   9   0 0.00  0.0    0  8.0 18  70   M    M   0        23  60
21  71  42  57   M   8   0 0.00  0.0    0  5.8 13 160   M    M   0        18 160
================================================================================
SM 1333  846       273   2  0.22     0.0 195.2          M        0
================================================================================
AV 63.5 40.3                               9.3 FASTST   M    M   0    MAX(MPH)
                                 MISC ---->  # 39 250               # 53  250
================================================================================
NOTES:
# LAST OF SEVERAL OCCURRENCES

COLUMN 17 PEAK WIND IN M.P.H.

PRELIMINARY LOCAL CLIMATOLOGICAL DATA (WS FORM: F-6) , PAGE 2

                                          STATION:  Midland Airpark
                                          MONTH:    MARCH
                                          YEAR:     2019
                                          LATITUDE:   32  2 N
                                          LONGITUDE: 102  6 W

[TEMPERATURE DATA]      [PRECIPITATION DATA]       SYMBOLS USED IN COLUMN 16

AVERAGE MONTHLY: 51.9   TOTAL FOR MONTH:   0.22    1 = FOG OR MIST
DPTR FM NORMAL:     M   DPTR FM NORMAL:       M    2 = FOG REDUCING VISIBILITY
HIGHEST:    84 ON  1    GRTST 24HR  0.09 ON 12-12      TO 1/4 MILE OR LESS
LOWEST:     21 ON  4                               3 = THUNDER
                        SNOW, ICE PELLETS, HAIL    4 = ICE PELLETS
                        TOTAL MONTH:   0.0 INCH    5 = HAIL
                        GRTST 24HR     0.0         6 = FREEZING RAIN OR DRIZZLE
                        GRTST DEPTH:   0           7 = DUSTSTORM OR SANDSTORM:
                                                       VSBY 1/2 MILE OR LESS
                                                   8 = SMOKE OR HAZE
[NO. OF DAYS WITH]      [WEATHER - DAYS WITH]      9 = BLOWING SNOW
                                                   X = TORNADO
MAX 32 OR BELOW:   0    0.01 INCH OR MORE:   4
MAX 90 OR ABOVE:   0    0.10 INCH OR MORE:   0
MIN 32 OR BELOW:   4    0.50 INCH OR MORE:   0
MIN  0 OR BELOW:   0    1.00 INCH OR MORE:   0

[HDD (BASE 65) ]
TOTAL THIS MO.   273    CLEAR  (SCALE 0-3)  21
DPTR FM NORMAL     M    PTCLDY (SCALE 4-7)   0
TOTAL FM JUL 1  2187    CLOUDY (SCALE 8-10)  0
DPTR FM NORMAL     M

[CDD (BASE 65) ]
TOTAL THIS MO.     2
DPTR FM NORMAL     M    [PRESSURE DATA]
TOTAL FM JAN 1     7    HIGHEST SLP M ON M
DPTR FM NORMAL     M    LOWEST  SLP M ON M

[REMARKS]
