000
CXUS53 KPAH 190634
CF6MDH
PRELIMINARY LOCAL CLIMATOLOGICAL DATA (WS FORM: F-6)

                                          STATION:   CARBONDALE IL
                                          MONTH:     MAY
                                          YEAR:      2019
                                          LATITUDE:   37 46 N
                                          LONGITUDE:  89 15 W

  TEMPERATURE IN F:       :PCPN:    SNOW:  WIND      :SUNSHINE: SKY     :PK WND
================================================================================
1   2   3   4   5  6A  6B    7    8   9   10  11  12  13   14  15   16   17  18
                                     12Z  AVG MX 2MIN
DY MAX MIN AVG DEP HDD CDD  WTR  SNW DPTH SPD SPD DIR MIN PSBL S-S WX    SPD DR
================================================================================

 1  74  59  67   5   0   2 0.99    M    M  5.9 26 210   M    M   6 13     43 220
 2  70  59  65   3   0   0 1.35    M    M  5.1 17 180   M    M   7 13     24 280
 3  64  57  61  -1   4   0 0.00    M    M  6.3 14 340   M    M  10 18     18 340
 4  62  53  58  -4   7   0 0.64    M    M  7.6 14 350   M    M  10 1      18 350
 5  72  48  60  -3   5   0 0.00    M    M  4.3 12  20   M    M   1 1      16 340
 6  75  49  62  -1   3   0 0.00    M    M  4.6 12 210   M    M   1         M  M
 7  79  55  67   3   0   2 0.00    M    M  3.6 16  80   M    M   5 1      20  80
 8  83  64  74  10   0   9 0.15    M    M  9.6 25 240   M    M   2 1      33 250
 9  73  55  64   0   1   0 0.08    M    M 11.4 21 210   M    M   8 1      28 210
10  59  50  55  -9  10   0 0.01    M    M  6.9 15 340   M    M   7        21 350
11  54  50  52 -13  13   0 0.29  0.0    0  7.8 13 360   M    M  10 1      18  10
12  56  48  52 -13  13   0    T    M    M  5.5 12 290   M    M   9 1      16 290
13  63  47  55 -10  10   0 0.00    M    M  5.4 13 340   M    M   6 1      17 320
14  71  42  57  -9   8   0    T    M    M  4.6 12 160   M    M   0        19 180
15  74  54  64  -2   1   0 0.41    M    M  6.6 16 190   M    M   7 13     21  20
16  86  56  71   5   0   6 0.00    M    M  7.0 18 220   M    M   1 1      24 230
17  86  65  76  10   0  11 0.00    M    M  8.4 20 220   M    M   0        27 190
18  86  61  74   7   0   9 0.09    M    M 12.7 26 250   M    M   1 1      37 220
================================================================================
SM 1287  972        75  39  4.01     0.0 123.3          M       91
================================================================================
AV 71.5 54.0                               6.9 FASTST   M    M   5    MAX(MPH)
                                 MISC ---->  # 26 210               # 43  220
================================================================================
NOTES:
# LAST OF SEVERAL OCCURRENCES

COLUMN 17 PEAK WIND IN M.P.H.

PRELIMINARY LOCAL CLIMATOLOGICAL DATA (WS FORM: F-6) , PAGE 2

                                          STATION:  CARBONDALE IL
                                          MONTH:    MAY
                                          YEAR:     2019
                                          LATITUDE:   37 46 N
                                          LONGITUDE:  89 15 W

[TEMPERATURE DATA]      [PRECIPITATION DATA]       SYMBOLS USED IN COLUMN 16

AVERAGE MONTHLY: 62.8   TOTAL FOR MONTH:   4.01    1 = FOG OR MIST
DPTR FM NORMAL:  -1.5   DPTR FM NORMAL:    0.76    2 = FOG REDUCING VISIBILITY
HIGHEST:    86 ON 18,17 GRTST 24HR  1.35 ON  2- 2      TO 1/4 MILE OR LESS
LOWEST:     42 ON 14                               3 = THUNDER
                        SNOW, ICE PELLETS, HAIL    4 = ICE PELLETS
                        TOTAL MONTH:   0.0 INCH    5 = HAIL
                        GRTST 24HR     0.0         6 = FREEZING RAIN OR DRIZZLE
                        GRTST DEPTH:   0           7 = DUSTSTORM OR SANDSTORM:
                                                       VSBY 1/2 MILE OR LESS
                                                   8 = SMOKE OR HAZE
[NO. OF DAYS WITH]      [WEATHER - DAYS WITH]      9 = BLOWING SNOW
                                                   X = TORNADO
MAX 32 OR BELOW:   0    0.01 INCH OR MORE:   9
MAX 90 OR ABOVE:   0    0.10 INCH OR MORE:   6
MIN 32 OR BELOW:   0    0.50 INCH OR MORE:   3
MIN  0 OR BELOW:   0    1.00 INCH OR MORE:   1

[HDD (BASE 65) ]
TOTAL THIS MO.    75    CLEAR  (SCALE 0-3)   7
DPTR FM NORMAL    18    PTCLDY (SCALE 4-7)   7
TOTAL FM JUL 1  4580    CLOUDY (SCALE 8-10)  4
DPTR FM NORMAL   123

[CDD (BASE 65) ]
TOTAL THIS MO.    39
DPTR FM NORMAL    -5    [PRESSURE DATA]
TOTAL FM JAN 1    54    HIGHEST SLP M ON M
DPTR FM NORMAL   -16    LOWEST  SLP 29.73 ON  9

[REMARKS]
