000
CXUS53 KPAH 180636
CF6MDH
PRELIMINARY LOCAL CLIMATOLOGICAL DATA (WS FORM: F-6)

                                          STATION:   CARBONDALE IL
                                          MONTH:     MARCH
                                          YEAR:      2019
                                          LATITUDE:   37 46 N
                                          LONGITUDE:  89 15 W

  TEMPERATURE IN F:       :PCPN:    SNOW:  WIND      :SUNSHINE: SKY     :PK WND
================================================================================
1   2   3   4   5  6A  6B    7    8   9   10  11  12  13   14  15   16   17  18
                                     12Z  AVG MX 2MIN
DY MAX MIN AVG DEP HDD CDD  WTR  SNW DPTH SPD SPD DIR MIN PSBL S-S WX    SPD DR
================================================================================

 1  39  29  34  -8  31   0 0.00    M    M  4.7  9 360   M    M  10 18     12 350
 2  39  33  36  -6  29   0    T    M    M  6.7 14 340   M    M  10 18     18  10
 3  33  14  24 -18  41   0 0.05    M    M 14.1 25 340   M    M   9 128    35 340
 4  22   8  15 -28  50   0 0.00    M    M  8.6 22 330   M    M   0        29 330
 5  31  13  22 -21  43   0 0.00    M    M  9.4 20 330   M    M   0        27 340
 6  35  16  26 -17  39   0 0.00    M    M  5.2 14 200   M    M   2        16 200
 7  40  29  35  -9  30   0 0.00    M    M  7.2 16 120   M    M   8 18     23 140
 8  47  33  40  -4  25   0 0.01    M    M  5.9 12  70   M    M  10 18     14  70
 9  65  40  53   9  12   0 1.29    M    M 15.2 35 210   M    M   7 123    46 260
10  50  38  44   0  21   0 0.00    M    M  7.1 18 270   M    M   1        29 280
11  48  31  40  -5  25   0 0.00    M    M  4.3 12 360   M    M   5        16 360
12  53  30  42  -3  23   0 0.06    M    M  4.7 13 150   M    M   2        17 160
13  69  49  59  13   6   0 0.92    M    0 14.5 33 160   M    M   4 13     48 160
14  69  47  58  12   7   0 0.50    M    0 19.7 43 210   M    M   5 13     58 210
15  51  36  44  -2  21   0 0.00  0.0    0 11.5 23 250   M    M   6        30 320
16  51  29  40  -6  25   0 0.00  0.0    0  5.6 16 360   M    M   0        22 350
17  53  33  43  -4  22   0 0.00    M    M  7.3 18 330   M    M   2        26 330
================================================================================
SM  795  508       450   0  2.83     0.0 151.7          M       81
================================================================================
AV 46.8 29.9                               8.9 FASTST   M    M   5    MAX(MPH)
                                 MISC ---->  # 43 210               # 58  210
================================================================================
NOTES:
# LAST OF SEVERAL OCCURRENCES

COLUMN 17 PEAK WIND IN M.P.H.

PRELIMINARY LOCAL CLIMATOLOGICAL DATA (WS FORM: F-6) , PAGE 2

                                          STATION:  CARBONDALE IL
                                          MONTH:    MARCH
                                          YEAR:     2019
                                          LATITUDE:   37 46 N
                                          LONGITUDE:  89 15 W

[TEMPERATURE DATA]      [PRECIPITATION DATA]       SYMBOLS USED IN COLUMN 16

AVERAGE MONTHLY: 38.3   TOTAL FOR MONTH:   2.83    1 = FOG OR MIST
DPTR FM NORMAL:  -5.9   DPTR FM NORMAL:    0.86    2 = FOG REDUCING VISIBILITY
HIGHEST:    69 ON 14,13 GRTST 24HR  1.29 ON  9- 9      TO 1/4 MILE OR LESS
LOWEST:      8 ON  4                               3 = THUNDER
                        SNOW, ICE PELLETS, HAIL    4 = ICE PELLETS
                        TOTAL MONTH:   0.0 INCH    5 = HAIL
                        GRTST 24HR     0.0         6 = FREEZING RAIN OR DRIZZLE
                        GRTST DEPTH:   0           7 = DUSTSTORM OR SANDSTORM:
                                                       VSBY 1/2 MILE OR LESS
                                                   8 = SMOKE OR HAZE
[NO. OF DAYS WITH]      [WEATHER - DAYS WITH]      9 = BLOWING SNOW
                                                   X = TORNADO
MAX 32 OR BELOW:   2    0.01 INCH OR MORE:   6
MAX 90 OR ABOVE:   0    0.10 INCH OR MORE:   3
MIN 32 OR BELOW:   9    0.50 INCH OR MORE:   3
MIN  0 OR BELOW:   0    1.00 INCH OR MORE:   1

[HDD (BASE 65) ]
TOTAL THIS MO.   450    CLEAR  (SCALE 0-3)   7
DPTR FM NORMAL    97    PTCLDY (SCALE 4-7)   6
TOTAL FM JUL 1  4020    CLOUDY (SCALE 8-10)  4
DPTR FM NORMAL   130

[CDD (BASE 65) ]
TOTAL THIS MO.     0
DPTR FM NORMAL     0    [PRESSURE DATA]
TOTAL FM JAN 1     0    HIGHEST SLP M ON M
DPTR FM NORMAL     0    LOWEST  SLP 29.45 ON  9

[REMARKS]
