000
CXUS53 KARX 220930
CF6MDZ
PRELIMINARY LOCAL CLIMATOLOGICAL DATA (WS FORM: F-6)

                                          STATION:   MEDFORD WI
                                          MONTH:     MAY
                                          YEAR:      2019
                                          LATITUDE:   45  5 N
                                          LONGITUDE:  90 18 W

  TEMPERATURE IN F:       :PCPN:    SNOW:  WIND      :SUNSHINE: SKY     :PK WND
================================================================================
1   2   3   4   5  6A  6B    7    8   9   10  11  12  13   14  15   16   17  18
                                     12Z  AVG MX 2MIN
DY MAX MIN AVG DEP HDD CDD  WTR  SNW DPTH SPD SPD DIR MIN PSBL S-S WX    SPD DR
================================================================================

 1  43  34  39   M  26   0 0.24    M    0  7.5 16  60   M    M  10 1      18  60
 2  48  35  42   M  23   0 0.00  0.0    0  4.6  9 280   M    M  10 1       M  M
 3  55  34  45   M  20   0 0.00  0.0    0  4.0 10 160   M    M   4         M  M
 4  67  40  54   M  11   0 0.00  0.0    0  7.0 13 260   M    M   3        16 260
 5  64  47  56   M   9   0 0.02  0.0    0  7.1 13 290   M    M   5        16 260
 6  58  38  48   M  17   0 0.17  0.0    0  6.5 12  40   M    M   7        20  20
 7  56  31  44   M  21   0 0.00  0.0    0  5.3  9 170   M    M   0         M  M
 8  44  37  41   M  24   0 1.00  0.0    0 13.3 23  80   M    M   9        32  90
 9  40  33  37   M  28   0 0.01    M    0 10.7 18 330   M    M  10 1      29 350
10  53  33  43   M  22   0 0.00  0.0    0  6.1 18 320   M    M   4        23 320
11  58  35  47   M  18   0 0.00  0.0    0  7.2 16 170   M    M   5        21 140
12  60  33  47   M  18   0 0.00  0.0    0  3.5 10  80   M    M   4         M  M
13  63  31  47   M  18   0 0.00  0.0    0  1.9  7 250   M    M   5         M  M
14  66  36  51   M  14   0 0.00  0.0    0  4.5 10 180   M    M   3         M  M
15  71  45  58   M   7   0 0.00  0.0    0  5.1  8 240   M    M   1 1       M  M
16  77  47  62   M   3   0    M  0.0    0 10.2 16  20   M    M   5        22  20
17  64  40  52   M  13   0    T  0.0    0  5.5 10 130   M    M   2        16 130
18  48  39  44   M  21   0 0.61  0.0    0 12.0 18  60   M    M  10 1      25 100
19  42  34  38   M  27   0    M    M    0 15.0 22  70   M    M  10 1      27  50
20  58  34  46   M  19   0 0.00  0.0    0  8.4 13 320   M    M   4        20 350
21  58  39  49   M  16   0 0.10  0.0    0  9.6 15 100   M    M   4        27 100
================================================================================
SM 1193  775       375   0  2.15     0.0 155.0          M      115
================================================================================
AV 56.8 36.9                               7.4 FASTST   M    M   5    MAX(MPH)
                                 MISC ---->  # 23  80               # 32   90
================================================================================
NOTES:
# LAST OF SEVERAL OCCURRENCES

COLUMN 17 PEAK WIND IN M.P.H.

PRELIMINARY LOCAL CLIMATOLOGICAL DATA (WS FORM: F-6) , PAGE 2

                                          STATION:  MEDFORD WI
                                          MONTH:    MAY
                                          YEAR:     2019
                                          LATITUDE:   45  5 N
                                          LONGITUDE:  90 18 W

[TEMPERATURE DATA]      [PRECIPITATION DATA]       SYMBOLS USED IN COLUMN 16

AVERAGE MONTHLY: 46.9   TOTAL FOR MONTH:   2.15    1 = FOG OR MIST
DPTR FM NORMAL:     M   DPTR FM NORMAL:       M    2 = FOG REDUCING VISIBILITY
HIGHEST:    77 ON 16    GRTST 24HR  1.00 ON  8- 8      TO 1/4 MILE OR LESS
LOWEST:     31 ON 13, 7                            3 = THUNDER
                        SNOW, ICE PELLETS, HAIL    4 = ICE PELLETS
                        TOTAL MONTH:   0.0 INCH    5 = HAIL
                        GRTST 24HR     0.0         6 = FREEZING RAIN OR DRIZZLE
                        GRTST DEPTH:   0           7 = DUSTSTORM OR SANDSTORM:
                                                       VSBY 1/2 MILE OR LESS
                                                   8 = SMOKE OR HAZE
[NO. OF DAYS WITH]      [WEATHER - DAYS WITH]      9 = BLOWING SNOW
                                                   X = TORNADO
MAX 32 OR BELOW:   0    0.01 INCH OR MORE:   7
MAX 90 OR ABOVE:   0    0.10 INCH OR MORE:   5
MIN 32 OR BELOW:   2    0.50 INCH OR MORE:   2
MIN  0 OR BELOW:   0    1.00 INCH OR MORE:   1

[HDD (BASE 65) ]
TOTAL THIS MO.   375    CLEAR  (SCALE 0-3)   4
DPTR FM NORMAL     M    PTCLDY (SCALE 4-7)  11
TOTAL FM JUL 1  9291    CLOUDY (SCALE 8-10)  6
DPTR FM NORMAL     M

[CDD (BASE 65) ]
TOTAL THIS MO.     0
DPTR FM NORMAL     M    [PRESSURE DATA]
TOTAL FM JAN 1     0    HIGHEST SLP M ON M
DPTR FM NORMAL     M    LOWEST  SLP M ON M

[REMARKS]
