000
CXUS56 KPDT 251832
CF6MEH
PRELIMINARY LOCAL CLIMATOLOGICAL DATA (WS FORM: F-6)

                                          STATION:   MEACHAM OR
                                          MONTH:     MARCH
                                          YEAR:      2019
                                          LATITUDE:   45 30 N
                                          LONGITUDE: 118 24 W

  TEMPERATURE IN F:       :PCPN:    SNOW:  WIND      :SUNSHINE: SKY     :PK WND
================================================================================
1   2   3   4   5  6A  6B    7    8   9   10  11  12  13   14  15   16   17  18
                                     12Z  AVG MX 2MIN
DY MAX MIN AVG DEP HDD CDD  WTR  SNW DPTH SPD SPD DIR MIN PSBL S-S WX    SPD DR
================================================================================

 1  36   8  22 -10  43   0 0.01    M    M  0.3  7 260   M    M   8 1      11 220
 2  35  13  24  -8  41   0 0.00    M    M  1.0  7 300   M    M   8 1      12 100
 3  19  13  16 -16  49   0    T    M    M  0.7  6  10   M    M  10 18      9  10
 4  20  -3   9 -24  56   0 0.00    M    M  0.6  6  30   M    M   9         9 250
 5  40  -6  17 -16  48   0 0.06    M    M  0.9 10 100   M    M   5 1      18  90
 6  43  28  36   3  29   0 0.21    M    M  0.7  8 290   M    M  10 1      13 270
 7  36  15  26  -7  39   0 0.14    M    M  1.0  7 300   M    M   4 1      11 250
 8  31   6  19 -15  46   0 0.01    M    M  1.3  8 260   M    M   6 1      13 310
 9  31   6  19 -15  46   0 0.02    M    M  0.6  8  20   M    M   8 128    12  20
10  36  -2  17 -17  48   0 0.00    M    M  1.2  7  20   M    M   2 1      12 300
11  49  -1  24 -10  41   0 0.00    M    M  0.5  7 270   M    M   0        13 200
12  34  28  31  -3  34   0 0.90    M    M  3.6 12 280   M    M  10 12     26 280
13  35  10  23 -12  42   0 0.15    M    M  1.7  9 260   M    M   6 1      18 270
14  42  -2  20 -15  45   0 0.00    M    M  0.4  7  90   M    M   3        11  80
15  51  16  34  -1  31   0 0.00    M    M  0.1  7  60   M    M   2        10  70
16  51  17  34  -1  31   0 0.00    M    M  0.3  8 100   M    M   0        14  80
17  52  18  35  -1  30   0 0.00    M    M  0.9  6 300   M    M   0        11 360
18  52  13  33  -3  32   0 0.00    M    M  1.1  7 350   M    M   0        12 360
19  55  16  36   0  29   0 0.00    M    M  0.8  7 100   M    M   0        18 100
20  55  25  40   4  25   0 0.00    M    M  1.4 12 120   M    M   0        27  90
21  52  22  37   1  28   0 0.00    M    M  1.2  9 270   M    M   2        13 260
22  55  27  41   4  24   0 0.00    M    M  1.2  8 250   M    M   4        12 250
23  44  33  39   2  26   0 0.43    M    M  0.6  5 310   M    M  10 1       8 310
24  43  29  36  -1  29   0 0.41    M    0  0.3  5 260   M    M   7 128     9 280
================================================================================
SM  997  329       892   0  2.34    M     22.4          M      114
================================================================================
AV 41.5 13.7                               0.9 FASTST   M    M   5    MAX(MPH)
                                 MISC ---->  # 12 280               # 27   90
================================================================================
NOTES:
# LAST OF SEVERAL OCCURRENCES

COLUMN 17 PEAK WIND IN M.P.H.

PRELIMINARY LOCAL CLIMATOLOGICAL DATA (WS FORM: F-6) , PAGE 2

                                          STATION:  MEACHAM OR
                                          MONTH:    MARCH
                                          YEAR:     2019
                                          LATITUDE:   45 30 N
                                          LONGITUDE: 118 24 W

[TEMPERATURE DATA]      [PRECIPITATION DATA]       SYMBOLS USED IN COLUMN 16

AVERAGE MONTHLY: 27.6   TOTAL FOR MONTH:   2.34    1 = FOG OR MIST
DPTR FM NORMAL:  -6.9   DPTR FM NORMAL:   -0.96    2 = FOG REDUCING VISIBILITY
HIGHEST:    55 ON 22,20 GRTST 24HR  0.90 ON 12-12      TO 1/4 MILE OR LESS
LOWEST:     -6 ON  5                               3 = THUNDER
                        SNOW, ICE PELLETS, HAIL    4 = ICE PELLETS
                        TOTAL MONTH:    M          5 = HAIL
                        GRTST 24HR    M  ON   M    6 = FREEZING RAIN OR DRIZZLE
                        GRTST DEPTH:   0           7 = DUSTSTORM OR SANDSTORM:
                                                       VSBY 1/2 MILE OR LESS
                                                   8 = SMOKE OR HAZE
[NO. OF DAYS WITH]      [WEATHER - DAYS WITH]      9 = BLOWING SNOW
                                                   X = TORNADO
MAX 32 OR BELOW:   4    0.01 INCH OR MORE:  10
MAX 90 OR ABOVE:   0    0.10 INCH OR MORE:   6
MIN 32 OR BELOW:  23    0.50 INCH OR MORE:   1
MIN  0 OR BELOW:   5    1.00 INCH OR MORE:   0

[HDD (BASE 65) ]
TOTAL THIS MO.   892    CLEAR  (SCALE 0-3)   9
DPTR FM NORMAL   161    PTCLDY (SCALE 4-7)  10
TOTAL FM JUL 1  6492    CLOUDY (SCALE 8-10)  5
DPTR FM NORMAL    11

[CDD (BASE 65) ]
TOTAL THIS MO.     0
DPTR FM NORMAL     0    [PRESSURE DATA]
TOTAL FM JAN 1     0    HIGHEST SLP M ON M
DPTR FM NORMAL     0    LOWEST  SLP 29.65 ON  6

[REMARKS]
