000
CXUS54 KJAN 221414
CF6MEI
PRELIMINARY LOCAL CLIMATOLOGICAL DATA (WS FORM: F-6)

                                          STATION:   MERIDIAN
                                          MONTH:     MARCH
                                          YEAR:      2019
                                          LATITUDE:   32 19 N
                                          LONGITUDE:  88 45 W

  TEMPERATURE IN F:       :PCPN:    SNOW:  WIND      :SUNSHINE: SKY     :PK WND
================================================================================
1   2   3   4   5  6A  6B    7    8   9   10  11  12  13   14  15   16   17  18
                                     12Z  AVG MX 2MIN
DY MAX MIN AVG DEP HDD CDD  WTR  SNW DPTH SPD SPD DIR MIN PSBL S-S WX    SPD DR
================================================================================

 1  69  54  62  10   3   0 0.06  0.0    0  7.2 13 320   M    M   8 1      16 260
 2  63  50  57   5   8   0    T  0.0    0  6.6 14  20   M    M  10 1      17 360
 3  64  40  52  -1  13   0 0.76  0.0    0  9.8 23 320   M    M   9 13     29 310
 4  44  35  40 -13  25   0 0.00  0.0    0 13.2 18 360   M    M   9        23 360
 5  52  28  40 -13  25   0 0.00  0.0    0 10.4 18 310   M    M   1        24 300
 6  56  26  41 -12  24   0 0.00  0.0    0  2.9 12 320   M    M   0        15 310
 7  63  30  47  -7  18   0 0.00  0.0    0  4.4 14 190   M    M   6        18 190
 8  75  57  66  12   0   1 0.00  0.0    0 11.4 23 200   M    M  10        28 210
 9  79  66  73  19   0   8 0.00  0.0    0 14.2 31 190   M    M   8 1      38 200
10  77  62  70  16   0   5 0.20  0.0    0  4.6 17 350   M    M   9 1      24 330
11  66  52  59   4   6   0 0.98  0.0    0  5.6 23  30   M    M   7 13     27  20
12  74  49  62   7   3   0 0.00  0.0    0  3.7 10  60   M    M   0 1      16 100
13  75  56  66  11   0   1 0.00  0.0    0 11.7 22 140   M    M   7        33 150
14  86  66  76  21   0  11 0.16  0.0    0 12.6 32 190   M    M   9 138    42 190
15  67  53  60   4   5   0 0.05  0.0    0  9.4 17  10   M    M   4 3      23 330
16  59  43  51  -5  14   0 0.00  0.0    0  8.4 20  10   M    M   0        25  20
17  68  38  53  -3  12   0 0.00  0.0    0  4.3 17 350   M    M   0        22  20
18  68  37  53  -3  12   0 0.00  0.0    0  5.6 16  30   M    M   0        20  10
19  65  35  50  -6  15   0 0.00  0.0    0  5.4 17  40   M    M   0        24  20
20  72  33  53  -4  12   0 0.00  0.0    0  3.5 28 320   M    M   1        35 340
21  72  41  57   0   8   0 0.00  0.0    0  7.7 23 320   M    M   2        32 320
================================================================================
SM 1414  951       203  26  2.21     0.0 162.6          M      100
================================================================================
AV 67.3 45.3                               7.7 FASTST   M    M   5    MAX(MPH)
                                 MISC ---->  # 32 190               # 42  190
================================================================================
NOTES:
# LAST OF SEVERAL OCCURRENCES

COLUMN 17 PEAK WIND IN M.P.H.

PRELIMINARY LOCAL CLIMATOLOGICAL DATA (WS FORM: F-6) , PAGE 2

                                          STATION:  MERIDIAN
                                          MONTH:    MARCH
                                          YEAR:     2019
                                          LATITUDE:   32 19 N
                                          LONGITUDE:  88 45 W

[TEMPERATURE DATA]      [PRECIPITATION DATA]       SYMBOLS USED IN COLUMN 16

AVERAGE MONTHLY: 56.3   TOTAL FOR MONTH:   2.21    1 = FOG OR MIST
DPTR FM NORMAL:   1.7   DPTR FM NORMAL:   -1.51    2 = FOG REDUCING VISIBILITY
HIGHEST:    86 ON 14    GRTST 24HR  0.98 ON 11-11      TO 1/4 MILE OR LESS
LOWEST:     26 ON  6                               3 = THUNDER
                        SNOW, ICE PELLETS, HAIL    4 = ICE PELLETS
                        TOTAL MONTH:   0.0 INCH    5 = HAIL
                        GRTST 24HR     0.0         6 = FREEZING RAIN OR DRIZZLE
                        GRTST DEPTH:   0           7 = DUSTSTORM OR SANDSTORM:
                                                       VSBY 1/2 MILE OR LESS
                                                   8 = SMOKE OR HAZE
[NO. OF DAYS WITH]      [WEATHER - DAYS WITH]      9 = BLOWING SNOW
                                                   X = TORNADO
MAX 32 OR BELOW:   0    0.01 INCH OR MORE:   6
MAX 90 OR ABOVE:   0    0.10 INCH OR MORE:   4
MIN 32 OR BELOW:   3    0.50 INCH OR MORE:   2
MIN  0 OR BELOW:   0    1.00 INCH OR MORE:   0

[HDD (BASE 65) ]
TOTAL THIS MO.   203    CLEAR  (SCALE 0-3)   9
DPTR FM NORMAL   -27    PTCLDY (SCALE 4-7)   5
TOTAL FM JUL 1  1784    CLOUDY (SCALE 8-10)  7
DPTR FM NORMAL  -543

[CDD (BASE 65) ]
TOTAL THIS MO.    26
DPTR FM NORMAL    13    [PRESSURE DATA]
TOTAL FM JAN 1    61    HIGHEST SLP M ON M
DPTR FM NORMAL    41    LOWEST  SLP 29.77 ON M

[REMARKS]
