000
CXUS54 KMEG 200634
CF6MEM
PRELIMINARY LOCAL CLIMATOLOGICAL DATA (WS FORM: F-6)

                                          STATION:   MEMPHIS
                                          MONTH:     MARCH
                                          YEAR:      2019
                                          LATITUDE:   35  3 N
                                          LONGITUDE:  89 59 W

  TEMPERATURE IN F:       :PCPN:    SNOW:  WIND      :SUNSHINE: SKY     :PK WND
================================================================================
1   2   3   4   5  6A  6B    7    8   9   10  11  12  13   14  15   16   17  18
                                     12Z  AVG MX 2MIN
DY MAX MIN AVG DEP HDD CDD  WTR  SNW DPTH SPD SPD DIR MIN PSBL S-S WX    SPD DR
================================================================================

 1  45  34  40 -10  25   0    T  0.0    0  6.6 12 360   M    M   9 18     23  80
 2  45  37  41  -9  24   0 0.03  0.0    0  7.1 14  90   M    M  10 1      18  90
 3  41  28  35 -15  30   0 0.87  0.0    0 14.3 24  20   M    M   8 1      33  10
 4  31  20  26 -24  39   0    T    T    0 10.6 21  30   M    M   8        26  40
 5  38  22  30 -21  35   0 0.00  0.0    0  9.6 18 290   M    M   2        23 310
 6  44  24  34 -17  31   0 0.00  0.0    0  4.9 13  10   M    M   2        17 300
 7  51  31  41 -10  24   0    T  0.0    0  7.5 21 180   M    M   8        26 180
 8  63  47  55   3  10   0 0.05  0.0    0  6.5 14 190   M    M   9 1      24 270
 9  67  53  60   8   5   0 0.52  0.0    0 13.9 41 170   M    M   7 13     48 170
10  62  46  54   2  11   0 0.00  0.0    0  7.0 14  20   M    M   6        18 320
11  64  46  55   3  10   0 0.21  0.0    0  7.2 16 360   M    M   9 1      19 360
12  65  47  56   3   9   0    T  0.0    0  6.8 16  90   M    M  10        20 140
13  73  56  65  12   0   0 1.59  0.0    0 17.2 33 150   M    M  10 13     49 140
14  74  51  63  10   2   0 0.03  0.0    0 17.8 32 200   M    M   5 1      46 180
15  58  43  51  -3  14   0 0.00  0.0    0 11.4 20 300   M    M   4        27 300
16  58  39  49  -5  16   0 0.00  0.0    0  6.6 15 340   M    M   3        21 360
17  65  36  51  -3  14   0 0.00  0.0    0  4.3 15 290   M    M   0        19 290
18  60  44  52  -3  13   0 0.00  0.0    0  8.9 17  30   M    M   4        32 190
19  63  38  51  -4  14   0 0.00  0.0    0  6.7 15 110   M    M   1        20  60
================================================================================
SM 1067  742       326   0  3.30    T    174.9          M      115
================================================================================
AV 56.2 39.1                               9.2 FASTST   M    M   6    MAX(MPH)
                                 MISC ---->  # 41 170               # 49  140
================================================================================
NOTES:
# LAST OF SEVERAL OCCURRENCES

COLUMN 17 PEAK WIND IN M.P.H.

PRELIMINARY LOCAL CLIMATOLOGICAL DATA (WS FORM: F-6) , PAGE 2

                                          STATION:  MEMPHIS
                                          MONTH:    MARCH
                                          YEAR:     2019
                                          LATITUDE:   35  3 N
                                          LONGITUDE:  89 59 W

[TEMPERATURE DATA]      [PRECIPITATION DATA]       SYMBOLS USED IN COLUMN 16

AVERAGE MONTHLY: 47.6   TOTAL FOR MONTH:   3.30    1 = FOG OR MIST
DPTR FM NORMAL:  -4.6   DPTR FM NORMAL:    0.25    2 = FOG REDUCING VISIBILITY
HIGHEST:    74 ON 14    GRTST 24HR  1.59 ON 13-13      TO 1/4 MILE OR LESS
LOWEST:     20 ON  4                               3 = THUNDER
                        SNOW, ICE PELLETS, HAIL    4 = ICE PELLETS
                        TOTAL MONTH:    T          5 = HAIL
                        GRTST 24HR    T  ON  4- 4  6 = FREEZING RAIN OR DRIZZLE
                        GRTST DEPTH:   0           7 = DUSTSTORM OR SANDSTORM:
                                                       VSBY 1/2 MILE OR LESS
                                                   8 = SMOKE OR HAZE
[NO. OF DAYS WITH]      [WEATHER - DAYS WITH]      9 = BLOWING SNOW
                                                   X = TORNADO
MAX 32 OR BELOW:   1    0.01 INCH OR MORE:   7
MAX 90 OR ABOVE:   0    0.10 INCH OR MORE:   4
MIN 32 OR BELOW:   5    0.50 INCH OR MORE:   3
MIN  0 OR BELOW:   0    1.00 INCH OR MORE:   1

[HDD (BASE 65) ]
TOTAL THIS MO.   326    CLEAR  (SCALE 0-3)   5
DPTR FM NORMAL    76    PTCLDY (SCALE 4-7)   7
TOTAL FM JUL 1  2729    CLOUDY (SCALE 8-10)  7
DPTR FM NORMAL    29

[CDD (BASE 65) ]
TOTAL THIS MO.     0
DPTR FM NORMAL    -4    [PRESSURE DATA]
TOTAL FM JAN 1     3    HIGHEST SLP M ON M
DPTR FM NORMAL    -4    LOWEST  SLP 29.60 ON  9

[REMARKS]
