000
CXUS54 KLZK 201130
CF6MEZ
PRELIMINARY LOCAL CLIMATOLOGICAL DATA (WS FORM: F-6)

                                          STATION:   Mena Airport
                                          MONTH:     MAY
                                          YEAR:      2019
                                          LATITUDE:   34  9 N
                                          LONGITUDE:  94 15 W

  TEMPERATURE IN F:       :PCPN:    SNOW:  WIND      :SUNSHINE: SKY     :PK WND
================================================================================
1   2   3   4   5  6A  6B    7    8   9   10  11  12  13   14  15   16   17  18
                                     12Z  AVG MX 2MIN
DY MAX MIN AVG DEP HDD CDD  WTR  SNW DPTH SPD SPD DIR MIN PSBL S-S WX    SPD DR
================================================================================

 1  77  61  69   6   0   4 1.18    M    M  4.0 18 270   M    M   8 3      29 270
 2  79  63  71   8   0   6 0.34    M    M  2.1  8 260   M    M   6         M  M
 3  73  61  67   4   0   2 0.07    M    M  1.2  7 260   M    M   8         M  M
 4  73  57  65   1   0   0 0.03    M    M  2.8 10  20   M    M   6        17  20
 5  81  54  68   4   0   3 0.01    M    M  1.1  6  90   M    M   4         M  M
 6  82  61  72   8   0   7 0.00    M    M  1.5  6 210   M    M   4         M  M
 7  84  64  74  10   0   9 0.01    M    M  3.1  9 130   M    M   3         M  M
 8  77  61  69   4   0   4 0.00    M    M  4.3  9 100   M    M   8 3       M  M
 9  77  54  66   1   0   1 0.01    M    M  4.2 14 280   M    M   8         M  M
10  59  52  56  -9   9   0 0.00    M    M  5.3  8  90   M    M  10         M  M
11  64  54  59  -7   6   0 0.00    M    M  1.4  7  80   M    M  10         M  M
12  77  52  65  -1   0   0 0.00    M    M  3.5 10 260   M    M   6        17 280
13  81  46  64  -2   1   0 0.01    M    M  1.7  8 280   M    M   3         M  M
14  84  52  68   2   0   3 0.00    M    M  3.1 12 270   M    M   1         M  M
15  86  59  73   6   0   8 0.00    M    M  3.4 12 260   M    M   0        16 260
16  86  64  75   8   0  10 0.00    M    M  2.1  8 250   M    M   0        18 230
17  86  70  78  11   0  13 0.00    M    M  4.6  8 140   M    M   1         M  M
18  81  63  72   5   0   7 0.01    M    M  4.2  8 120   M    M   9 3       M  M
19  82  55  69   1   0   4 0.00    M    M  3.9 10 290   M    M   3         M  M
================================================================================
SM 1489 1103        16  81  1.67    M     57.5          M       98
================================================================================
AV 78.4 58.1                               3.0 FASTST   M    M   5    MAX(MPH)
                                 MISC ---->  # 18 270               # 29  270
================================================================================
NOTES:
# LAST OF SEVERAL OCCURRENCES

COLUMN 17 PEAK WIND IN M.P.H.

PRELIMINARY LOCAL CLIMATOLOGICAL DATA (WS FORM: F-6) , PAGE 2

                                          STATION:  Mena Airport
                                          MONTH:    MAY
                                          YEAR:     2019
                                          LATITUDE:   34  9 N
                                          LONGITUDE:  94 15 W

[TEMPERATURE DATA]      [PRECIPITATION DATA]       SYMBOLS USED IN COLUMN 16

AVERAGE MONTHLY: 68.2   TOTAL FOR MONTH:   1.67    1 = FOG OR MIST
DPTR FM NORMAL:   2.9   DPTR FM NORMAL:   -2.62    2 = FOG REDUCING VISIBILITY
HIGHEST:    86 ON 17,16 GRTST 24HR  1.18 ON  1- 1      TO 1/4 MILE OR LESS
LOWEST:     46 ON 13                               3 = THUNDER
                        SNOW, ICE PELLETS, HAIL    4 = ICE PELLETS
                        TOTAL MONTH:    M          5 = HAIL
                        GRTST 24HR    M  ON   M    6 = FREEZING RAIN OR DRIZZLE
                        GRTST DEPTH:  M  ON   M    7 = DUSTSTORM OR SANDSTORM:
                                                       VSBY 1/2 MILE OR LESS
                                                   8 = SMOKE OR HAZE
[NO. OF DAYS WITH]      [WEATHER - DAYS WITH]      9 = BLOWING SNOW
                                                   X = TORNADO
MAX 32 OR BELOW:   0    0.01 INCH OR MORE:   9
MAX 90 OR ABOVE:   0    0.10 INCH OR MORE:   2
MIN 32 OR BELOW:   0    0.50 INCH OR MORE:   1
MIN  0 OR BELOW:   0    1.00 INCH OR MORE:   1

[HDD (BASE 65) ]
TOTAL THIS MO.    16    CLEAR  (SCALE 0-3)   6
DPTR FM NORMAL   -32    PTCLDY (SCALE 4-7)   9
TOTAL FM JUL 1  2984    CLOUDY (SCALE 8-10)  4
DPTR FM NORMAL  -637

[CDD (BASE 65) ]
TOTAL THIS MO.    81
DPTR FM NORMAL    28    [PRESSURE DATA]
TOTAL FM JAN 1   158    HIGHEST SLP M ON M
DPTR FM NORMAL    73    LOWEST  SLP M ON M

[REMARKS]
