000
CXUS54 KLZK 191130
CF6MEZ
PRELIMINARY LOCAL CLIMATOLOGICAL DATA (WS FORM: F-6)

                                          STATION:   Mena Airport
                                          MONTH:     MARCH
                                          YEAR:      2019
                                          LATITUDE:   34  9 N
                                          LONGITUDE:  94 15 W

  TEMPERATURE IN F:       :PCPN:    SNOW:  WIND      :SUNSHINE: SKY     :PK WND
================================================================================
1   2   3   4   5  6A  6B    7    8   9   10  11  12  13   14  15   16   17  18
                                     12Z  AVG MX 2MIN
DY MAX MIN AVG DEP HDD CDD  WTR  SNW DPTH SPD SPD DIR MIN PSBL S-S WX    SPD DR
================================================================================

 1  43  34  39  -7  26   0    M    M    M  1.3  6  70   M    M  10         M  M
 2  45  41  43  -3  22   0    M    M    M  3.4  8  70   M    M  10         M  M
 3  41  27  34 -13  31   0    M    M    M  7.0 10 330   M    M  10        17 350
 4  32  21  27 -20  38   0    M    M    M  6.3  9 350   M    M   6        17 340
 5  43  21  32 -15  33   0    M    M    M  6.7 14 280   M    M   0        18 280
 6  54  21  38 -10  27   0 0.00    M    M  1.5  6 130   M    M   1         M  M
 7  54  41  48   0  17   0 0.00    M    M  2.1  8 160   M    M  10         M  M
 8  73  52  63  15   2   0 0.00    M    M  2.6  7 250   M    M   8         M  M
 9  77  50  64  16   1   0 0.00    M    M  9.4 29 260   M    M   4 3      38 260
10  63  45  54   5  11   0 0.00    M    M  3.6  9  40   M    M   3         M  M
11  64  46  55   6  10   0 0.00    M    M  2.5  8  90   M    M   5         M  M
12  66  52  59  10   6   0 0.00    M    M  5.2 10 130   M    M  10 3      18 130
13  68  54  61  12   4   0 0.00    M    M  9.7 20 140   M    M   7        35 140
14  64  46  55   5  10   0 0.00    M    M 13.7 22 280   M    M   2        27 260
15  55  32  44  -6  21   0 0.00    M    M  9.1 18 310   M    M   0        27 310
16  61  28  45  -5  20   0 0.00    M    M  1.6  7  30   M    M   0         M  M
17  68  32  50   0  15   0 0.00    M    M  1.3  5 280   M    M   0         M  M
18  68  34  51   0  14   0 0.00    M    M  2.0  9  80   M    M   0         M  M
================================================================================
SM 1039  677       308   0  0.00    M     89.0          M       86
================================================================================
AV 57.7 37.6                               4.9 FASTST   M    M   5    MAX(MPH)
                                 MISC ---->  # 29 260               # 38  260
================================================================================
NOTES:
# LAST OF SEVERAL OCCURRENCES

COLUMN 17 PEAK WIND IN M.P.H.

PRELIMINARY LOCAL CLIMATOLOGICAL DATA (WS FORM: F-6) , PAGE 2

                                          STATION:  Mena Airport
                                          MONTH:    MARCH
                                          YEAR:     2019
                                          LATITUDE:   34  9 N
                                          LONGITUDE:  94 15 W

[TEMPERATURE DATA]      [PRECIPITATION DATA]       SYMBOLS USED IN COLUMN 16

AVERAGE MONTHLY: 47.7   TOTAL FOR MONTH:   0.00    1 = FOG OR MIST
DPTR FM NORMAL:  -0.8   DPTR FM NORMAL:   -2.85    2 = FOG REDUCING VISIBILITY
HIGHEST:    77 ON  9    GRTST 24HR  0.00 ON 18-18      TO 1/4 MILE OR LESS
LOWEST:     21 ON  6, 5                            3 = THUNDER
                        SNOW, ICE PELLETS, HAIL    4 = ICE PELLETS
                        TOTAL MONTH:    M          5 = HAIL
                        GRTST 24HR    M  ON   M    6 = FREEZING RAIN OR DRIZZLE
                        GRTST DEPTH:  M  ON   M    7 = DUSTSTORM OR SANDSTORM:
                                                       VSBY 1/2 MILE OR LESS
                                                   8 = SMOKE OR HAZE
[NO. OF DAYS WITH]      [WEATHER - DAYS WITH]      9 = BLOWING SNOW
                                                   X = TORNADO
MAX 32 OR BELOW:   1    0.01 INCH OR MORE:   0
MAX 90 OR ABOVE:   0    0.10 INCH OR MORE:   0
MIN 32 OR BELOW:   7    0.50 INCH OR MORE:   0
MIN  0 OR BELOW:   0    1.00 INCH OR MORE:   0

[HDD (BASE 65) ]
TOTAL THIS MO.   308    CLEAR  (SCALE 0-3)   7
DPTR FM NORMAL     8    PTCLDY (SCALE 4-7)   5
TOTAL FM JUL 1  2727    CLOUDY (SCALE 8-10)  6
DPTR FM NORMAL  -459

[CDD (BASE 65) ]
TOTAL THIS MO.     0
DPTR FM NORMAL     0    [PRESSURE DATA]
TOTAL FM JAN 1    10    HIGHEST SLP M ON M
DPTR FM NORMAL    10    LOWEST  SLP M ON M

[REMARKS]
