000
CXUS51 KCLE 190800
CF6MFD
PRELIMINARY LOCAL CLIMATOLOGICAL DATA (WS FORM: F-6)

                                          STATION:   MANSFIELD OH
                                          MONTH:     MARCH
                                          YEAR:      2019
                                          LATITUDE:   40 49 N
                                          LONGITUDE:  82 31 W

  TEMPERATURE IN F:       :PCPN:    SNOW:  WIND      :SUNSHINE: SKY     :PK WND
================================================================================
1   2   3   4   5  6A  6B    7    8   9   10  11  12  13   14  15   16   17  18
                                     12Z  AVG MX 2MIN
DY MAX MIN AVG DEP HDD CDD  WTR  SNW DPTH SPD SPD DIR MIN PSBL S-S WX    SPD DR
================================================================================

 1  41  19  30  -2  35   0 0.00  0.0    0  6.2 13  10   M    M   2        17 360
 2  36  20  28  -4  37   0 0.00  0.0    0  5.6 16 310   M    M   6 18     22 310
 3  30  18  24  -8  41   0 0.08  1.1    0  7.4 21 330   M    M  10 18     25 330
 4  20   5  13 -20  52   0    T    T    1 10.8 21 240   M    M   6 18     28 240
 5  16   3  10 -23  55   0 0.01  0.6    1 12.2 21 250   M    M   6 18     30 260
 6  19   9  14 -20  51   0    T  0.3    1  9.7 18 230   M    M   7 18     25 260
 7  29  18  24 -10  41   0    T    T    1  6.2 17 240   M    M   6 8      24 230
 8  40  18  29  -5  36   0 0.00  0.0    T  4.1  9 150   M    M   4 18     11 200
 9  49  21  35   1  30   0 0.61  0.0    0 14.8 35 120   M    M   3 18     43 140
10  53  34  44   9  21   0 0.85  0.0    0 18.0 30 230   M    M  10 13     40 230
11  40  30  35   0  30   0    T    T    0 11.2 20 240   M    M   3        28 230
12  43  22  33  -3  32   0 0.00  0.0    0  4.2 12 310   M    M   0        14 300
13  57  29  43   7  22   0 0.01  0.0    0 11.7 20 210   M    M   4 1      26 190
14  71  49  60  24   5   0 0.30  0.0    0 17.5 32 170   M    M   4 13     42 170
15  49  33  41   4  24   0 0.01    T    0 16.6 28 230   M    M   8 168    37 230
16  37  29  33  -4  32   0 0.02  0.2    T  9.6 17 260   M    M   8 1      26 270
17  40  20  30  -7  35   0 0.03  0.3    0  4.5 14 260   M    M   5 18     19 220
18  41  25  33  -5  32   0 0.00  0.0    T  3.9 14 300   M    M   7 12     19 310
================================================================================
SM  711  402       611   0  1.92     2.5 174.2          M       99
================================================================================
AV 39.5 22.3                               9.7 FASTST   M    M   6    MAX(MPH)
                                 MISC ---->  # 35 120               # 43  140
================================================================================
NOTES:
# LAST OF SEVERAL OCCURRENCES

COLUMN 17 PEAK WIND IN M.P.H.

PRELIMINARY LOCAL CLIMATOLOGICAL DATA (WS FORM: F-6) , PAGE 2

                                          STATION:  MANSFIELD OH
                                          MONTH:    MARCH
                                          YEAR:     2019
                                          LATITUDE:   40 49 N
                                          LONGITUDE:  82 31 W

[TEMPERATURE DATA]      [PRECIPITATION DATA]       SYMBOLS USED IN COLUMN 16

AVERAGE MONTHLY: 30.9   TOTAL FOR MONTH:   1.92    1 = FOG OR MIST
DPTR FM NORMAL:  -3.8   DPTR FM NORMAL:    0.12    2 = FOG REDUCING VISIBILITY
HIGHEST:    71 ON 14    GRTST 24HR  0.85 ON 10-10      TO 1/4 MILE OR LESS
LOWEST:      3 ON  5                               3 = THUNDER
                        SNOW, ICE PELLETS, HAIL    4 = ICE PELLETS
                        TOTAL MONTH:   2.5 INCHES  5 = HAIL
                        GRTST 24HR   1.1 ON  3- 3  6 = FREEZING RAIN OR DRIZZLE
                        GRTST DEPTH:   1 ON  7, 6  7 = DUSTSTORM OR SANDSTORM:
                                                       VSBY 1/2 MILE OR LESS
                                                   8 = SMOKE OR HAZE
[NO. OF DAYS WITH]      [WEATHER - DAYS WITH]      9 = BLOWING SNOW
                                                   X = TORNADO
MAX 32 OR BELOW:   5    0.01 INCH OR MORE:   9
MAX 90 OR ABOVE:   0    0.10 INCH OR MORE:   3
MIN 32 OR BELOW:  15    0.50 INCH OR MORE:   2
MIN  0 OR BELOW:   0    1.00 INCH OR MORE:   0

[HDD (BASE 65) ]
TOTAL THIS MO.   611    CLEAR  (SCALE 0-3)   4
DPTR FM NORMAL    65    PTCLDY (SCALE 4-7)  11
TOTAL FM JUL 1  5105    CLOUDY (SCALE 8-10)  3
DPTR FM NORMAL   -66

[CDD (BASE 65) ]
TOTAL THIS MO.     0
DPTR FM NORMAL     0    [PRESSURE DATA]
TOTAL FM JAN 1     0    HIGHEST SLP M ON M
DPTR FM NORMAL     0    LOWEST  SLP 29.57 ON 14

[REMARKS]
