000
CXUS54 KBRO 180900
CF6MFE
PRELIMINARY LOCAL CLIMATOLOGICAL DATA (WS FORM: F-6)

                                          STATION:   MCALLEN
                                          MONTH:     MARCH
                                          YEAR:      2019
                                          LATITUDE:   26 10 N
                                          LONGITUDE:  98 14 W

  TEMPERATURE IN F:       :PCPN:    SNOW:  WIND      :SUNSHINE: SKY     :PK WND
================================================================================
1   2   3   4   5  6A  6B    7    8   9   10  11  12  13   14  15   16   17  18
                                     12Z  AVG MX 2MIN
DY MAX MIN AVG DEP HDD CDD  WTR  SNW DPTH SPD SPD DIR MIN PSBL S-S WX    SPD DR
================================================================================

 1  83  58  71   3   0   6 0.00  0.0    0  8.3 15 100   M    M   7 1      19  70
 2  89  71  80  12   0  15 0.00  0.0    0 12.0 25 130   M    M   6 1      31 140
 3  86  53  70   2   0   5    T  0.0    0 11.7 24  10   M    M   9 18     29 360
 4  53  39  46 -22  19   0 0.06    M    0 14.3 23 360   M    M  10 1      30 360
 5  55  41  48 -20  17   0 0.00  0.0    0 11.1 17  10   M    M  10        21 350
 6  59  48  54 -15  11   0 0.00  0.0    0  3.5 10  10   M    M  10        16  30
 7  80  55  68  -1   0   3    T  0.0    0  7.4 18 130   M    M  10 8      24 120
 8  89  69  79  10   0  14 0.00  0.0    0 15.6 28 140   M    M   8        37 140
 9  96  72  84  15   0  19 0.00  0.0    0 12.3 26 160   M    M   3 1      34 140
10  91  75  83  13   0  18 0.00  0.0    0 13.7 24 150   M    M   7        30 140
11  92  73  83  13   0  18 0.00  0.0    0 14.0 22 130   M    M   8 1      29 130
12  89  74  82  12   0  17 0.00  0.0    0 21.8 35 150   M    M   7        48 140
13  99  75  87  17   0  22 0.00  0.0    0 16.4 36 150   M    M   5        46 170
14  80  71  76   6   0  11    T  0.0    0 11.1 26 350   M    M  10 18     33 360
15  72  51  62  -9   3   0 0.31  0.0    0 12.8 26  30   M    M  10 13     38  20
16  62  51  57 -14   8   0 0.03  0.0    0  7.0 13  10   M    M  10 1      17  30
17  65  54  60 -11   5   0 0.02  0.0    0  5.8 14 350   M    M   9        17  10
================================================================================
SM 1340 1030        63 148  0.42     0.0 198.8          M      139
================================================================================
AV 78.8 60.6                              11.7 FASTST   M    M   8    MAX(MPH)
                                 MISC ---->  # 36 150               # 48  140
================================================================================
NOTES:
# LAST OF SEVERAL OCCURRENCES

COLUMN 17 PEAK WIND IN M.P.H.

PRELIMINARY LOCAL CLIMATOLOGICAL DATA (WS FORM: F-6) , PAGE 2

                                          STATION:  MCALLEN
                                          MONTH:    MARCH
                                          YEAR:     2019
                                          LATITUDE:   26 10 N
                                          LONGITUDE:  98 14 W

[TEMPERATURE DATA]      [PRECIPITATION DATA]       SYMBOLS USED IN COLUMN 16

AVERAGE MONTHLY: 69.7   TOTAL FOR MONTH:   0.42    1 = FOG OR MIST
DPTR FM NORMAL:   0.4   DPTR FM NORMAL:   -0.15    2 = FOG REDUCING VISIBILITY
HIGHEST:    99 ON 13    GRTST 24HR  0.31 ON 15-15      TO 1/4 MILE OR LESS
LOWEST:     39 ON  4                               3 = THUNDER
                        SNOW, ICE PELLETS, HAIL    4 = ICE PELLETS
                        TOTAL MONTH:   0.0 INCH    5 = HAIL
                        GRTST 24HR     0.0         6 = FREEZING RAIN OR DRIZZLE
                        GRTST DEPTH:   0           7 = DUSTSTORM OR SANDSTORM:
                                                       VSBY 1/2 MILE OR LESS
                                                   8 = SMOKE OR HAZE
[NO. OF DAYS WITH]      [WEATHER - DAYS WITH]      9 = BLOWING SNOW
                                                   X = TORNADO
MAX 32 OR BELOW:   0    0.01 INCH OR MORE:   4
MAX 90 OR ABOVE:   4    0.10 INCH OR MORE:   1
MIN 32 OR BELOW:   0    0.50 INCH OR MORE:   0
MIN  0 OR BELOW:   0    1.00 INCH OR MORE:   0

[HDD (BASE 65) ]
TOTAL THIS MO.    63    CLEAR  (SCALE 0-3)   1
DPTR FM NORMAL    35    PTCLDY (SCALE 4-7)   7
TOTAL FM JUL 1   473    CLOUDY (SCALE 8-10)  9
DPTR FM NORMAL   -88

[CDD (BASE 65) ]
TOTAL THIS MO.   148
DPTR FM NORMAL    46    [PRESSURE DATA]
TOTAL FM JAN 1   377    HIGHEST SLP M ON M
DPTR FM NORMAL   116    LOWEST  SLP 29.60 ON 13

[REMARKS]
