000
CXUS54 KBRO 260900
CF6MFE
PRELIMINARY LOCAL CLIMATOLOGICAL DATA (WS FORM: F-6)

                                          STATION:   MCALLEN
                                          MONTH:     MAY
                                          YEAR:      2019
                                          LATITUDE:   26 10 N
                                          LONGITUDE:  98 14 W

  TEMPERATURE IN F:       :PCPN:    SNOW:  WIND      :SUNSHINE: SKY     :PK WND
================================================================================
1   2   3   4   5  6A  6B    7    8   9   10  11  12  13   14  15   16   17  18
                                     12Z  AVG MX 2MIN
DY MAX MIN AVG DEP HDD CDD  WTR  SNW DPTH SPD SPD DIR MIN PSBL S-S WX    SPD DR
================================================================================

 1  95  78  87   8   0  22 0.00  0.0    0 20.7 35 130   M    M   7 8      40 130
 2  95  78  87   8   0  22 0.00  0.0    0 18.5 26 130   M    M   7        35 130
 3  93  76  85   6   0  20 0.00  0.0    0 14.1 26 140   M    M   5        31 140
 4  91  73  82   2   0  17    T  0.0    0  9.2 17  70   M    M   6        22  80
 5  95  75  85   5   0  20 0.00  0.0    0 11.0 22 100   M    M   4        26 110
 6  88  76  82   2   0  17    T  0.0    0 12.0 20 110   M    M   7        27  90
 7  95  77  86   6   0  21 0.03  0.0    0 12.8 21 140   M    M   7 1      25 130
 8 100  80  90  10   0  25 0.00  0.0    0 14.7 22 120   M    M   7 8      29 140
 9  95  79  87   6   0  22 0.01  0.0    0  9.5 18  70   M    M  10 18     24  60
10  83  71  77  -4   0  12 0.84  0.0    0  9.6 21 360   M    M   8 138    26  80
11  76  67  72  -9   0   7 0.14  0.0    0  8.8 15 360   M    M  10 138    19 360
12  81  69  75  -6   0  10 0.00  0.0    0  7.1 13  30   M    M  10        16  40
13  88  71  80  -1   0  15    T  0.0    0  8.9 20  70   M    M   8        24  70
14  87  70  79  -3   0  14 2.14  0.0    0 10.2 30 310   M    M   9 138    37 310
15  91  75  83   1   0  18    T  0.0    0  8.2 18  70   M    M   5        23  80
16  92  75  84   2   0  19 0.00  0.0    0  8.1 18 100   M    M   5        24 110
17  91  78  85   3   0  20 0.00  0.0    0 15.6 23 120   M    M   8        29 120
18  94  80  87   5   0  22 0.00  0.0    0 15.8 24 160   M    M   8 18     32 150
19  95  79  87   5   0  22 0.00  0.0    0 11.2 18 130   M    M   8 18     22 130
20  94  80  87   4   0  22 0.00  0.0    0 20.1 32 150   M    M   7 18     41 150
21  96  81  89   6   0  24 0.00  0.0    0 15.8 30 150   M    M   5 8      39 160
22  94  80  87   4   0  22 0.00  0.0    0 18.4 30 140   M    M  10 18     35 130
23  96  79  88   5   0  23 0.00  0.0    0 19.8 29 120   M    M   8        37 130
24  94  79  87   4   0  22 0.00  0.0    0 19.1 29 130   M    M   8        37 140
25  94  79  87   3   0  22 0.00  0.0    0 18.4 29 130   M    M   6        36 130
================================================================================
SM 2293 1905         0 480  3.16     0.0 337.6          M      183
================================================================================
AV 91.7 76.2                              13.5 FASTST   M    M   7    MAX(MPH)
                                 MISC ---->  # 35 130               # 41  150
================================================================================
NOTES:
# LAST OF SEVERAL OCCURRENCES

COLUMN 17 PEAK WIND IN M.P.H.

PRELIMINARY LOCAL CLIMATOLOGICAL DATA (WS FORM: F-6) , PAGE 2

                                          STATION:  MCALLEN
                                          MONTH:    MAY
                                          YEAR:     2019
                                          LATITUDE:   26 10 N
                                          LONGITUDE:  98 14 W

[TEMPERATURE DATA]      [PRECIPITATION DATA]       SYMBOLS USED IN COLUMN 16

AVERAGE MONTHLY: 84.0   TOTAL FOR MONTH:   3.16    1 = FOG OR MIST
DPTR FM NORMAL:   2.6   DPTR FM NORMAL:    1.37    2 = FOG REDUCING VISIBILITY
HIGHEST:   100 ON  8    GRTST 24HR  2.14 ON 14-14      TO 1/4 MILE OR LESS
LOWEST:     67 ON 11                               3 = THUNDER
                        SNOW, ICE PELLETS, HAIL    4 = ICE PELLETS
                        TOTAL MONTH:   0.0 INCH    5 = HAIL
                        GRTST 24HR     0.0         6 = FREEZING RAIN OR DRIZZLE
                        GRTST DEPTH:   0           7 = DUSTSTORM OR SANDSTORM:
                                                       VSBY 1/2 MILE OR LESS
                                                   8 = SMOKE OR HAZE
[NO. OF DAYS WITH]      [WEATHER - DAYS WITH]      9 = BLOWING SNOW
                                                   X = TORNADO
MAX 32 OR BELOW:   0    0.01 INCH OR MORE:   5
MAX 90 OR ABOVE:  19    0.10 INCH OR MORE:   3
MIN 32 OR BELOW:   0    0.50 INCH OR MORE:   2
MIN  0 OR BELOW:   0    1.00 INCH OR MORE:   1

[HDD (BASE 65) ]
TOTAL THIS MO.     0    CLEAR  (SCALE 0-3)   0
DPTR FM NORMAL     0    PTCLDY (SCALE 4-7)  16
TOTAL FM JUL 1   503    CLOUDY (SCALE 8-10)  9
DPTR FM NORMAL   -76

[CDD (BASE 65) ]
TOTAL THIS MO.   480
DPTR FM NORMAL    71    [PRESSURE DATA]
TOTAL FM JAN 1  1338    HIGHEST SLP 30.00 ON 25
DPTR FM NORMAL   198    LOWEST  SLP 29.57 ON  8

[REMARKS]
