000
CXUS53 KGRB 260632
CF6MFI
PRELIMINARY LOCAL CLIMATOLOGICAL DATA (WS FORM: F-6)

                                          STATION:   MARSHFIELD WI
                                          MONTH:     MARCH
                                          YEAR:      2019
                                          LATITUDE:   44 37 N
                                          LONGITUDE:  90 11 W

  TEMPERATURE IN F:       :PCPN:    SNOW:  WIND      :SUNSHINE: SKY     :PK WND
================================================================================
1   2   3   4   5  6A  6B    7    8   9   10  11  12  13   14  15   16   17  18
                                     12Z  AVG MX 2MIN
DY MAX MIN AVG DEP HDD CDD  WTR  SNW DPTH SPD SPD DIR MIN PSBL S-S WX    SPD DR
================================================================================

 1  23  -3  10 -14  55   0 0.20  4.0   33  2.9  8  90   M    M   7 1      10  60
 2  22   2  12 -12  53   0    T    T   33  8.5 16 310   M    M   6 12     20 290
 3   2 -13  -5 -29  70   0 0.00  0.0   31 10.0 18 310   M    M   0        23 280
 4   4 -20  -8 -33  73   0    T    T   29 11.1 18 250   M    M   4 18     26 240
 5  11  -6   3 -22  62   0 0.01  0.5   28 11.4 23 310   M    M   6 18     32 310
 6  20 -11   5 -21  60   0 0.00  0.0   27  8.4 17 320   M    M   4        22 270
 7  20  -7   7 -19  58   0 0.00  0.0   25  3.5 10 280   M    M   0 18     13 280
 8  33   3  18  -8  47   0 0.00  0.0   24  3.0  8 120   M    M   4 18     10 120
 9  35  17  26  -1  39   0    M    M   21 14.0 26  90   M    M   4 128    41  90
10  34  19  27   0  38   0 0.20  3.0   23 16.3 25 280   M    M   7 168    36 260
11  28   9  19  -9  46   0 0.00  0.0   21  9.8 18 300   M    M   0 8      26 280
12  41   8  25  -3  40   0 0.50  0.0   21 10.3 25 180   M    M   5 1      33 180
13  43  34  39  10  26   0 0.01  0.0   18  9.2 17 110   M    M  10 12     22 130
14  49  35  42  13  23   0 0.26  0.0   13  8.9 20 320   M    M  10 123    25 310
15  35  27  31   1  34   0    T    T   10 18.4 30 320   M    M  10 18     38 320
16  32  19  26  -4  39   0    T    T   10  6.6 20 320   M    M   1 1      25 320
17  33  15  24  -7  41   0 0.00  0.0    8  6.5 13 300   M    M   3 1      17 290
18  38  18  28  -3  37   0 0.00  0.0    7  5.3 10 240   M    M   0 1      15 300
19  44  21  33   1  32   0 0.00  0.0    7  7.3 15 240   M    M   2 1      22 240
20  39  34  37   5  28   0    T    T    6  9.5 16 220   M    M   7 1      23 240
21  45  27  36   3  29   0 0.00  0.0    5  9.9 16 280   M    M   2        24 280
22  42  27  35   2  30   0 0.00  0.0    4  7.8 16 360   M    M   0        23  20
23  51  22  37   3  28   0 0.00  0.0    M  3.7 10 280   M    M   0        14 280
24  51  32  42   8  23   0 0.00  0.0    M  7.8 18  60   M    M   4        26  70
25  41  21  31  -4  34   0 0.00  0.0    M  5.9 15  60   M    M   2        20  50
================================================================================
SM  816  330      1045   0  1.18     7.5 216.0          M       98
================================================================================
AV 32.6 13.2                               8.6 FASTST   M    M   4    MAX(MPH)
                                 MISC ---->  # 30 320               # 41   90
================================================================================
NOTES:
# LAST OF SEVERAL OCCURRENCES

COLUMN 17 PEAK WIND IN M.P.H.

PRELIMINARY LOCAL CLIMATOLOGICAL DATA (WS FORM: F-6) , PAGE 2

                                          STATION:  MARSHFIELD WI
                                          MONTH:    MARCH
                                          YEAR:     2019
                                          LATITUDE:   44 37 N
                                          LONGITUDE:  90 11 W

[TEMPERATURE DATA]      [PRECIPITATION DATA]       SYMBOLS USED IN COLUMN 16

AVERAGE MONTHLY: 22.9   TOTAL FOR MONTH:   1.18    1 = FOG OR MIST
DPTR FM NORMAL:  -6.0   DPTR FM NORMAL:    0.40    2 = FOG REDUCING VISIBILITY
HIGHEST:    51 ON 24,23 GRTST 24HR  0.50 ON 12-12      TO 1/4 MILE OR LESS
LOWEST:    -20 ON  4                               3 = THUNDER
                        SNOW, ICE PELLETS, HAIL    4 = ICE PELLETS
                        TOTAL MONTH:   7.5 INCHES  5 = HAIL
                        GRTST 24HR   4.0 ON  1- 1  6 = FREEZING RAIN OR DRIZZLE
                        GRTST DEPTH:  33 ON  2, 1  7 = DUSTSTORM OR SANDSTORM:
                                                       VSBY 1/2 MILE OR LESS
                                                   8 = SMOKE OR HAZE
[NO. OF DAYS WITH]      [WEATHER - DAYS WITH]      9 = BLOWING SNOW
                                                   X = TORNADO
MAX 32 OR BELOW:   9    0.01 INCH OR MORE:   6
MAX 90 OR ABOVE:   0    0.10 INCH OR MORE:   4
MIN 32 OR BELOW:  22    0.50 INCH OR MORE:   1
MIN  0 OR BELOW:   6    1.00 INCH OR MORE:   0

[HDD (BASE 65) ]
TOTAL THIS MO.  1045    CLEAR  (SCALE 0-3)  11
DPTR FM NORMAL   143    PTCLDY (SCALE 4-7)  11
TOTAL FM JUL 1  7374    CLOUDY (SCALE 8-10)  3
DPTR FM NORMAL   353

[CDD (BASE 65) ]
TOTAL THIS MO.     0
DPTR FM NORMAL     0    [PRESSURE DATA]
TOTAL FM JAN 1     0    HIGHEST SLP M ON M
DPTR FM NORMAL     0    LOWEST  SLP 29.22 ON 14

[REMARKS]
