000
CXUS56 KMFR 261000
CF6MFR
PRELIMINARY LOCAL CLIMATOLOGICAL DATA (WS FORM: F-6)

                                          STATION:   MEDFORD OR
                                          MONTH:     MAY
                                          YEAR:      2019
                                          LATITUDE:   42 22 N
                                          LONGITUDE: 122 52 W

  TEMPERATURE IN F:       :PCPN:    SNOW:  WIND      :SUNSHINE: SKY     :PK WND
================================================================================
1   2   3   4   5  6A  6B    7    8   9   10  11  12  13   14  15   16   17  18
                                     12Z  AVG MX 2MIN
DY MAX MIN AVG DEP HDD CDD  WTR  SNW DPTH SPD SPD DIR MIN PSBL S-S WX    SPD DR
================================================================================

 1  72  37  55  -1  10   0 0.00  0.0    0  5.4 18 320   M    M   0        24 320
 2  74  38  56   0   9   0 0.00  0.0    0  2.9 10 360   M    M   0 8      14 320
 3  81  39  60   3   5   0 0.00  0.0    0  3.1 14 360   M    M   0        18 360
 4  83  44  64   7   1   0 0.00  0.0    0  3.5 14 320   M    M   0        17 330
 5  84  47  66   9   0   1 0.00  0.0    0  3.9 16 320   M    M   0        21 260
 6  84  46  65   8   0   0 0.00  0.0    0  3.6 16 320   M    M   0        20 290
 7  80  50  65   7   0   0 0.00  0.0    0  5.8 18 320   M    M   0        23 310
 8  83  47  65   7   0   0 0.00  0.0    0  3.9 14 330   M    M   0        18 340
 9  86  49  68  10   0   3 0.00  0.0    0  3.9 18  50   M    M   0        24  60
10  88  47  68  10   0   3 0.00  0.0    0  3.6 14 320   M    M   0        17 310
11  89  50  70  11   0   5 0.00  0.0    0  4.1 14 360   M    M   0        18 270
12  84  51  68   9   0   3 0.00  0.0    0  6.4 17 310   M    M   0        24 290
13  80  48  64   5   1   0 0.00  0.0    0  4.1 16 300   M    M   0        20 300
14  64  56  60   1   5   0    T  0.0    0  4.4 12 330   M    M   6        15 330
15  64  53  59  -1   6   0 0.02  0.0    0  6.0 21 150   M    M  10        28 160
16  66  49  58  -2   7   0 0.37  0.0    0  8.7 31 140   M    M   8 1      39 150
17  63  49  56  -4   9   0 0.03    M    0  4.2 18 330   M    M   9        24 320
18  64  45  55  -5  10   0    T  0.0    0 10.5 28 150   M    M   7 18     35 130
19  67  41  54  -6  11   0 0.33  0.0    0  4.6 20 310   M    M   6 123    27 230
20  68  44  56  -5   9   0 0.02  0.0    0  4.8 16 320   M    M   8 128    23 290
21  55  46  51 -10  14   0 0.49  0.0    0  3.5 10 320   M    M  10 18     15 230
22  68  49  59  -2   6   0    T    M    0  5.8 18 310   M    M   9        25 300
23  76  52  64   3   1   0 0.00  0.0    0  5.6 15 320   M    M   6        18  10
24  76  49  63   1   2   0 0.00  0.0    0  6.2 23 360   M    M   3        28 360
25  64  45  55  -7  10   0 0.46    M    0  5.4 16 280   M    M   7 1      20 290
================================================================================
SM 1863 1171       116  15  1.72     0.0 123.9          M       89
================================================================================
AV 74.5 46.8                               5.0 FASTST   M    M   4    MAX(MPH)
                                 MISC ---->  # 31 140               # 39  150
================================================================================
NOTES:
# LAST OF SEVERAL OCCURRENCES

COLUMN 17 PEAK WIND IN M.P.H.

PRELIMINARY LOCAL CLIMATOLOGICAL DATA (WS FORM: F-6) , PAGE 2

                                          STATION:  MEDFORD OR
                                          MONTH:    MAY
                                          YEAR:     2019
                                          LATITUDE:   42 22 N
                                          LONGITUDE: 122 52 W

[TEMPERATURE DATA]      [PRECIPITATION DATA]       SYMBOLS USED IN COLUMN 16

AVERAGE MONTHLY: 60.7   TOTAL FOR MONTH:   1.72    1 = FOG OR MIST
DPTR FM NORMAL:   1.6   DPTR FM NORMAL:    0.65    2 = FOG REDUCING VISIBILITY
HIGHEST:    89 ON 11    GRTST 24HR  0.49 ON 21-21      TO 1/4 MILE OR LESS
LOWEST:     37 ON  1                               3 = THUNDER
                        SNOW, ICE PELLETS, HAIL    4 = ICE PELLETS
                        TOTAL MONTH:   0.0 INCH    5 = HAIL
                        GRTST 24HR     0.0         6 = FREEZING RAIN OR DRIZZLE
                        GRTST DEPTH:   0           7 = DUSTSTORM OR SANDSTORM:
                                                       VSBY 1/2 MILE OR LESS
                                                   8 = SMOKE OR HAZE
[NO. OF DAYS WITH]      [WEATHER - DAYS WITH]      9 = BLOWING SNOW
                                                   X = TORNADO
MAX 32 OR BELOW:   0    0.01 INCH OR MORE:   7
MAX 90 OR ABOVE:   0    0.10 INCH OR MORE:   4
MIN 32 OR BELOW:   0    0.50 INCH OR MORE:   0
MIN  0 OR BELOW:   0    1.00 INCH OR MORE:   0

[HDD (BASE 65) ]
TOTAL THIS MO.   116    CLEAR  (SCALE 0-3)  14
DPTR FM NORMAL   -56    PTCLDY (SCALE 4-7)   6
TOTAL FM JUL 1  3993    CLOUDY (SCALE 8-10)  5
DPTR FM NORMAL  -178

[CDD (BASE 65) ]
TOTAL THIS MO.    15
DPTR FM NORMAL   -11    [PRESSURE DATA]
TOTAL FM JAN 1    22    HIGHEST SLP M ON M
DPTR FM NORMAL    -7    LOWEST  SLP 29.50 ON 16

[REMARKS]
