000
CXUS54 KBMX 261110
CF6MGM
PRELIMINARY LOCAL CLIMATOLOGICAL DATA (WS FORM: F-6)

                                          STATION:   MONTGOMERY
                                          MONTH:     MARCH
                                          YEAR:      2019
                                          LATITUDE:   32 17 N
                                          LONGITUDE:  86 24 W

  TEMPERATURE IN F:       :PCPN:    SNOW:  WIND      :SUNSHINE: SKY     :PK WND
================================================================================
1   2   3   4   5  6A  6B    7    8   9   10  11  12  13   14  15   16   17  18
                                     12Z  AVG MX 2MIN
DY MAX MIN AVG DEP HDD CDD  WTR  SNW DPTH SPD SPD DIR MIN PSBL S-S WX    SPD DR
================================================================================

 1  74  59  67  13   0   2 0.29  0.0    0  5.5 16 240   M    M   8 1      20 250
 2  66  58  62   8   3   0 0.00  0.0    0  3.1 10 320   M    M   8 8      12 330
 3  69  44  57   3   8   0 2.11  0.0    0 11.2 30 270   M    M   8 123    43 270
 4  46  36  41 -14  24   0 0.05  0.0    0 11.0 18 320   M    M   8        25 320
 5  52  32  42 -13  23   0    T    M    0 11.1 18 300   M    M   1        23 280
 6  54  28  41 -14  24   0 0.00  0.0    0  4.9 13 320   M    M   0        19 290
 7  64  29  47  -9  18   0 0.00  0.0    0  2.8  9 170   M    M   4        14 160
 8  77  53  65   9   0   0 0.00  0.0    0  7.0 16 190   M    M   8        22 200
 9  80  63  72  16   0   7 0.00  0.0    0  9.6 23 170   M    M   6        30 180
10  75  60  68  12   0   3 0.04  0.0    0  4.8 20 360   M    M   9 1      24  10
11  69  53  61   5   4   0 0.70  0.0    0  6.7 17  10   M    M   6 13     24 350
12  76  48  62   5   3   0 0.00  0.0    0  3.0  7  99   M    M   0         M  M
13  76  56  66   9   0   1 0.00  0.0    0 10.4 20 140   M    M   6        25 150
14  82  66  74  17   0   9 0.00  0.0    0 11.5 22 190   M    M   8        31 200
15  72  55  64   7   1   0 0.51  0.0    0  7.9 17 290   M    M   5 13     22 300
16  56  42  49  -9  16   0 0.00  0.0    0  7.3 15 330   M    M   2        21 360
17  67  41  54  -4  11   0 0.00  0.0    0  4.6 15  30   M    M   0        20  30
18  67  40  54  -4  11   0 0.00  0.0    0  8.2 16 340   M    M   0        22 330
19  66  41  54  -4  11   0 0.00  0.0    0  6.9 17  80   M    M   0 8      22  80
20  67  39  53  -5  12   0 0.00  0.0    0  4.1 10  90   M    M   0        15  90
21  68  45  57  -2   8   0 0.00  0.0    0 10.8 23 300   M    M   3        28 300
22  72  41  57  -2   8   0 0.00  0.0    0  7.0 16 280   M    M   0        24 290
23  75  37  56  -3   9   0 0.00  0.0    0  2.2 10  30   M    M   0        14  40
24  77  41  59   0   6   0 0.00  0.0    0  4.2 16 210   M    M   0        22 210
25  80  50  65   5   0   0 0.08  0.0    0  7.5 29 330   M    M   2 13     38 330
================================================================================
SM 1727 1157       200  22  3.78     0.0 173.3          M       92
================================================================================
AV 69.1 46.3                               6.9 FASTST   M    M   4    MAX(MPH)
                                 MISC ---->  # 30 270               # 43  270
================================================================================
NOTES:
# LAST OF SEVERAL OCCURRENCES

COLUMN 17 PEAK WIND IN M.P.H.

PRELIMINARY LOCAL CLIMATOLOGICAL DATA (WS FORM: F-6) , PAGE 2

                                          STATION:  MONTGOMERY
                                          MONTH:    MARCH
                                          YEAR:     2019
                                          LATITUDE:   32 17 N
                                          LONGITUDE:  86 24 W

[TEMPERATURE DATA]      [PRECIPITATION DATA]       SYMBOLS USED IN COLUMN 16

AVERAGE MONTHLY: 57.7   TOTAL FOR MONTH:   3.78    1 = FOG OR MIST
DPTR FM NORMAL:   0.8   DPTR FM NORMAL:   -1.05    2 = FOG REDUCING VISIBILITY
HIGHEST:    82 ON 14    GRTST 24HR  2.11 ON  3- 3      TO 1/4 MILE OR LESS
LOWEST:     28 ON  6                               3 = THUNDER
                        SNOW, ICE PELLETS, HAIL    4 = ICE PELLETS
                        TOTAL MONTH:   0.0 INCH    5 = HAIL
                        GRTST 24HR     0.0         6 = FREEZING RAIN OR DRIZZLE
                        GRTST DEPTH:   0           7 = DUSTSTORM OR SANDSTORM:
                                                       VSBY 1/2 MILE OR LESS
                                                   8 = SMOKE OR HAZE
[NO. OF DAYS WITH]      [WEATHER - DAYS WITH]      9 = BLOWING SNOW
                                                   X = TORNADO
MAX 32 OR BELOW:   0    0.01 INCH OR MORE:   7
MAX 90 OR ABOVE:   0    0.10 INCH OR MORE:   4
MIN 32 OR BELOW:   3    0.50 INCH OR MORE:   3
MIN  0 OR BELOW:   0    1.00 INCH OR MORE:   1

[HDD (BASE 65) ]
TOTAL THIS MO.   200    CLEAR  (SCALE 0-3)  13
DPTR FM NORMAL   -20    PTCLDY (SCALE 4-7)   9
TOTAL FM JUL 1  1678    CLOUDY (SCALE 8-10)  3
DPTR FM NORMAL  -414

[CDD (BASE 65) ]
TOTAL THIS MO.    22
DPTR FM NORMAL     2    [PRESSURE DATA]
TOTAL FM JAN 1    78    HIGHEST SLP M ON M
DPTR FM NORMAL    52    LOWEST  SLP 29.79 ON  3

[REMARKS]
