000
CXUS51 KPBZ 210804
CF6MGW
PRELIMINARY LOCAL CLIMATOLOGICAL DATA (WS FORM: F-6)

                                          STATION:   MORGANTOWN WV
                                          MONTH:     MARCH
                                          YEAR:      2019
                                          LATITUDE:   39 39 N
                                          LONGITUDE:  79 55 W

  TEMPERATURE IN F:       :PCPN:    SNOW:  WIND      :SUNSHINE: SKY     :PK WND
================================================================================
1   2   3   4   5  6A  6B    7    8   9   10  11  12  13   14  15   16   17  18
                                     12Z  AVG MX 2MIN
DY MAX MIN AVG DEP HDD CDD  WTR  SNW DPTH SPD SPD DIR MIN PSBL S-S WX    SPD DR
================================================================================

 1  38  30  34  -3  31   0 0.13    M    0  3.9 10  50   M    M  10 1      14  20
 2  41  32  37  -1  28   0 0.02    M    0  4.3 10 190   M    M  10 12     16 250
 3  35  28  32  -6  33   0 0.36    M    0  6.3 14 360   M    M  10 128    18 360
 4  28  18  23 -15  42   0 0.01    M    0  5.8 15 230   M    M   7 18     21 240
 5  23  12  18 -20  47   0    T    M    0  6.9 17 200   M    M   8 18     24 290
 6  23  12  18 -21  47   0    T    M    0  6.3 13 230   M    M   7 18     20 230
 7  35  19  27 -12  38   0 0.00    M    M  4.0 10 280   M    M   6        16 220
 8  34  26  30  -9  35   0 0.01    M    0  1.0  9 130   M    M   9 18     11 110
 9  50  31  41   1  24   0 0.39    M    0  7.8 24 150   M    M   7 1      35 140
10  67  43  55  15  10   0 0.10    M    0 11.1 22 230   M    M   3 1      36 220
11  55  36  46   6  19   0 0.00    M    M  7.2 15 300   M    M   2        24 280
12  49  30  40  -1  25   0 0.00    M    M  3.3  9 300   M    M   0        15 310
13  63  28  46   5  19   0 0.00    M    M  3.5 12 230   M    M   3        19 240
14  80  46  63  22   2   0 0.00  0.0    0  8.1 22 210   M    M   0        37 210
15  71  40  56  14   9   0 0.05    M    0 11.4 24 210   M    M   4 1      41 210
16  42  33  38  -4  27   0 0.03    M    0  7.2 17 290   M    M   9 1      28 290
17  46  26  36  -6  29   0    T    M    0  3.0 10 300   M    M   5 8      16 280
18  44  33  39  -4  26   0 0.00  0.0    0  2.7 10 320   M    M  10        15 330
19  49  24  37  -6  28   0 0.00  0.0    0  1.4  8 180   M    M   1        12 280
20  56  26  41  -2  24   0 0.00  0.0    0  2.8 10 160   M    M   1         M  M
================================================================================
SM  929  573       543   0  1.10     0.0 108.0          M      112
================================================================================
AV 46.5 28.7                               5.4 FASTST   M    M   6    MAX(MPH)
                                 MISC ---->  # 24 150               # 41  210
================================================================================
NOTES:
# LAST OF SEVERAL OCCURRENCES

COLUMN 17 PEAK WIND IN M.P.H.

PRELIMINARY LOCAL CLIMATOLOGICAL DATA (WS FORM: F-6) , PAGE 2

                                          STATION:  MORGANTOWN WV
                                          MONTH:    MARCH
                                          YEAR:     2019
                                          LATITUDE:   39 39 N
                                          LONGITUDE:  79 55 W

[TEMPERATURE DATA]      [PRECIPITATION DATA]       SYMBOLS USED IN COLUMN 16

AVERAGE MONTHLY: 37.6   TOTAL FOR MONTH:   1.10    1 = FOG OR MIST
DPTR FM NORMAL:  -2.7   DPTR FM NORMAL:   -1.20    2 = FOG REDUCING VISIBILITY
HIGHEST:    80 ON 14    GRTST 24HR  0.39 ON  9- 9      TO 1/4 MILE OR LESS
LOWEST:     12 ON  6, 5                            3 = THUNDER
                        SNOW, ICE PELLETS, HAIL    4 = ICE PELLETS
                        TOTAL MONTH:   0.0 INCH    5 = HAIL
                        GRTST 24HR     0.0         6 = FREEZING RAIN OR DRIZZLE
                        GRTST DEPTH:   0           7 = DUSTSTORM OR SANDSTORM:
                                                       VSBY 1/2 MILE OR LESS
                                                   8 = SMOKE OR HAZE
[NO. OF DAYS WITH]      [WEATHER - DAYS WITH]      9 = BLOWING SNOW
                                                   X = TORNADO
MAX 32 OR BELOW:   3    0.01 INCH OR MORE:   9
MAX 90 OR ABOVE:   0    0.10 INCH OR MORE:   4
MIN 32 OR BELOW:  14    0.50 INCH OR MORE:   0
MIN  0 OR BELOW:   0    1.00 INCH OR MORE:   0

[HDD (BASE 65) ]
TOTAL THIS MO.   543    CLEAR  (SCALE 0-3)   6
DPTR FM NORMAL    47    PTCLDY (SCALE 4-7)   8
TOTAL FM JUL 1  4229    CLOUDY (SCALE 8-10)  6
DPTR FM NORMAL  -156

[CDD (BASE 65) ]
TOTAL THIS MO.     0
DPTR FM NORMAL     0    [PRESSURE DATA]
TOTAL FM JAN 1     0    HIGHEST SLP M ON M
DPTR FM NORMAL     0    LOWEST  SLP 29.64 ON M

[REMARKS]
