000
CXUS51 KPBZ 190804
CF6MGW
PRELIMINARY LOCAL CLIMATOLOGICAL DATA (WS FORM: F-6)

                                          STATION:   MORGANTOWN WV
                                          MONTH:     MAY
                                          YEAR:      2019
                                          LATITUDE:   39 39 N
                                          LONGITUDE:  79 55 W

  TEMPERATURE IN F:       :PCPN:    SNOW:  WIND      :SUNSHINE: SKY     :PK WND
================================================================================
1   2   3   4   5  6A  6B    7    8   9   10  11  12  13   14  15   16   17  18
                                     12Z  AVG MX 2MIN
DY MAX MIN AVG DEP HDD CDD  WTR  SNW DPTH SPD SPD DIR MIN PSBL S-S WX    SPD DR
================================================================================

 1  89  62  76  19   0  11 0.00    M    0  6.9 18 230   M    M   0        27 230
 2  83  61  72  14   0   7 0.20    M    M  4.1 18 220   M    M   4 18     24 210
 3  78  61  70  12   0   5 0.07    M    M  1.2  8 170   M    M   7 123    11 190
 4  69  58  64   6   1   0 0.22  0.0    0  3.3 10 350   M    M  10 12     14 340
 5  60  57  59   1   6   0 0.48  0.0    0  4.6  9 340   M    M   9 1      16 350
 6  74  52  63   4   2   0    T  0.0    0  2.0 12 350   M    M   5 12     18 310
 7  79  48  64   5   1   0 0.00  0.0    0  2.5  9 360   M    M   1        15 230
 8  81  54  68   9   0   3 0.00    M    0  6.6 18 110   M    M   2        27 120
 9  84  64  74  15   0   9 0.25  0.0    0  5.8 16 160   M    M   4 1      23 220
10  73  59  66   6   0   1 0.13  0.0    0  5.7 17 230   M    M   9 1      26 230
11  59  51  55  -5  10   0 0.22  0.0    0  6.9 14 110   M    M  10 1      19 110
12  60  55  58  -2   7   0 1.02  0.0    0  3.5  8 210   M    M   9 1      12 200
13  59  47  53  -7  12   0 0.20    M    0  5.8 13 220   M    M  10 1      20 240
14  55  41  48 -13  17   0 0.16    M    0  4.3 12 310   M    M   9 1      20 290
15  70  41  56  -5   9   0 0.00    M    0  3.7 12 210   M    M   5        18 260
16  76  52  64   3   1   0 0.00    M    0  5.8 12 310   M    M   3        16 240
17  71  58  65   4   0   0 0.10    M    M  4.5 12 220   M    M   7 1      18 200
18  85  64  75  13   0  10    T    M    M  3.9 13 230   M    M   5 13     20 210
================================================================================
SM 1305  985        66  46  3.05     0.0  81.1          M      109
================================================================================
AV 72.5 54.7                               4.5 FASTST   M    M   6    MAX(MPH)
                                 MISC ---->  # 18 230               # 27  230
================================================================================
NOTES:
# LAST OF SEVERAL OCCURRENCES

COLUMN 17 PEAK WIND IN M.P.H.

PRELIMINARY LOCAL CLIMATOLOGICAL DATA (WS FORM: F-6) , PAGE 2

                                          STATION:  MORGANTOWN WV
                                          MONTH:    MAY
                                          YEAR:     2019
                                          LATITUDE:   39 39 N
                                          LONGITUDE:  79 55 W

[TEMPERATURE DATA]      [PRECIPITATION DATA]       SYMBOLS USED IN COLUMN 16

AVERAGE MONTHLY: 63.6   TOTAL FOR MONTH:   3.05    1 = FOG OR MIST
DPTR FM NORMAL:   4.1   DPTR FM NORMAL:    0.45    2 = FOG REDUCING VISIBILITY
HIGHEST:    89 ON  1    GRTST 24HR  1.02 ON 12-12      TO 1/4 MILE OR LESS
LOWEST:     41 ON 15,14                            3 = THUNDER
                        SNOW, ICE PELLETS, HAIL    4 = ICE PELLETS
                        TOTAL MONTH:   0.0 INCH    5 = HAIL
                        GRTST 24HR     0.0         6 = FREEZING RAIN OR DRIZZLE
                        GRTST DEPTH:   0           7 = DUSTSTORM OR SANDSTORM:
                                                       VSBY 1/2 MILE OR LESS
                                                   8 = SMOKE OR HAZE
[NO. OF DAYS WITH]      [WEATHER - DAYS WITH]      9 = BLOWING SNOW
                                                   X = TORNADO
MAX 32 OR BELOW:   0    0.01 INCH OR MORE:  11
MAX 90 OR ABOVE:   0    0.10 INCH OR MORE:  10
MIN 32 OR BELOW:   0    0.50 INCH OR MORE:   1
MIN  0 OR BELOW:   0    1.00 INCH OR MORE:   1

[HDD (BASE 65) ]
TOTAL THIS MO.    66    CLEAR  (SCALE 0-3)   3
DPTR FM NORMAL   -53    PTCLDY (SCALE 4-7)   8
TOTAL FM JUL 1  4740    CLOUDY (SCALE 8-10)  7
DPTR FM NORMAL  -362

[CDD (BASE 65) ]
TOTAL THIS MO.    46
DPTR FM NORMAL    24    [PRESSURE DATA]
TOTAL FM JAN 1    65    HIGHEST SLP M ON M
DPTR FM NORMAL    27    LOWEST  SLP 29.68 ON 13

[REMARKS]
