000
CXUS51 KILN 241207
CF6MGY
PRELIMINARY LOCAL CLIMATOLOGICAL DATA (WS FORM: F-6)

                                          STATION:   DAYTON_WRIGHT BROS
                                          MONTH:     MAY
                                          YEAR:      2019
                                          LATITUDE:   39 35 N
                                          LONGITUDE:  84 14 W

  TEMPERATURE IN F:       :PCPN:    SNOW:  WIND      :SUNSHINE: SKY     :PK WND
================================================================================
1   2   3   4   5  6A  6B    7    8   9   10  11  12  13   14  15   16   17  18
                                     12Z  AVG MX 2MIN
DY MAX MIN AVG DEP HDD CDD  WTR  SNW DPTH SPD SPD DIR MIN PSBL S-S WX    SPD DR
================================================================================

 1  82  62  72  14   0   7 0.52    M    M 10.5 29 220   M    M   5 13     41 200
 2  78  61  70  12   0   5 0.03    M    M  4.6 14 190   M    M   7 123    18 190
 3  73  60  67   9   0   2 1.09    M    M  5.4 14  10   M    M   9 138    18  10
 4  60  55  58  -1   7   0 0.10    M    M  7.5 13  40   M    M  10 18     16  40
 5  70  52  61   2   4   0 0.00    M    M  7.9 16  20   M    M   4        22  50
 6  77  51  64   5   1   0 0.00    M    M  4.5 13 210   M    M   0        16 190
 7  80  56  68   8   0   3 0.00    M    M  5.6 15  40   M    M   3        20  40
 8  82  52  67   7   0   2    T    M    M  8.8 14 170   M    M   0        19 120
 9  79  66  73  13   0   8 0.03    M    M 12.5 25 190   M    M   6        34 180
10  67  50  59  -1   6   0 0.02    M    M  8.1 15 330   M    M   8 1      19 330
11  67  43  55  -6  10   0 0.05    M    M  8.6 18  40   M    M   5 1      25  40
12  53  46  50 -11  15   0 0.13    M    M  6.3 20  50   M    M  10 1      26  40
13  55  50  53  -8  12   0 0.03    M    M  7.2 15 280   M    M  10 1      20 270
14  68  42  55  -7  10   0 0.00    M    M  2.8 12 280   M    M   2 1      17 360
15  73  49  61  -1   4   0 0.00    M    M  5.3 14 240   M    M   3        19 240
16  78  51  65   3   0   0 0.02    M    M  7.8 25 230   M    M   1        37 230
17  84  63  74  11   0   9 0.01    M    M  8.5 20  50   M    M   3 3      26 300
18  88  64  76  13   0  11 0.00    M    M  8.1 18 240   M    M   1        25 230
19  80  62  71   8   0   6 0.30    M    M 13.0 29 210   M    M   4 1      40 220
20  68  50  59  -4   6   0 0.00    M    M 10.0 16 300   M    M   4        22 250
21  65  48  57  -7   8   0 0.00    M    M  9.6 17  70   M    M   3        24  80
22  79  56  68   4   0   3 0.02    M    M  7.1 15 160   M    M   4 1      24 130
23  87  67  77  13   0  12 0.26    M    M  9.3 20 230   M    M   4 13     29 230
================================================================================
SM 1693 1256        83  68  2.61    M    179.0          M      106
================================================================================
AV 73.6 54.6                               7.8 FASTST   M    M   5    MAX(MPH)
                                 MISC ---->  # 29 220               # 41  200
================================================================================
NOTES:
# LAST OF SEVERAL OCCURRENCES

COLUMN 17 PEAK WIND IN M.P.H.

PRELIMINARY LOCAL CLIMATOLOGICAL DATA (WS FORM: F-6) , PAGE 2

                                          STATION:  DAYTON_WRIGHT BROS
                                          MONTH:    MAY
                                          YEAR:     2019
                                          LATITUDE:   39 35 N
                                          LONGITUDE:  84 14 W

[TEMPERATURE DATA]      [PRECIPITATION DATA]       SYMBOLS USED IN COLUMN 16

AVERAGE MONTHLY: 64.1   TOTAL FOR MONTH:   2.61    1 = FOG OR MIST
DPTR FM NORMAL:   3.1   DPTR FM NORMAL:   -0.66    2 = FOG REDUCING VISIBILITY
HIGHEST:    88 ON 18    GRTST 24HR  1.09 ON  3- 3      TO 1/4 MILE OR LESS
LOWEST:     42 ON 14                               3 = THUNDER
                        SNOW, ICE PELLETS, HAIL    4 = ICE PELLETS
                        TOTAL MONTH:    M          5 = HAIL
                        GRTST 24HR    M  ON   M    6 = FREEZING RAIN OR DRIZZLE
                        GRTST DEPTH:  M  ON   M    7 = DUSTSTORM OR SANDSTORM:
                                                       VSBY 1/2 MILE OR LESS
                                                   8 = SMOKE OR HAZE
[NO. OF DAYS WITH]      [WEATHER - DAYS WITH]      9 = BLOWING SNOW
                                                   X = TORNADO
MAX 32 OR BELOW:   0    0.01 INCH OR MORE:  14
MAX 90 OR ABOVE:   0    0.10 INCH OR MORE:   6
MIN 32 OR BELOW:   0    0.50 INCH OR MORE:   2
MIN  0 OR BELOW:   0    1.00 INCH OR MORE:   1

[HDD (BASE 65) ]
TOTAL THIS MO.    83    CLEAR  (SCALE 0-3)   7
DPTR FM NORMAL    -8    PTCLDY (SCALE 4-7)  12
TOTAL FM JUL 1  4957    CLOUDY (SCALE 8-10)  4
DPTR FM NORMAL  -283

[CDD (BASE 65) ]
TOTAL THIS MO.    68
DPTR FM NORMAL    68    [PRESSURE DATA]
TOTAL FM JAN 1    72    HIGHEST SLP M ON M
DPTR FM NORMAL    72    LOWEST  SLP 29.71 ON M

[REMARKS]
