000
CXUS51 KILN 241424
CF6MGY
PRELIMINARY LOCAL CLIMATOLOGICAL DATA (WS FORM: F-6)

                                          STATION:   DAYTON_WRIGHT BROS
                                          MONTH:     MARCH
                                          YEAR:      2019
                                          LATITUDE:   39 35 N
                                          LONGITUDE:  84 14 W

  TEMPERATURE IN F:       :PCPN:    SNOW:  WIND      :SUNSHINE: SKY     :PK WND
================================================================================
1   2   3   4   5  6A  6B    7    8   9   10  11  12  13   14  15   16   17  18
                                     12Z  AVG MX 2MIN
DY MAX MIN AVG DEP HDD CDD  WTR  SNW DPTH SPD SPD DIR MIN PSBL S-S WX    SPD DR
================================================================================

 1  42  29  36   0  29   0 0.00    M    M  7.7 15  60   M    M  10        20  80
 2  42  33  38   2  27   0 0.00    M    M  6.1 14 350   M    M  10 8      17 350
 3  35  25  30  -7  35   0 0.06    M    M 10.0 18 340   M    M  10 128    24 330
 4  25   9  17 -20  48   0    T    M    M 10.3 18 330   M    M   4        23 330
 5  21   8  15 -22  50   0    T    M    M 10.7 21 240   M    M   5 8      27 270
 6  27  12  20 -17  45   0    T    M    M 10.1 18 240   M    M   3        24 260
 7  34  23  29  -9  36   0 0.00    M    M  5.0 12 240   M    M   3        14 240
 8  39  26  33  -5  32   0 0.01    M    M  6.1 12  80   M    M   9 8      18 100
 9  58  33  46   8  19   0 0.92    M    M 12.8 28 140   M    M  10 13     39 140
10  59  39  49  10  16   0 0.00    M    M 14.5 30 240   M    M   6        42 240
11  51  31  41   2  24   0 0.00    M    M  7.1 16 330   M    M   2        26 210
12  49  26  38  -2  27   0 0.00    M    M  3.3  9 180   M    M   0 18     14 150
13  70  40  55  15  10   0    T    M    M  9.9 18 190   M    M   4        24 190
14  73  53  63  23   2   0 0.53    M    M 15.6 35 190   M    M   5 13     44 190
15  53  36  45   4  20   0 0.01    M    M 14.5 24 240   M    M   8        33 240
16  45  32  39  -2  26   0 0.00    M    M  8.3 16 280   M    M   2        26 310
17  44  24  34  -7  31   0 0.01    M    M  5.9 14 220   M    M   5 1      18 220
18  46  29  38  -4  27   0 0.00    M    M  5.4 15 330   M    M   4 18     20 330
19  51  28  40  -2  25   0 0.00    M    M  2.5 10 230   M    M   1        14 130
20  57  31  44   1  21   0    T    M    M  7.4 15 190   M    M   4        21 250
21  53  42  48   5  17   0 0.16    M    M  9.2 21 310   M    M   9 1      29 300
22  49  34  42  -1  23   0    T    M    M 12.3 24 330   M    M   4        35 340
23  55  25  40  -4  25   0 0.00    M    M  3.0 13 340   M    M   0        15 260
================================================================================
SM 1078  668       615   0  1.70    M    197.7          M      118
================================================================================
AV 46.9 29.0                               8.6 FASTST   M    M   5    MAX(MPH)
                                 MISC ---->  # 35 190               # 44  190
================================================================================
NOTES:
# LAST OF SEVERAL OCCURRENCES

COLUMN 17 PEAK WIND IN M.P.H.

PRELIMINARY LOCAL CLIMATOLOGICAL DATA (WS FORM: F-6) , PAGE 2

                                          STATION:  DAYTON_WRIGHT BROS
                                          MONTH:    MARCH
                                          YEAR:     2019
                                          LATITUDE:   39 35 N
                                          LONGITUDE:  84 14 W

[TEMPERATURE DATA]      [PRECIPITATION DATA]       SYMBOLS USED IN COLUMN 16

AVERAGE MONTHLY: 38.0   TOTAL FOR MONTH:   1.70    1 = FOG OR MIST
DPTR FM NORMAL:  -1.7   DPTR FM NORMAL:   -0.72    2 = FOG REDUCING VISIBILITY
HIGHEST:    73 ON 14    GRTST 24HR  0.92 ON  9- 9      TO 1/4 MILE OR LESS
LOWEST:      8 ON  5                               3 = THUNDER
                        SNOW, ICE PELLETS, HAIL    4 = ICE PELLETS
                        TOTAL MONTH:    M          5 = HAIL
                        GRTST 24HR    M  ON   M    6 = FREEZING RAIN OR DRIZZLE
                        GRTST DEPTH:  M  ON   M    7 = DUSTSTORM OR SANDSTORM:
                                                       VSBY 1/2 MILE OR LESS
                                                   8 = SMOKE OR HAZE
[NO. OF DAYS WITH]      [WEATHER - DAYS WITH]      9 = BLOWING SNOW
                                                   X = TORNADO
MAX 32 OR BELOW:   3    0.01 INCH OR MORE:   7
MAX 90 OR ABOVE:   0    0.10 INCH OR MORE:   3
MIN 32 OR BELOW:  15    0.50 INCH OR MORE:   2
MIN  0 OR BELOW:   0    1.00 INCH OR MORE:   0

[HDD (BASE 65) ]
TOTAL THIS MO.   615    CLEAR  (SCALE 0-3)   6
DPTR FM NORMAL    32    PTCLDY (SCALE 4-7)  11
TOTAL FM JUL 1  4442    CLOUDY (SCALE 8-10)  6
DPTR FM NORMAL  -182

[CDD (BASE 65) ]
TOTAL THIS MO.     0
DPTR FM NORMAL     0    [PRESSURE DATA]
TOTAL FM JAN 1     0    HIGHEST SLP M ON M
DPTR FM NORMAL     0    LOWEST  SLP 29.57 ON 14

[REMARKS]
