000
CXUS55 KFSD 260905
CF6MHE
PRELIMINARY LOCAL CLIMATOLOGICAL DATA (WS FORM: F-6)

                                          STATION:   MITCHELL SD
                                          MONTH:     MAY
                                          YEAR:      2019
                                          LATITUDE:   43 46 N
                                          LONGITUDE:  98  2 W

  TEMPERATURE IN F:       :PCPN:    SNOW:  WIND      :SUNSHINE: SKY     :PK WND
================================================================================
1   2   3   4   5  6A  6B    7    8   9   10  11  12  13   14  15   16   17  18
                                     12Z  AVG MX 2MIN
DY MAX MIN AVG DEP HDD CDD  WTR  SNW DPTH SPD SPD DIR MIN PSBL S-S WX    SPD DR
================================================================================

 1  47  40  44 -11  21   0 0.09  0.0    0  6.6 12 350   M    M  10 1       M  M
 2  60  33  47  -8  18   0    T  0.0    0  7.3 17 150   M    M   2        22 140
 3  67  45  56   1   9   0    T  0.0    0  9.4 26 220   M    M   3        38 210
 4  73  40  57   1   8   0 0.00  0.0    0  6.5 16 140   M    M   1 12     21 220
 5  63  45  54  -2  11   0    T  0.0    0 14.1 23  10   M    M   5        31  20
 6  56  41  49  -7  16   0 0.04  0.0    0 11.1 24  30   M    M  10        31  30
 7  56  42  49  -8  16   0 0.11  0.0    0  7.3 17  90   M    M  10 1      23  90
 8  49  40  45 -12  20   0 1.12  0.0    0 17.9 28  30   M    M  10 1      38  40
 9  56  40  48  -9  17   0 0.00  0.0    0 12.9 24 350   M    M   6        35 350
10  61  34  48 -10  17   0 0.00  0.0    0  6.9 16 190   M    M   0        22 180
11  57  45  51  -7  14   0 0.28  0.0    0  9.6 17 300   M    M   3 13     25 200
12  62  46  54  -4  11   0 0.00  0.0    0  5.6 15 140   M    M   7 1      19 130
13  73  46  60   1   5   0 0.12  0.0    0 11.0 24  10   M    M   1 13     31 360
14  82  49  66   7   0   1 0.00  0.0    0  5.9 17 330   M    M   0 128    23 320
15  83  55  69  10   0   4 0.00  0.0    0 12.4 23 170   M    M   0        31 160
16  79  55  67   7   0   2 0.00  0.0    0 12.7 25  10   M    M   0 8      35  10
17  67  53  60   0   5   0 0.61  0.0    0 16.6 36 110   M    M   9 13     48 110
18  61  48  55  -5  10   0 0.32  0.0    0 10.1 30 100   M    M   9 13     41 110
19  49  42  46 -14  19   0 0.09  0.0    0 10.9 21  10   M    M  10 1      25 360
20  56  40  48 -13  17   0 0.01  0.0    0  7.0 17 130   M    M   6        22 140
21  51  46  49 -12  16   0 0.70  0.0    0 20.8 36  90   M    M  10 1      49  80
22  57  48  53  -8  12   0 0.02  0.0    0  9.1 17 270   M    M  10 18     25  90
23  59  48  54  -8  11   0 0.02  0.0    0  6.6 14 340   M    M   8        18 320
24  78  52  65   3   0   0 0.43  0.0    0 10.4 21 330   M    M   5 1      31 220
25  70  51  61  -1   4   0 0.00  0.0    0  9.3 20 320   M    M   1        29 320
================================================================================
SM 1572 1124       277   7  3.96     0.0 258.0          M      136
================================================================================
AV 62.9 45.0                              10.3 FASTST   M    M   5    MAX(MPH)
                                 MISC ---->  # 36 110               # 49   80
================================================================================
NOTES:
# LAST OF SEVERAL OCCURRENCES

COLUMN 17 PEAK WIND IN M.P.H.

PRELIMINARY LOCAL CLIMATOLOGICAL DATA (WS FORM: F-6) , PAGE 2

                                          STATION:  MITCHELL SD
                                          MONTH:    MAY
                                          YEAR:     2019
                                          LATITUDE:   43 46 N
                                          LONGITUDE:  98  2 W

[TEMPERATURE DATA]      [PRECIPITATION DATA]       SYMBOLS USED IN COLUMN 16

AVERAGE MONTHLY: 53.9   TOTAL FOR MONTH:   3.96    1 = FOG OR MIST
DPTR FM NORMAL:  -4.6   DPTR FM NORMAL:    1.92    2 = FOG REDUCING VISIBILITY
HIGHEST:    83 ON 15    GRTST 24HR  1.12 ON  8- 8      TO 1/4 MILE OR LESS
LOWEST:     33 ON  2                               3 = THUNDER
                        SNOW, ICE PELLETS, HAIL    4 = ICE PELLETS
                        TOTAL MONTH:   0.0 INCH    5 = HAIL
                        GRTST 24HR     0.0         6 = FREEZING RAIN OR DRIZZLE
                        GRTST DEPTH:   0           7 = DUSTSTORM OR SANDSTORM:
                                                       VSBY 1/2 MILE OR LESS
                                                   8 = SMOKE OR HAZE
[NO. OF DAYS WITH]      [WEATHER - DAYS WITH]      9 = BLOWING SNOW
                                                   X = TORNADO
MAX 32 OR BELOW:   0    0.01 INCH OR MORE:  14
MAX 90 OR ABOVE:   0    0.10 INCH OR MORE:   8
MIN 32 OR BELOW:   0    0.50 INCH OR MORE:   3
MIN  0 OR BELOW:   0    1.00 INCH OR MORE:   1

[HDD (BASE 65) ]
TOTAL THIS MO.   277    CLEAR  (SCALE 0-3)   9
DPTR FM NORMAL    90    PTCLDY (SCALE 4-7)   7
TOTAL FM JUL 1  7965    CLOUDY (SCALE 8-10)  9
DPTR FM NORMAL   778

[CDD (BASE 65) ]
TOTAL THIS MO.     7
DPTR FM NORMAL   -17    [PRESSURE DATA]
TOTAL FM JAN 1     7    HIGHEST SLP M ON M
DPTR FM NORMAL   -19    LOWEST  SLP 29.34 ON M

[REMARKS]
