000
CXUS55 KFSD 200905
CF6MHE
PRELIMINARY LOCAL CLIMATOLOGICAL DATA (WS FORM: F-6)

                                          STATION:   MITCHELL SD
                                          MONTH:     MARCH
                                          YEAR:      2019
                                          LATITUDE:   43 46 N
                                          LONGITUDE:  98  2 W

  TEMPERATURE IN F:       :PCPN:    SNOW:  WIND      :SUNSHINE: SKY     :PK WND
================================================================================
1   2   3   4   5  6A  6B    7    8   9   10  11  12  13   14  15   16   17  18
                                     12Z  AVG MX 2MIN
DY MAX MIN AVG DEP HDD CDD  WTR  SNW DPTH SPD SPD DIR MIN PSBL S-S WX    SPD DR
================================================================================

 1  20  -1  10 -18  55   0 0.27  4.4   13  9.4 17 320   M    M   6 12     22 330
 2  10 -13  -1 -30  66   0 0.01  0.2   17 11.6 20 350   M    M   7 1      24 350
 3   0 -18  -9 -38  74   0 0.00  0.0   17 16.1 26 310   M    M   0        31 310
 4  13  -4   5 -25  60   0 0.00  0.0   16 19.9 28 300   M    M   4        37 310
 5  18   5  12 -18  53   0 0.00  0.0   15 15.8 25 300   M    M   1        34 300
 6  18  -3   8 -22  57   0 0.00  0.0   14  6.2 13  10   M    M   0        15 230
 7  20   7  14 -17  51   0    T    T   13 10.7 17 140   M    M   8        21 150
 8  30  20  25  -6  40   0 0.02  0.4   13 11.6 18 130   M    M  10 1      23 120
 9  34  20  27  -4  38   0 0.23  2.6   12 18.0 37 330   M    M   9 169    46 310
10  29  13  21 -11  44   0 0.00  0.0   14  8.0 21 300   M    M   2        25 310
11  36  10  23  -9  42   0 0.00  0.0   13  7.0 17 180   M    M   5 12     23 170
12  43  32  38   6  27   0 0.00  0.0   12 11.6 21 170   M    M   4 12     26 170
13  36  33  35   2  30   0 2.16  0.0   11 13.2 24 340   M    M  10 12     32 340
14  36  29  33   0  32   0 0.09  0.7   10 33.7 48 340   M    M   7 126    66 340
15  35  25  30  -4  35   0 0.00  0.0    9 11.5 28 320   M    M   0 1      36 320
16  34  23  29  -5  36   0 0.00  0.0    9  8.2 20 320   M    M   7 1      23 310
17  38  22  30  -4  35   0 0.00  0.0    9  5.8 14 330   M    M   1 1      16 330
18  42  22  32  -3  33   0 0.00  0.0    8  7.8 14 200   M    M   1        19 200
19  41  27  34  -1  31   0 0.00  0.0    M  7.5 18 330   M    M   4 18     22 330
================================================================================
SM  533  249       839   0  2.78     8.3 233.6          M       86
================================================================================
AV 28.1 13.1                              12.3 FASTST   M    M   5    MAX(MPH)
                                 MISC ---->  # 48 340               # 66  340
================================================================================
NOTES:
# LAST OF SEVERAL OCCURRENCES

COLUMN 17 PEAK WIND IN M.P.H.

PRELIMINARY LOCAL CLIMATOLOGICAL DATA (WS FORM: F-6) , PAGE 2

                                          STATION:  MITCHELL SD
                                          MONTH:    MARCH
                                          YEAR:     2019
                                          LATITUDE:   43 46 N
                                          LONGITUDE:  98  2 W

[TEMPERATURE DATA]      [PRECIPITATION DATA]       SYMBOLS USED IN COLUMN 16

AVERAGE MONTHLY: 20.6   TOTAL FOR MONTH:   2.78    1 = FOG OR MIST
DPTR FM NORMAL: -11.2   DPTR FM NORMAL:    2.23    2 = FOG REDUCING VISIBILITY
HIGHEST:    43 ON 12    GRTST 24HR  2.16 ON 13-13      TO 1/4 MILE OR LESS
LOWEST:    -18 ON  3                               3 = THUNDER
                        SNOW, ICE PELLETS, HAIL    4 = ICE PELLETS
                        TOTAL MONTH:   8.3 INCHES  5 = HAIL
                        GRTST 24HR   4.4 ON  1- 1  6 = FREEZING RAIN OR DRIZZLE
                        GRTST DEPTH:  17 ON  3, 2  7 = DUSTSTORM OR SANDSTORM:
                                                       VSBY 1/2 MILE OR LESS
                                                   8 = SMOKE OR HAZE
[NO. OF DAYS WITH]      [WEATHER - DAYS WITH]      9 = BLOWING SNOW
                                                   X = TORNADO
MAX 32 OR BELOW:   9    0.01 INCH OR MORE:   6
MAX 90 OR ABOVE:   0    0.10 INCH OR MORE:   3
MIN 32 OR BELOW:  18    0.50 INCH OR MORE:   1
MIN  0 OR BELOW:   5    1.00 INCH OR MORE:   1

[HDD (BASE 65) ]
TOTAL THIS MO.   839    CLEAR  (SCALE 0-3)   7
DPTR FM NORMAL   207    PTCLDY (SCALE 4-7)   8
TOTAL FM JUL 1  6846    CLOUDY (SCALE 8-10)  4
DPTR FM NORMAL   692

[CDD (BASE 65) ]
TOTAL THIS MO.     0
DPTR FM NORMAL     0    [PRESSURE DATA]
TOTAL FM JAN 1     0    HIGHEST SLP M ON M
DPTR FM NORMAL     0    LOWEST  SLP 29.20 ON 13

[REMARKS]
